000
CDUS41 KBUF 180705
CLIART


CLIMATE REPORT
NATIONAL WEATHER SERVICE BUFFALO NY
305 AM EDT SAT APR 18 2015


...................................

...THE WATERTOWN NY CLIMATE SUMMARY FOR APRIL 17 2015...

CLIMATE NORMAL PERIOD 1981 TO 2010
CLIMATE RECORD PERIOD 1949 TO 2015


WEATHER ITEM   OBSERVED TIME   RECORD YEAR NORMAL DEPARTURE LAST
                VALUE   (LST)  VALUE       VALUE  FROM      YEAR
                                                  NORMAL
..................................................................
TEMPERATURE (F)
 YESTERDAY
  MAXIMUM         58    349 PM  80    1960  55      3       54
  MINIMUM         41   1059 PM  19    1980  34      7       22
  AVERAGE         50                        45      5       38

PRECIPITATION (IN)
  YESTERDAY        0.02          0.63 1960   0.10  -0.08     0.00
  MONTH TO DATE    1.18                      1.66  -0.48     3.26
  SINCE MAR 1      2.01                      3.96  -1.95     5.37
  SINCE JAN 1      5.10                      8.84  -3.74    12.47

DEGREE DAYS
 HEATING
  YESTERDAY       15                        20     -5       27
  MONTH TO DATE  365                       405    -40      384
  SINCE MAR 1   1546                      1471     75     1689
  SINCE JUL 1   7066                      6912    154     7360

 COOLING
  YESTERDAY        0                         0      0        0
  MONTH TO DATE    0                         0      0        0
  SINCE MAR 1      0                         0      0        0
  SINCE JAN 1      0                         0      0        0
..................................................................


WIND (MPH)
  HIGHEST WIND SPEED    18   HIGHEST WIND DIRECTION    SW (220)
  HIGHEST GUST SPEED    23   HIGHEST GUST DIRECTION    SW (230)
  AVERAGE WIND SPEED     7.5


SKY COVER
  AVERAGE SKY COVER 0.5


WEATHER CONDITIONS
 THE FOLLOWING WEATHER WAS RECORDED YESTERDAY.
  LIGHT RAIN
  FOG
  FOG W/VISIBILITY <= 1/4 MILE
  HAZE


RELATIVE HUMIDITY (PERCENT)
 HIGHEST   100           400 AM
 LOWEST     67           300 PM
 AVERAGE    84

..........................................................


THE WATERTOWN NY CLIMATE NORMALS FOR TODAY
                         NORMAL    RECORD    YEAR
 MAXIMUM TEMPERATURE (F)   56        84      1976
 MINIMUM TEMPERATURE (F)   34        24      2012
                                             1995


SUNRISE AND SUNSET
APRIL 18 2015.........SUNRISE   616 AM EDT   SUNSET   751 PM EDT
APRIL 19 2015.........SUNRISE   615 AM EDT   SUNSET   753 PM EDT


-  INDICATES NEGATIVE NUMBERS.
R  INDICATES RECORD WAS SET OR TIED.
MM INDICATES DATA IS MISSING.
T  INDICATES TRACE AMOUNT.




$$
