000
CDUS41 KBUF 302038
CLIART


CLIMATE REPORT
NATIONAL WEATHER SERVICE BUFFALO NY
437 PM EDT THU APR 30 2015


...................................

...THE WATERTOWN NY CLIMATE SUMMARY FOR APRIL 30 2015...
VALID TODAY AS OF 0400 PM LOCAL TIME.

CLIMATE NORMAL PERIOD 1981 TO 2010
CLIMATE RECORD PERIOD 1949 TO 2015


WEATHER ITEM   OBSERVED TIME   RECORD YEAR NORMAL DEPARTURE LAST
                VALUE   (LST)  VALUE       VALUE  FROM      YEAR
                                                  NORMAL
..................................................................
TEMPERATURE (F)
 TODAY
  MAXIMUM         67    335 PM  87    1970  61      6       51
  MINIMUM         34    452 AM  23    2012  38     -4       44
  AVERAGE         51                        50      1       48

PRECIPITATION (IN)
  TODAY            0.00          1.40 2014   0.10  -0.10     1.40
  MONTH TO DATE    1.69                      2.90  -1.21     5.93
  SINCE MAR 1      2.52                      5.20  -2.68     8.04
  SINCE JAN 1      5.61                     10.08  -4.47    15.14

DEGREE DAYS
 HEATING
  TODAY           14                        16     -2       17
  MONTH TO DATE  627                       636     -9      619
  SINCE MAR 1   1808                      1702    106     1924
  SINCE JUL 1   7328                      7143    185     7595

 COOLING
  TODAY            0                         0      0        0
  MONTH TO DATE    0                         1     -1        0
  SINCE MAR 1      0                         1     -1        0
  SINCE JAN 1      0                         1     -1        0
..................................................................


WIND (MPH)
  HIGHEST WIND SPEED    17   HIGHEST WIND DIRECTION     N (20)
  HIGHEST GUST SPEED    23   HIGHEST GUST DIRECTION     N (350)
  AVERAGE WIND SPEED     7.3


SKY COVER
  AVERAGE SKY COVER 0.0


WEATHER CONDITIONS
 THE FOLLOWING WEATHER WAS RECORDED TODAY.
  NO SIGNIFICANT WEATHER WAS OBSERVED.


RELATIVE HUMIDITY (PERCENT)
 HIGHEST    92          1200 AM
 LOWEST     37           300 PM
 AVERAGE    65

..........................................................


THE WATERTOWN NY CLIMATE NORMALS FOR TOMORROW
                         NORMAL    RECORD    YEAR
 MAXIMUM TEMPERATURE (F)   61        86      1970
 MINIMUM TEMPERATURE (F)   39        25      1969


SUNRISE AND SUNSET
APRIL 30 2015.........SUNRISE   558 AM EDT   SUNSET   806 PM EDT
MAY  1 2015...........SUNRISE   556 AM EDT   SUNSET   807 PM EDT


-  INDICATES NEGATIVE NUMBERS.
R  INDICATES RECORD WAS SET OR TIED.
MM INDICATES DATA IS MISSING.
T  INDICATES TRACE AMOUNT.




$$
