000
CDUS41 KBUF 300706
CLIART


CLIMATE REPORT
NATIONAL WEATHER SERVICE BUFFALO NY
305 AM EDT THU APR 30 2015


...................................

...THE WATERTOWN NY CLIMATE SUMMARY FOR APRIL 29 2015...

CLIMATE NORMAL PERIOD 1981 TO 2010
CLIMATE RECORD PERIOD 1949 TO 2015


WEATHER ITEM   OBSERVED TIME   RECORD YEAR NORMAL DEPARTURE LAST
                VALUE   (LST)  VALUE       VALUE  FROM      YEAR
                                                  NORMAL
..................................................................
TEMPERATURE (F)
 YESTERDAY
  MAXIMUM         61   1148 AM  86    1990  60      1       58
  MINIMUM         36   1119 PM  22    2001  38     -2       45
  AVERAGE         49                        49      0       52

PRECIPITATION (IN)
  YESTERDAY        0.00          0.84 1956   0.10  -0.10     0.81
  MONTH TO DATE    1.69                      2.80  -1.11     4.53
  SINCE MAR 1      2.52                      5.10  -2.58     6.64
  SINCE JAN 1      5.61                      9.98  -4.37    13.74

DEGREE DAYS
 HEATING
  YESTERDAY       16                        16      0       13
  MONTH TO DATE  613                       620     -7      602
  SINCE MAR 1   1794                      1686    108     1907
  SINCE JUL 1   7314                      7127    187     7578

 COOLING
  YESTERDAY        0                         0      0        0
  MONTH TO DATE    0                         0      0        0
  SINCE MAR 1      0                         0      0        0
  SINCE JAN 1      0                         0      0        0
..................................................................


WIND (MPH)
  HIGHEST WIND SPEED    17   HIGHEST WIND DIRECTION     W (260)
  HIGHEST GUST SPEED    21   HIGHEST GUST DIRECTION     W (260)
  AVERAGE WIND SPEED     5.5


SKY COVER
  AVERAGE SKY COVER 0.2


WEATHER CONDITIONS
 THE FOLLOWING WEATHER WAS RECORDED YESTERDAY.
  NO SIGNIFICANT WEATHER WAS OBSERVED.


RELATIVE HUMIDITY (PERCENT)
 HIGHEST    92           200 AM
 LOWEST     55           500 PM
 AVERAGE    74

..........................................................


THE WATERTOWN NY CLIMATE NORMALS FOR TODAY
                         NORMAL    RECORD    YEAR
 MAXIMUM TEMPERATURE (F)   61        87      1970
 MINIMUM TEMPERATURE (F)   38        23      2012


SUNRISE AND SUNSET
APRIL 30 2015.........SUNRISE   558 AM EDT   SUNSET   806 PM EDT
MAY  1 2015...........SUNRISE   556 AM EDT   SUNSET   807 PM EDT


-  INDICATES NEGATIVE NUMBERS.
R  INDICATES RECORD WAS SET OR TIED.
MM INDICATES DATA IS MISSING.
T  INDICATES TRACE AMOUNT.




$$
