000
CDUS41 KBUF 271027
CLIART


CLIMATE REPORT
NATIONAL WEATHER SERVICE BUFFALO NY
622 AM EDT MON APR 27 2015


...................................

...THE WATERTOWN NY CLIMATE SUMMARY FOR APRIL 26 2015...

CLIMATE NORMAL PERIOD 1981 TO 2010
CLIMATE RECORD PERIOD 1949 TO 2015


WEATHER ITEM   OBSERVED TIME   RECORD YEAR NORMAL DEPARTURE LAST
                VALUE   (LST)  VALUE       VALUE  FROM      YEAR
                                                  NORMAL
..................................................................
TEMPERATURE (F)
 YESTERDAY
  MAXIMUM         50   1106 AM  82    2008  59     -9       50
  MINIMUM         26R   500 AM  26    2012  37    -11       39
                                      2012
                                      2001
  AVERAGE         38                        48    -10       45

PRECIPITATION (IN)
  YESTERDAY        0.00          0.94 2011   0.10  -0.10     0.13
  MONTH TO DATE    1.69                      2.51  -0.82     3.72
  SINCE MAR 1      2.52                      4.81  -2.29     5.83
  SINCE JAN 1      5.61                      9.69  -4.08    12.93

DEGREE DAYS
 HEATING
  YESTERDAY       27                        17     10       20
  MONTH TO DATE  560                       571    -11      555
  SINCE MAR 1   1741                      1637    104     1860
  SINCE JUL 1   7261                      7078    183     7531

 COOLING
  YESTERDAY        0                         0      0        0
  MONTH TO DATE    0                         0      0        0
  SINCE MAR 1      0                         0      0        0
  SINCE JAN 1      0                         0      0        0
..................................................................


WIND (MPH)
  HIGHEST WIND SPEED    16   HIGHEST WIND DIRECTION     W (260)
  HIGHEST GUST SPEED    22   HIGHEST GUST DIRECTION     W (260)
  AVERAGE WIND SPEED     4.4


SKY COVER
  AVERAGE SKY COVER 0.7


WEATHER CONDITIONS
 THE FOLLOWING WEATHER WAS RECORDED YESTERDAY.
  NO SIGNIFICANT WEATHER WAS OBSERVED.


RELATIVE HUMIDITY (PERCENT)
 HIGHEST    92           500 AM
 LOWEST     54          1000 AM
 AVERAGE    73

..........................................................


THE WATERTOWN NY CLIMATE NORMALS FOR TODAY
                         NORMAL    RECORD    YEAR
 MAXIMUM TEMPERATURE (F)   60        85      2009
 MINIMUM TEMPERATURE (F)   37        19      1972


SUNRISE AND SUNSET
APRIL 27 2015.........SUNRISE   602 AM EDT   SUNSET   802 PM EDT
APRIL 28 2015.........SUNRISE   601 AM EDT   SUNSET   803 PM EDT


-  INDICATES NEGATIVE NUMBERS.
R  INDICATES RECORD WAS SET OR TIED.
MM INDICATES DATA IS MISSING.
T  INDICATES TRACE AMOUNT.




$$
