000
CDUS41 KBUF 050706
CLIBUF


CLIMATE REPORT
NATIONAL WEATHER SERVICE BUFFALO NY
305 AM EDT TUE MAY 5 2015


...................................

...THE BUFFALO NY CLIMATE SUMMARY FOR MAY 4 2015...

CLIMATE NORMAL PERIOD 1981 TO 2010
CLIMATE RECORD PERIOD 1871 TO 2015


WEATHER ITEM   OBSERVED TIME   RECORD YEAR NORMAL DEPARTURE LAST
                VALUE   (LST)  VALUE       VALUE  FROM      YEAR
                                                  NORMAL
..................................................................
TEMPERATURE (F)
 YESTERDAY
  MAXIMUM         79    146 PM  85    1960  63     16       53
  MINIMUM         51   1159 PM  25    1926  43      8       39
  AVERAGE         65                        53     12       46

PRECIPITATION (IN)
  YESTERDAY        T             1.05 1890   0.11  -0.11     0.00
  MONTH TO DATE    T                         0.41  -0.41     0.15
  SINCE MAR 1      4.14                      6.29  -2.15     7.78
  SINCE JAN 1      9.13                     11.96  -2.83    14.56

SNOWFALL (IN)
  YESTERDAY        0.0           0.2  1907   0.0    0.0      0.0
  MONTH TO DATE    0.0                       0.1   -0.1      0.0
  SINCE MAR 1      9.9                      15.7   -5.8     25.7
  SINCE JUL 1    112.9                      94.5   18.4    129.9
  SNOW DEPTH       0

DEGREE DAYS
 HEATING
  YESTERDAY        0                        12    -12       19
  MONTH TO DATE   24                        51    -27       70
  SINCE MAR 1   1696                      1588    108     1819
  SINCE JUL 1   6844                      6332    512     6925

 COOLING
  YESTERDAY        0                         0      0        0
  MONTH TO DATE    0                         0      0        0
  SINCE MAR 1      0                         3     -3        0
  SINCE JAN 1      0                         3     -3        0
..................................................................


WIND (MPH)
  HIGHEST WIND SPEED    30   HIGHEST WIND DIRECTION     W (250)
  HIGHEST GUST SPEED    39   HIGHEST GUST DIRECTION     W (260)
  AVERAGE WIND SPEED    13.5


SKY COVER
  AVERAGE SKY COVER 0.5


WEATHER CONDITIONS
 THE FOLLOWING WEATHER WAS RECORDED YESTERDAY.
  LIGHT RAIN
  FOG


RELATIVE HUMIDITY (PERCENT)
 HIGHEST    89          1100 PM
 LOWEST     30          1200 PM
 AVERAGE    60

..........................................................


THE BUFFALO NY CLIMATE NORMALS FOR TODAY
                         NORMAL    RECORD    YEAR
 MAXIMUM TEMPERATURE (F)   63        90      1950
 MINIMUM TEMPERATURE (F)   44        28      1891


SUNRISE AND SUNSET
MAY  5 2015...........SUNRISE   604 AM EDT   SUNSET   820 PM EDT
MAY  6 2015...........SUNRISE   603 AM EDT   SUNSET   821 PM EDT


-  INDICATES NEGATIVE NUMBERS.
R  INDICATES RECORD WAS SET OR TIED.
MM INDICATES DATA IS MISSING.
T  INDICATES TRACE AMOUNT.




$$
