000
CDUS41 KBUF 190706
CLIBUF


CLIMATE REPORT
NATIONAL WEATHER SERVICE BUFFALO NY
305 AM EDT SUN APR 19 2015


...................................

...THE BUFFALO NY CLIMATE SUMMARY FOR APRIL 18 2015...

CLIMATE NORMAL PERIOD 1981 TO 2010
CLIMATE RECORD PERIOD 1871 TO 2015


WEATHER ITEM   OBSERVED TIME   RECORD YEAR NORMAL DEPARTURE LAST
                VALUE   (LST)  VALUE       VALUE  FROM      YEAR
                                                  NORMAL
..................................................................
TEMPERATURE (F)
 YESTERDAY
  MAXIMUM         66   1247 PM  82    2013  56     10       60
  MINIMUM         43    602 AM  14    1875  38      5       40
  AVERAGE         55                        47      8       50

PRECIPITATION (IN)
  YESTERDAY        0.00          0.65 1924   0.09  -0.09      T
  MONTH TO DATE    2.13                      1.88   0.25     2.78
  SINCE MAR 1      3.57                      4.75  -1.18     5.33
  SINCE JAN 1      8.56                     10.42  -1.86    12.11

SNOWFALL (IN)
  YESTERDAY        0.0           2.6  1887   0.0    0.0      0.0
  MONTH TO DATE    0.3                       2.3   -2.0      1.2
  SINCE MAR 1      9.9                      15.2   -5.3     25.7
  SINCE JUL 1    112.9                      94.0   18.9    129.9
  SNOW DEPTH       0

DEGREE DAYS
 HEATING
  YESTERDAY       10                        18     -8       15
  MONTH TO DATE  331                       387    -56      376
  SINCE MAR 1   1433                      1348     85     1554
  SINCE JUL 1   6581                      6092    489     6660

 COOLING
  YESTERDAY        0                         0      0        0
  MONTH TO DATE    0                         0      0        0
  SINCE MAR 1      0                         0      0        0
  SINCE JAN 1      0                         0      0        0
..................................................................


WIND (MPH)
  HIGHEST WIND SPEED    25   HIGHEST WIND DIRECTION    NW (330)
  HIGHEST GUST SPEED    30   HIGHEST GUST DIRECTION     N (340)
  AVERAGE WIND SPEED    11.1


SKY COVER
  AVERAGE SKY COVER 0.1


WEATHER CONDITIONS
 THE FOLLOWING WEATHER WAS RECORDED YESTERDAY.
  FOG


RELATIVE HUMIDITY (PERCENT)
 HIGHEST    96           600 AM
 LOWEST     21           500 PM
 AVERAGE    59

..........................................................


THE BUFFALO NY CLIMATE NORMALS FOR TODAY
                         NORMAL    RECORD    YEAR
 MAXIMUM TEMPERATURE (F)   57        87      2008
 MINIMUM TEMPERATURE (F)   38        21      1904
                                             1897
                                             1875


SUNRISE AND SUNSET
APRIL 19 2015.........SUNRISE   627 AM EDT   SUNSET   802 PM EDT
APRIL 20 2015.........SUNRISE   626 AM EDT   SUNSET   803 PM EDT


-  INDICATES NEGATIVE NUMBERS.
R  INDICATES RECORD WAS SET OR TIED.
MM INDICATES DATA IS MISSING.
T  INDICATES TRACE AMOUNT.




$$
