000
CDUS41 KBUF 061023
CLIBUF


CLIMATE REPORT
NATIONAL WEATHER SERVICE BUFFALO NY
622 AM EDT WED MAY 6 2015


...................................

...THE BUFFALO NY CLIMATE SUMMARY FOR MAY 5 2015...

CLIMATE NORMAL PERIOD 1981 TO 2010
CLIMATE RECORD PERIOD 1871 TO 2015


WEATHER ITEM   OBSERVED TIME   RECORD YEAR NORMAL DEPARTURE LAST
                VALUE   (LST)  VALUE       VALUE  FROM      YEAR
                                                  NORMAL
..................................................................
TEMPERATURE (F)
 YESTERDAY
  MAXIMUM         69   1213 PM  90    1950  63      6       56
  MINIMUM         46    544 AM  28    1891  44      2       37
  AVERAGE         58                        53      5       47

PRECIPITATION (IN)
  YESTERDAY        0.08          0.98 1914   0.10  -0.02     0.00
  MONTH TO DATE    0.08                      0.51  -0.43     0.15
  SINCE MAR 1      4.22                      6.39  -2.17     7.78
  SINCE JAN 1      9.21                     12.06  -2.85    14.56

SNOWFALL (IN)
  YESTERDAY        0.0           0.1  1973   0.0    0.0      0.0
  MONTH TO DATE    0.0                       0.1   -0.1      0.0
  SINCE MAR 1      9.9                      15.7   -5.8     25.7
  SINCE JUL 1    112.9                      94.5   18.4    129.9
  SNOW DEPTH       0

DEGREE DAYS
 HEATING
  YESTERDAY        7                        12     -5       18
  MONTH TO DATE   31                        63    -32       88
  SINCE MAR 1   1703                      1600    103     1837
  SINCE JUL 1   6851                      6344    507     6943

 COOLING
  YESTERDAY        0                         0      0        0
  MONTH TO DATE    0                         0      0        0
  SINCE MAR 1      0                         3     -3        0
  SINCE JAN 1      0                         3     -3        0
..................................................................


WIND (MPH)
  HIGHEST WIND SPEED    12   HIGHEST WIND DIRECTION     N (360)
  HIGHEST GUST SPEED    14   HIGHEST GUST DIRECTION     N (360)
  AVERAGE WIND SPEED     3.9


SKY COVER
  AVERAGE SKY COVER 0.9


WEATHER CONDITIONS
 THE FOLLOWING WEATHER WAS RECORDED YESTERDAY.
  LIGHT RAIN
  FOG
  FOG W/VISIBILITY <= 1/4 MILE
  HAZE


RELATIVE HUMIDITY (PERCENT)
 HIGHEST    93           200 AM
 LOWEST     48          1100 AM
 AVERAGE    71

..........................................................


THE BUFFALO NY CLIMATE NORMALS FOR TODAY
                         NORMAL    RECORD    YEAR
 MAXIMUM TEMPERATURE (F)   63        88      1959
 MINIMUM TEMPERATURE (F)   44        31      1891


SUNRISE AND SUNSET
MAY  6 2015...........SUNRISE   603 AM EDT   SUNSET   821 PM EDT
MAY  7 2015...........SUNRISE   601 AM EDT   SUNSET   822 PM EDT


-  INDICATES NEGATIVE NUMBERS.
R  INDICATES RECORD WAS SET OR TIED.
MM INDICATES DATA IS MISSING.
T  INDICATES TRACE AMOUNT.




$$
