000
CDUS41 KBUF 181015
CLIBUF


CLIMATE REPORT
NATIONAL WEATHER SERVICE BUFFALO NY
614 AM EDT SAT APR 18 2015


...................................

...THE BUFFALO NY CLIMATE SUMMARY FOR APRIL 17 2015...

CLIMATE NORMAL PERIOD 1981 TO 2010
CLIMATE RECORD PERIOD 1871 TO 2015


WEATHER ITEM   OBSERVED TIME   RECORD YEAR NORMAL DEPARTURE LAST
                VALUE   (LST)  VALUE       VALUE  FROM      YEAR
                                                  NORMAL
..................................................................
TEMPERATURE (F)
 YESTERDAY
  MAXIMUM         57    421 PM  80    1976  56      1       61
  MINIMUM         43   1040 PM  15    1875  37      6       29
  AVERAGE         50                        47      3       45

PRECIPITATION (IN)
  YESTERDAY        0.17          0.71 1918   0.10   0.07     0.00
  MONTH TO DATE    2.13                      1.79   0.34     2.78
  SINCE MAR 1      3.57                      4.66  -1.09     5.33
  SINCE JAN 1      8.56                     10.33  -1.77    12.11

SNOWFALL (IN)
  YESTERDAY        0.0           2.5  1928   0.1   -0.1      0.0
  MONTH TO DATE    0.3                       2.3   -2.0      1.2
  SINCE MAR 1      9.9                      15.2   -5.3     25.7
  SINCE JUL 1    112.9                      94.0   18.9    129.9
  SNOW DEPTH       0

DEGREE DAYS
 HEATING
  YESTERDAY       15                        18     -3       20
  MONTH TO DATE  321                       369    -48      361
  SINCE MAR 1   1423                      1330     93     1539
  SINCE JUL 1   6571                      6074    497     6645

 COOLING
  YESTERDAY        0                         0      0        0
  MONTH TO DATE    0                         0      0        0
  SINCE MAR 1      0                         0      0        0
  SINCE JAN 1      0                         0      0        0
..................................................................


WIND (MPH)
  HIGHEST WIND SPEED    20   HIGHEST WIND DIRECTION    SW (220)
  HIGHEST GUST SPEED    23   HIGHEST GUST DIRECTION    SW (240)
  AVERAGE WIND SPEED    11.0


SKY COVER
  AVERAGE SKY COVER 0.6


WEATHER CONDITIONS
 THE FOLLOWING WEATHER WAS RECORDED YESTERDAY.
  RAIN
  LIGHT RAIN
  FOG
  FOG W/VISIBILITY <= 1/4 MILE
  HAZE


RELATIVE HUMIDITY (PERCENT)
 HIGHEST   100          1000 AM
 LOWEST     77           300 PM
 AVERAGE    89

..........................................................


THE BUFFALO NY CLIMATE NORMALS FOR TODAY
                         NORMAL    RECORD    YEAR
 MAXIMUM TEMPERATURE (F)   56        82      2013
 MINIMUM TEMPERATURE (F)   38        14      1875


SUNRISE AND SUNSET
APRIL 18 2015.........SUNRISE   629 AM EDT   SUNSET   801 PM EDT
APRIL 19 2015.........SUNRISE   627 AM EDT   SUNSET   802 PM EDT


-  INDICATES NEGATIVE NUMBERS.
R  INDICATES RECORD WAS SET OR TIED.
MM INDICATES DATA IS MISSING.
T  INDICATES TRACE AMOUNT.

$$
