000
CDUS41 KBUF 011014
CLIBUF


CLIMATE REPORT
NATIONAL WEATHER SERVICE BUFFALO NY
613 AM EDT WED APR 1 2015


...................................

...THE BUFFALO NY CLIMATE SUMMARY FOR MARCH 31 2015...

CLIMATE NORMAL PERIOD 1981 TO 2010
CLIMATE RECORD PERIOD 1871 TO 2015


WEATHER ITEM   OBSERVED TIME   RECORD YEAR NORMAL DEPARTURE LAST
                VALUE   (LST)  VALUE       VALUE  FROM      YEAR
                                                  NORMAL
..................................................................
TEMPERATURE (F)
 YESTERDAY
  MAXIMUM         42    448 PM  78    1998  48     -6       49
  MINIMUM         26    323 AM   6    1923  31     -5       26
  AVERAGE         34                        40     -6       38

PRECIPITATION (IN)
  YESTERDAY        0.00          1.33 1886   0.10  -0.10     0.00
  MONTH TO DATE    1.44                      2.87  -1.43     2.55
  SINCE MAR 1      1.44                      2.87  -1.43     2.55
  SINCE JAN 1      6.43                      8.54  -2.11     9.33

SNOWFALL (IN)
  YESTERDAY        0.0           7.9  1987   0.2   -0.2      0.0
  MONTH TO DATE    9.6                      12.9   -3.3     24.5
  SINCE MAR 1      9.6                      12.9   -3.3     24.5
  SINCE JUL 1    112.6                      91.7   20.9    128.7
  SNOW DEPTH       0

DEGREE DAYS
 HEATING
  YESTERDAY       31                        25      6       27
  MONTH TO DATE 1102                       961    141     1178
  SINCE MAR 1   1102                       961    141     1178
  SINCE JUL 1   6250                      5705    545     6284

 COOLING
  YESTERDAY        0                         0      0        0
  MONTH TO DATE    0                         0      0        0
  SINCE MAR 1      0                         0      0        0
  SINCE JAN 1      0                         0      0        0
..................................................................


WIND (MPH)
  HIGHEST WIND SPEED    10   HIGHEST WIND DIRECTION     N (360)
  HIGHEST GUST SPEED    14   HIGHEST GUST DIRECTION    NW (320)
  AVERAGE WIND SPEED     4.6


SKY COVER
  AVERAGE SKY COVER 0.7


WEATHER CONDITIONS
 THE FOLLOWING WEATHER WAS RECORDED YESTERDAY.
  NO SIGNIFICANT WEATHER WAS OBSERVED.


RELATIVE HUMIDITY (PERCENT)
 HIGHEST    85           400 AM
 LOWEST     48           600 PM
 AVERAGE    67

..........................................................


THE BUFFALO NY CLIMATE NORMALS FOR TODAY
                         NORMAL    RECORD    YEAR
 MAXIMUM TEMPERATURE (F)   49        78      2010
                                             1986
 MINIMUM TEMPERATURE (F)   32         5      1923


SUNRISE AND SUNSET
APRIL  1 2015.........SUNRISE   658 AM EDT   SUNSET   741 PM EDT
APRIL  2 2015.........SUNRISE   656 AM EDT   SUNSET   742 PM EDT


-  INDICATES NEGATIVE NUMBERS.
R  INDICATES RECORD WAS SET OR TIED.
MM INDICATES DATA IS MISSING.
T  INDICATES TRACE AMOUNT.




$$
