000
CDUS41 KBUF 310706
CLIBUF


CLIMATE REPORT
NATIONAL WEATHER SERVICE BUFFALO NY
305 AM EDT TUE MAR 31 2015


...................................

...THE BUFFALO NY CLIMATE SUMMARY FOR MARCH 30 2015...

CLIMATE NORMAL PERIOD 1981 TO 2010
CLIMATE RECORD PERIOD 1871 TO 2015


WEATHER ITEM   OBSERVED TIME   RECORD YEAR NORMAL DEPARTURE LAST
                VALUE   (LST)  VALUE       VALUE  FROM      YEAR
                                                  NORMAL
..................................................................
TEMPERATURE (F)
 YESTERDAY
  MAXIMUM         41   1227 PM  76    1998  48     -7       43
                                      1977
  MINIMUM         32   1159 PM  12    1887  31      1       29
  AVERAGE         37                        39     -2       36

PRECIPITATION (IN)
  YESTERDAY        0.19          1.06 1989   0.10   0.09     0.14
  MONTH TO DATE    1.44                      2.77  -1.33     2.55
  SINCE MAR 1      1.44                      2.77  -1.33     2.55
  SINCE JAN 1      6.43                      8.44  -2.01     9.33

SNOWFALL (IN)
  YESTERDAY       MM             2.9  1966   0.3   MM        1.9
  MONTH TO DATE    9.2                      12.7   -3.5     24.5
  SINCE MAR 1      9.2                      12.7   -3.5     24.5
  SINCE JUL 1    112.2                      91.5   20.7    128.7
  SNOW DEPTH       0

DEGREE DAYS
 HEATING
  YESTERDAY       28                        26      2       29
  MONTH TO DATE 1071                       936    135     1151
  SINCE MAR 1   1071                       936    135     1151
  SINCE JUL 1   6219                      5680    539     6257

 COOLING
  YESTERDAY        0                         0      0        0
  MONTH TO DATE    0                         0      0        0
  SINCE MAR 1      0                         0      0        0
  SINCE JAN 1      0                         0      0        0
..................................................................


WIND (MPH)
  HIGHEST WIND SPEED    35   HIGHEST WIND DIRECTION    SW (240)
  HIGHEST GUST SPEED    42   HIGHEST GUST DIRECTION    SW (230)
  AVERAGE WIND SPEED    16.9


SKY COVER
  AVERAGE SKY COVER 0.8


WEATHER CONDITIONS
 THE FOLLOWING WEATHER WAS RECORDED YESTERDAY.
  RAIN
  LIGHT RAIN
  HEAVY SNOW
  SNOW
  LIGHT SNOW
  FOG
  FOG W/VISIBILITY <= 1/4 MILE


RELATIVE HUMIDITY (PERCENT)
 HIGHEST    96           400 PM
 LOWEST     54           100 AM
 AVERAGE    75

..........................................................


THE BUFFALO NY CLIMATE NORMALS FOR TODAY
                         NORMAL    RECORD    YEAR
 MAXIMUM TEMPERATURE (F)   48        78      1998
 MINIMUM TEMPERATURE (F)   31         6      1923


SUNRISE AND SUNSET
MARCH 31 2015.........SUNRISE   659 AM EDT   SUNSET   740 PM EDT
APRIL  1 2015.........SUNRISE   658 AM EDT   SUNSET   741 PM EDT


-  INDICATES NEGATIVE NUMBERS.
R  INDICATES RECORD WAS SET OR TIED.
MM INDICATES DATA IS MISSING.
T  INDICATES TRACE AMOUNT.




$$
