000
CDUS41 KBUF 240705
CLIBUF


CLIMATE REPORT
NATIONAL WEATHER SERVICE BUFFALO NY
305 AM EDT FRI APR 24 2015


...................................

...THE BUFFALO NY CLIMATE SUMMARY FOR APRIL 23 2015...

CLIMATE NORMAL PERIOD 1981 TO 2010
CLIMATE RECORD PERIOD 1871 TO 2015


WEATHER ITEM   OBSERVED TIME   RECORD YEAR NORMAL DEPARTURE LAST
                VALUE   (LST)  VALUE       VALUE  FROM      YEAR
                                                  NORMAL
..................................................................
TEMPERATURE (F)
 YESTERDAY
  MAXIMUM         37    200 PM  88    1985  58    -21       47
  MINIMUM         31    853 AM  23    1930  40     -9       36
  AVERAGE         34                        49    -15       42

PRECIPITATION (IN)
  YESTERDAY        T             1.34 1996   0.10  -0.10     0.04
  MONTH TO DATE    2.67                      2.34   0.33     3.23
  SINCE MAR 1      4.11                      5.21  -1.10     5.78
  SINCE JAN 1      9.10                     10.88  -1.78    12.56

SNOWFALL (IN)
  YESTERDAY       MM             0.9  2012   0.0   MM         T
  MONTH TO DATE    0.3                       2.5   -2.2      1.2
  SINCE MAR 1      9.9                      15.4   -5.5     25.7
  SINCE JUL 1    112.9                      94.2   18.7    129.9
  SNOW DEPTH       0

DEGREE DAYS
 HEATING
  YESTERDAY       31                        16     15       23
  MONTH TO DATE  426                       472    -46      452
  SINCE MAR 1   1528                      1433     95     1630
  SINCE JUL 1   6676                      6177    499     6736

 COOLING
  YESTERDAY        0                         0      0        0
  MONTH TO DATE    0                         0      0        0
  SINCE MAR 1      0                         0      0        0
  SINCE JAN 1      0                         0      0        0
..................................................................


WIND (MPH)
  HIGHEST WIND SPEED    23   HIGHEST WIND DIRECTION     W (250)
  HIGHEST GUST SPEED    31   HIGHEST GUST DIRECTION     W (270)
  AVERAGE WIND SPEED    13.8


SKY COVER
  AVERAGE SKY COVER 0.9


WEATHER CONDITIONS
 THE FOLLOWING WEATHER WAS RECORDED YESTERDAY.
  LIGHT SNOW
  FOG
  HAZE


RELATIVE HUMIDITY (PERCENT)
 HIGHEST    85           400 AM
 LOWEST     52          1200 PM
 AVERAGE    69

..........................................................


THE BUFFALO NY CLIMATE NORMALS FOR TODAY
                         NORMAL    RECORD    YEAR
 MAXIMUM TEMPERATURE (F)   59        87      1957
 MINIMUM TEMPERATURE (F)   40        23      1919


SUNRISE AND SUNSET
APRIL 24 2015.........SUNRISE   619 AM EDT   SUNSET   807 PM EDT
APRIL 25 2015.........SUNRISE   618 AM EDT   SUNSET   809 PM EDT


-  INDICATES NEGATIVE NUMBERS.
R  INDICATES RECORD WAS SET OR TIED.
MM INDICATES DATA IS MISSING.
T  INDICATES TRACE AMOUNT.




$$
