000
CDUS41 KBUF 141018
CLIBUF


CLIMATE REPORT
NATIONAL WEATHER SERVICE BUFFALO NY
614 AM EDT TUE APR 14 2015


...................................

...THE BUFFALO NY CLIMATE SUMMARY FOR APRIL 13 2015...

CLIMATE NORMAL PERIOD 1981 TO 2010
CLIMATE RECORD PERIOD 1871 TO 2015


WEATHER ITEM   OBSERVED TIME   RECORD YEAR NORMAL DEPARTURE LAST
                VALUE   (LST)  VALUE       VALUE  FROM      YEAR
                                                  NORMAL
..................................................................
TEMPERATURE (F)
 YESTERDAY
  MAXIMUM         78    148 PM  82    1945  54     24       75
  MINIMUM         46    201 AM  16    1940  36     10       46
  AVERAGE         62                        45     17       61

PRECIPITATION (IN)
  YESTERDAY        0.27          1.14 1909   0.11   0.16     0.06
  MONTH TO DATE    1.83                      1.38   0.45     2.11
  SINCE MAR 1      3.27                      4.25  -0.98     4.66
  SINCE JAN 1      8.26                      9.92  -1.66    11.44

SNOWFALL (IN)
  YESTERDAY        0.0           3.2  1932   0.1   -0.1      0.0
  MONTH TO DATE    0.3                       1.9   -1.6      0.2
  SINCE MAR 1      9.9                      14.8   -4.9     24.7
  SINCE JUL 1    112.9                      93.6   19.3    128.9
  SNOW DEPTH       0

DEGREE DAYS
 HEATING
  YESTERDAY        3                        20    -17        4
  MONTH TO DATE  264                       293    -29      271
  SINCE MAR 1   1366                      1254    112     1449
  SINCE JUL 1   6514                      5998    516     6555

 COOLING
  YESTERDAY        0                         0      0        0
  MONTH TO DATE    0                         0      0        0
  SINCE MAR 1      0                         0      0        0
  SINCE JAN 1      0                         0      0        0
..................................................................


WIND (MPH)
  HIGHEST WIND SPEED    29   HIGHEST WIND DIRECTION     W (250)
  HIGHEST GUST SPEED    37   HIGHEST GUST DIRECTION     W (260)
  AVERAGE WIND SPEED    11.5


SKY COVER
  AVERAGE SKY COVER 0.8


WEATHER CONDITIONS
 THE FOLLOWING WEATHER WAS RECORDED YESTERDAY.
  HEAVY RAIN
  RAIN
  LIGHT RAIN
  FOG


RELATIVE HUMIDITY (PERCENT)
 HIGHEST    89           800 PM
 LOWEST     28           100 PM
 AVERAGE    59

..........................................................


THE BUFFALO NY CLIMATE NORMALS FOR TODAY
                         NORMAL    RECORD    YEAR
 MAXIMUM TEMPERATURE (F)   54        83      1883
 MINIMUM TEMPERATURE (F)   36        20      1950
                                             1885


SUNRISE AND SUNSET
APRIL 14 2015.........SUNRISE   635 AM EDT   SUNSET   756 PM EDT
APRIL 15 2015.........SUNRISE   634 AM EDT   SUNSET   757 PM EDT


-  INDICATES NEGATIVE NUMBERS.
R  INDICATES RECORD WAS SET OR TIED.
MM INDICATES DATA IS MISSING.
T  INDICATES TRACE AMOUNT.




$$
