000
CDUS41 KBUF 010706
CLIBUF


CLIMATE REPORT
NATIONAL WEATHER SERVICE BUFFALO NY
305 AM EDT FRI MAY 1 2015


...................................

...THE BUFFALO NY CLIMATE SUMMARY FOR APRIL 30 2015...

CLIMATE NORMAL PERIOD 1981 TO 2010
CLIMATE RECORD PERIOD 1871 TO 2015


WEATHER ITEM   OBSERVED TIME   RECORD YEAR NORMAL DEPARTURE LAST
                VALUE   (LST)  VALUE       VALUE  FROM      YEAR
                                                  NORMAL
..................................................................
TEMPERATURE (F)
 YESTERDAY
  MAXIMUM         70    127 PM  84    1899  61      9       55
  MINIMUM         42    509 AM  28    1978  42      0       48
                                      1931
                                      1876
  AVERAGE         56                        52      4       52

PRECIPITATION (IN)
  YESTERDAY        0.00          0.84 1909   0.10  -0.10     0.48
  MONTH TO DATE    2.70                      3.01  -0.31     5.08
  SINCE MAR 1      4.14                      5.88  -1.74     7.63
  SINCE JAN 1      9.13                     11.55  -2.42    14.41

SNOWFALL (IN)
  YESTERDAY        0.0           4.2  1908   0.0    0.0      0.0
  MONTH TO DATE    0.3                       2.7   -2.4      1.2
  SINCE MAR 1      9.9                      15.6   -5.7     25.7
  SINCE JUL 1    112.9                      94.4   18.5    129.9
  SNOW DEPTH       0

DEGREE DAYS
 HEATING
  YESTERDAY        9                        14     -5       13
  MONTH TO DATE  570                       575     -5      571
  SINCE MAR 1   1672                      1537    135     1749
  SINCE JUL 1   6820                      6281    539     6855

 COOLING
  YESTERDAY        0                         0      0        0
  MONTH TO DATE    0                         3     -3        0
  SINCE MAR 1      0                         3     -3        0
  SINCE JAN 1      0                         3     -3        0
..................................................................


WIND (MPH)
  HIGHEST WIND SPEED    21   HIGHEST WIND DIRECTION     N (20)
  HIGHEST GUST SPEED    26   HIGHEST GUST DIRECTION    NE (30)
  AVERAGE WIND SPEED     6.9


SKY COVER
  AVERAGE SKY COVER 0.7


WEATHER CONDITIONS
 THE FOLLOWING WEATHER WAS RECORDED YESTERDAY.
  HAZE


RELATIVE HUMIDITY (PERCENT)
 HIGHEST    83          1100 PM
 LOWEST     31           100 PM
 AVERAGE    57

..........................................................


THE BUFFALO NY CLIMATE NORMALS FOR TODAY
                         NORMAL    RECORD    YEAR
 MAXIMUM TEMPERATURE (F)   62        87      1970
 MINIMUM TEMPERATURE (F)   42        28      1978
                                             1943


SUNRISE AND SUNSET
MAY  1 2015...........SUNRISE   609 AM EDT   SUNSET   816 PM EDT
MAY  2 2015...........SUNRISE   608 AM EDT   SUNSET   817 PM EDT


-  INDICATES NEGATIVE NUMBERS.
R  INDICATES RECORD WAS SET OR TIED.
MM INDICATES DATA IS MISSING.
T  INDICATES TRACE AMOUNT.




$$
