000
CDUS41 KBUF 282028
CLIBUF


CLIMATE REPORT
NATIONAL WEATHER SERVICE BUFFALO NY
427 PM EDT TUE APR 28 2015


...................................

...THE BUFFALO NY CLIMATE SUMMARY FOR APRIL 28 2015...
VALID TODAY AS OF 0400 PM LOCAL TIME.

CLIMATE NORMAL PERIOD 1981 TO 2010
CLIMATE RECORD PERIOD 1871 TO 2015


WEATHER ITEM   OBSERVED TIME   RECORD YEAR NORMAL DEPARTURE LAST
                VALUE   (LST)  VALUE       VALUE  FROM      YEAR
                                                  NORMAL
..................................................................
TEMPERATURE (F)
 TODAY
  MAXIMUM         51    127 PM  94    1990  60     -9       58
  MINIMUM         37    417 AM  24    1947  41     -4       37
  AVERAGE         44                        51     -7       48

PRECIPITATION (IN)
  TODAY            0.00          1.28 1889   0.10  -0.10     0.00
  MONTH TO DATE    2.70                      2.81  -0.11     3.66
  SINCE MAR 1      4.14                      5.68  -1.54     6.21
  SINCE JAN 1      9.13                     11.35  -2.22    12.99

SNOWFALL (IN)
  TODAY            0.0           0.2  1885   0.1   -0.1      0.0
  MONTH TO DATE    0.3                       2.7   -2.4      1.2
  SINCE MAR 1      9.9                      15.6   -5.7     25.7
  SINCE JUL 1    112.9                      94.4   18.5    129.9
  SNOW DEPTH       0

DEGREE DAYS
 HEATING
  TODAY           21                        14      7       17
  MONTH TO DATE  545                       547     -2      546
  SINCE MAR 1   1647                      1508    139     1724
  SINCE JUL 1   6795                      6252    543     6830

 COOLING
  TODAY            0                         0      0        0
  MONTH TO DATE    0                         0      0        0
  SINCE MAR 1      0                         0      0        0
  SINCE JAN 1      0                         0      0        0
..................................................................


WIND (MPH)
  HIGHEST WIND SPEED    24   HIGHEST WIND DIRECTION    SW (230)
  HIGHEST GUST SPEED    29   HIGHEST GUST DIRECTION    SW (220)
  AVERAGE WIND SPEED     9.5


SKY COVER
  AVERAGE SKY COVER 0.3


WEATHER CONDITIONS
 THE FOLLOWING WEATHER WAS RECORDED TODAY.
  NO SIGNIFICANT WEATHER WAS OBSERVED.


RELATIVE HUMIDITY (PERCENT)
 HIGHEST    92           100 AM
 LOWEST     59          1200 PM
 AVERAGE    76

..........................................................


THE BUFFALO NY CLIMATE NORMALS FOR TOMORROW
                         NORMAL    RECORD    YEAR
 MAXIMUM TEMPERATURE (F)   61        81      1990
                                             1962
 MINIMUM TEMPERATURE (F)   42        28      2012


SUNRISE AND SUNSET
APRIL 28 2015.........SUNRISE   614 AM EDT   SUNSET   812 PM EDT
APRIL 29 2015.........SUNRISE   612 AM EDT   SUNSET   813 PM EDT


-  INDICATES NEGATIVE NUMBERS.
R  INDICATES RECORD WAS SET OR TIED.
MM INDICATES DATA IS MISSING.
T  INDICATES TRACE AMOUNT.

$$
