000
CDUS41 KBUF 142036
CLIBUF


CLIMATE REPORT
NATIONAL WEATHER SERVICE BUFFALO NY
436 PM EDT TUE APR 14 2015


...................................

...THE BUFFALO NY CLIMATE SUMMARY FOR APRIL 14 2015...
VALID TODAY AS OF 0400 PM LOCAL TIME.

CLIMATE NORMAL PERIOD 1981 TO 2010
CLIMATE RECORD PERIOD 1871 TO 2015


WEATHER ITEM   OBSERVED TIME   RECORD YEAR NORMAL DEPARTURE LAST
                VALUE   (LST)  VALUE       VALUE  FROM      YEAR
                                                  NORMAL
..................................................................
TEMPERATURE (F)
 TODAY
  MAXIMUM         60    100 PM  83    1883  54      6       76
  MINIMUM         38    519 AM  20    1950  36      2       43
                                      1885
  AVERAGE         49                        45      4       60

PRECIPITATION (IN)
  TODAY            0.00          1.30 1903   0.10  -0.10     0.34
  MONTH TO DATE    1.83                      1.48   0.35     2.45
  SINCE MAR 1      3.27                      4.35  -1.08     5.00
  SINCE JAN 1      8.26                     10.02  -1.76    11.78

SNOWFALL (IN)
  TODAY            0.0           1.7  1962   0.1   -0.1      0.0
  MONTH TO DATE    0.3                       2.0   -1.7      0.2
  SINCE MAR 1      9.9                      14.9   -5.0     24.7
  SINCE JUL 1    112.9                      93.7   19.2    128.9
  SNOW DEPTH       0

DEGREE DAYS
 HEATING
  TODAY           16                        20     -4        5
  MONTH TO DATE  280                       313    -33      276
  SINCE MAR 1   1382                      1274    108     1454
  SINCE JUL 1   6530                      6018    512     6560

 COOLING
  TODAY            0                         0      0        0
  MONTH TO DATE    0                         0      0        0
  SINCE MAR 1      0                         0      0        0
  SINCE JAN 1      0                         0      0        0
..................................................................


WIND (MPH)
  HIGHEST WIND SPEED    15   HIGHEST WIND DIRECTION    NW (330)
  HIGHEST GUST SPEED    19   HIGHEST GUST DIRECTION    NW (310)
  AVERAGE WIND SPEED     7.0


SKY COVER
  AVERAGE SKY COVER 0.4


WEATHER CONDITIONS
 THE FOLLOWING WEATHER WAS RECORDED TODAY.
  NO SIGNIFICANT WEATHER WAS OBSERVED.


RELATIVE HUMIDITY (PERCENT)
 HIGHEST    86           200 AM
 LOWEST     25           100 PM
 AVERAGE    56

..........................................................


THE BUFFALO NY CLIMATE NORMALS FOR TOMORROW
                         NORMAL    RECORD    YEAR
 MAXIMUM TEMPERATURE (F)   55        87      1994
 MINIMUM TEMPERATURE (F)   37        16      1926


SUNRISE AND SUNSET
APRIL 14 2015.........SUNRISE   635 AM EDT   SUNSET   756 PM EDT
APRIL 15 2015.........SUNRISE   634 AM EDT   SUNSET   757 PM EDT


-  INDICATES NEGATIVE NUMBERS.
R  INDICATES RECORD WAS SET OR TIED.
MM INDICATES DATA IS MISSING.
T  INDICATES TRACE AMOUNT.




$$
