000
CDUS41 KBUF 171014
CLIBUF


CLIMATE REPORT
NATIONAL WEATHER SERVICE BUFFALO NY
613 AM EDT FRI APR 17 2015


...................................

...THE BUFFALO NY CLIMATE SUMMARY FOR APRIL 16 2015...

CLIMATE NORMAL PERIOD 1981 TO 2010
CLIMATE RECORD PERIOD 1871 TO 2015


WEATHER ITEM   OBSERVED TIME   RECORD YEAR NORMAL DEPARTURE LAST
                VALUE   (LST)  VALUE       VALUE  FROM      YEAR
                                                  NORMAL
..................................................................
TEMPERATURE (F)
 YESTERDAY
  MAXIMUM         71    235 PM  82    2012  55     16       38
  MINIMUM         40    500 AM  20    1928  37      3       24
                                      1875
  AVERAGE         56                        46     10       31

PRECIPITATION (IN)
  YESTERDAY        0.13          0.96 1986   0.10   0.03     0.00
  MONTH TO DATE    1.96                      1.69   0.27     2.78
  SINCE MAR 1      3.40                      4.56  -1.16     5.33
  SINCE JAN 1      8.39                     10.23  -1.84    12.11

SNOWFALL (IN)
  YESTERDAY        0.0           6.2  1904   0.1   -0.1      0.0
  MONTH TO DATE    0.3                       2.2   -1.9      1.2
  SINCE MAR 1      9.9                      15.1   -5.2     25.7
  SINCE JUL 1    112.9                      93.9   19.0    129.9
  SNOW DEPTH       0

DEGREE DAYS
 HEATING
  YESTERDAY        9                        19    -10       34
  MONTH TO DATE  306                       351    -45      341
  SINCE MAR 1   1408                      1312     96     1519
  SINCE JUL 1   6556                      6056    500     6625

 COOLING
  YESTERDAY        0                         0      0        0
  MONTH TO DATE    0                         0      0        0
  SINCE MAR 1      0                         0      0        0
  SINCE JAN 1      0                         0      0        0
..................................................................


WIND (MPH)
  HIGHEST WIND SPEED    21   HIGHEST WIND DIRECTION     W (250)
  HIGHEST GUST SPEED    26   HIGHEST GUST DIRECTION    SW (240)
  AVERAGE WIND SPEED     7.6


SKY COVER
  AVERAGE SKY COVER 0.8


WEATHER CONDITIONS
 THE FOLLOWING WEATHER WAS RECORDED YESTERDAY.
  RAIN
  LIGHT RAIN
  FOG


RELATIVE HUMIDITY (PERCENT)
 HIGHEST    83          1000 PM
 LOWEST     16           200 PM
 AVERAGE    50

..........................................................


THE BUFFALO NY CLIMATE NORMALS FOR TODAY
                         NORMAL    RECORD    YEAR
 MAXIMUM TEMPERATURE (F)   56        80      1976
 MINIMUM TEMPERATURE (F)   37        15      1875


SUNRISE AND SUNSET
APRIL 17 2015.........SUNRISE   630 AM EDT   SUNSET   759 PM EDT
APRIL 18 2015.........SUNRISE   629 AM EDT   SUNSET   801 PM EDT


-  INDICATES NEGATIVE NUMBERS.
R  INDICATES RECORD WAS SET OR TIED.
MM INDICATES DATA IS MISSING.
T  INDICATES TRACE AMOUNT.

$$
