000
CDUS41 KBUF 012027
CLIBUF


CLIMATE REPORT
NATIONAL WEATHER SERVICE BUFFALO NY
426 PM EDT FRI MAY 1 2015


...................................

...THE BUFFALO NY CLIMATE SUMMARY FOR MAY 1 2015...
VALID TODAY AS OF 0400 PM LOCAL TIME.

CLIMATE NORMAL PERIOD 1981 TO 2010
CLIMATE RECORD PERIOD 1871 TO 2015


WEATHER ITEM   OBSERVED TIME   RECORD YEAR NORMAL DEPARTURE LAST
                VALUE   (LST)  VALUE       VALUE  FROM      YEAR
                                                  NORMAL
..................................................................
TEMPERATURE (F)
 TODAY
  MAXIMUM         69    259 PM  87    1970  62      7       53
  MINIMUM         43    524 AM  28    1978  42      1       44
                                      1943
  AVERAGE         56                        52      4       49

PRECIPITATION (IN)
  TODAY            0.00          0.77 1875   0.10  -0.10      T
  MONTH TO DATE    0.00                      0.10  -0.10      T
  SINCE MAR 1      4.14                      5.98  -1.84     7.63
  SINCE JAN 1      9.13                     11.65  -2.52    14.41

SNOWFALL (IN)
  TODAY            0.0           0.1  1978   0.0    0.0      0.0
  MONTH TO DATE    0.0                       0.0    0.0      0.0
  SINCE MAR 1      9.9                      15.6   -5.7     25.7
  SINCE JUL 1    112.9                      94.4   18.5    129.9
  SNOW DEPTH       0

DEGREE DAYS
 HEATING
  TODAY            9                        13     -4       16
  MONTH TO DATE    9                        13     -4       16
  SINCE MAR 1   1681                      1550    131     1765
  SINCE JUL 1   6829                      6294    535     6871

 COOLING
  TODAY            0                         0      0        0
  MONTH TO DATE    0                         0      0        0
  SINCE MAR 1      0                         3     -3        0
  SINCE JAN 1      0                         3     -3        0
..................................................................


WIND (MPH)
  HIGHEST WIND SPEED    17   HIGHEST WIND DIRECTION     N (360)
  HIGHEST GUST SPEED    23   HIGHEST GUST DIRECTION    NE (50)
  AVERAGE WIND SPEED     5.2


SKY COVER
  AVERAGE SKY COVER 0.5


WEATHER CONDITIONS
 THE FOLLOWING WEATHER WAS RECORDED TODAY.
  FOG
  HAZE


RELATIVE HUMIDITY (PERCENT)
 HIGHEST    89           500 AM
 LOWEST     32           300 PM
 AVERAGE    61

..........................................................


THE BUFFALO NY CLIMATE NORMALS FOR TOMORROW
                         NORMAL    RECORD    YEAR
 MAXIMUM TEMPERATURE (F)   62        84      1954
                                             1887
 MINIMUM TEMPERATURE (F)   43        30      1903
                                             1882


SUNRISE AND SUNSET
MAY  1 2015...........SUNRISE   609 AM EDT   SUNSET   816 PM EDT
MAY  2 2015...........SUNRISE   608 AM EDT   SUNSET   817 PM EDT


-  INDICATES NEGATIVE NUMBERS.
R  INDICATES RECORD WAS SET OR TIED.
MM INDICATES DATA IS MISSING.
T  INDICATES TRACE AMOUNT.

$$
