000
CDUS41 KBUF 230705
CLIBUF


CLIMATE REPORT
NATIONAL WEATHER SERVICE BUFFALO NY
305 AM EDT THU APR 23 2015


...................................

...THE BUFFALO NY CLIMATE SUMMARY FOR APRIL 22 2015...

CLIMATE NORMAL PERIOD 1981 TO 2010
CLIMATE RECORD PERIOD 1871 TO 2015


WEATHER ITEM   OBSERVED TIME   RECORD YEAR NORMAL DEPARTURE LAST
                VALUE   (LST)  VALUE       VALUE  FROM      YEAR
                                                  NORMAL
..................................................................
TEMPERATURE (F)
 YESTERDAY
  MAXIMUM         46    201 PM  77    2008  58    -12       64
                                      1985
  MINIMUM         33   1147 PM  24    1930  39     -6       38
  AVERAGE         40                        49     -9       51

PRECIPITATION (IN)
  YESTERDAY        0.05          1.14 1991   0.09  -0.04     0.41
  MONTH TO DATE    2.67                      2.24   0.43     3.19
  SINCE MAR 1      4.11                      5.11  -1.00     5.74
  SINCE JAN 1      9.10                     10.78  -1.68    12.52

SNOWFALL (IN)
  YESTERDAY       MM             0.2  1986   0.0   MM        0.0
  MONTH TO DATE    0.3                       2.5   -2.2      1.2
  SINCE MAR 1      9.9                      15.4   -5.5     25.7
  SINCE JUL 1    112.9                      94.2   18.7    129.9
  SNOW DEPTH       0

DEGREE DAYS
 HEATING
  YESTERDAY       25                        17      8       14
  MONTH TO DATE  395                       456    -61      429
  SINCE MAR 1   1497                      1417     80     1607
  SINCE JUL 1   6645                      6161    484     6713

 COOLING
  YESTERDAY        0                         0      0        0
  MONTH TO DATE    0                         0      0        0
  SINCE MAR 1      0                         0      0        0
  SINCE JAN 1      0                         0      0        0
..................................................................


WIND (MPH)
  HIGHEST WIND SPEED    29   HIGHEST WIND DIRECTION    SW (240)
  HIGHEST GUST SPEED    38   HIGHEST GUST DIRECTION    SW (240)
  AVERAGE WIND SPEED    16.4


SKY COVER
  AVERAGE SKY COVER 0.9


WEATHER CONDITIONS
 THE FOLLOWING WEATHER WAS RECORDED YESTERDAY.
  RAIN
  LIGHT RAIN
  SNOW
  LIGHT SNOW
  FOG


RELATIVE HUMIDITY (PERCENT)
 HIGHEST    85           600 PM
 LOWEST     53           900 AM
 AVERAGE    69

..........................................................


THE BUFFALO NY CLIMATE NORMALS FOR TODAY
                         NORMAL    RECORD    YEAR
 MAXIMUM TEMPERATURE (F)   58        88      1985
 MINIMUM TEMPERATURE (F)   40        23      1930


SUNRISE AND SUNSET
APRIL 23 2015.........SUNRISE   621 AM EDT   SUNSET   806 PM EDT
APRIL 24 2015.........SUNRISE   619 AM EDT   SUNSET   807 PM EDT


-  INDICATES NEGATIVE NUMBERS.
R  INDICATES RECORD WAS SET OR TIED.
MM INDICATES DATA IS MISSING.
T  INDICATES TRACE AMOUNT.




$$
