000
CDUS41 KBUF 210706
CLIBUF


CLIMATE REPORT
NATIONAL WEATHER SERVICE BUFFALO NY
305 AM EDT TUE APR 21 2015


...................................

...THE BUFFALO NY CLIMATE SUMMARY FOR APRIL 20 2015...

CLIMATE NORMAL PERIOD 1981 TO 2010
CLIMATE RECORD PERIOD 1871 TO 2015


WEATHER ITEM   OBSERVED TIME   RECORD YEAR NORMAL DEPARTURE LAST
                VALUE   (LST)  VALUE       VALUE  FROM      YEAR
                                                  NORMAL
..................................................................
TEMPERATURE (F)
 YESTERDAY
  MAXIMUM         70    114 PM  84    1987  57     13       71
  MINIMUM         44   1145 PM  20    1926  39      5       36
                                      1904
  AVERAGE         57                        48      9       54

PRECIPITATION (IN)
  YESTERDAY        0.39          1.27 1893   0.09   0.30     0.00
  MONTH TO DATE    2.62                      2.06   0.56     2.78
  SINCE MAR 1      4.06                      4.93  -0.87     5.33
  SINCE JAN 1      9.05                     10.60  -1.55    12.11

SNOWFALL (IN)
  YESTERDAY       MM             5.5  1901   0.1   MM        0.0
  MONTH TO DATE    0.3                       2.5   -2.2      1.2
  SINCE MAR 1      9.9                      15.4   -5.5     25.7
  SINCE JUL 1    112.9                      94.2   18.7    129.9
  SNOW DEPTH       0

DEGREE DAYS
 HEATING
  YESTERDAY        8                        17     -9       11
  MONTH TO DATE  351                       422    -71      409
  SINCE MAR 1   1453                      1383     70     1587
  SINCE JUL 1   6601                      6127    474     6693

 COOLING
  YESTERDAY        0                         0      0        0
  MONTH TO DATE    0                         0      0        0
  SINCE MAR 1      0                         0      0        0
  SINCE JAN 1      0                         0      0        0
..................................................................


WIND (MPH)
  HIGHEST WIND SPEED    31   HIGHEST WIND DIRECTION     S (160)
  HIGHEST GUST SPEED    40   HIGHEST GUST DIRECTION     S (160)
  AVERAGE WIND SPEED    18.2


SKY COVER
  AVERAGE SKY COVER 0.8


WEATHER CONDITIONS
 THE FOLLOWING WEATHER WAS RECORDED YESTERDAY.
  THUNDERSTORM
  RAIN
  LIGHT RAIN
  FOG


RELATIVE HUMIDITY (PERCENT)
 HIGHEST    86           600 PM
 LOWEST     53           100 PM
 AVERAGE    70

..........................................................


THE BUFFALO NY CLIMATE NORMALS FOR TODAY
                         NORMAL    RECORD    YEAR
 MAXIMUM TEMPERATURE (F)   58        84      1954
 MINIMUM TEMPERATURE (F)   39        21      1875


SUNRISE AND SUNSET
APRIL 21 2015.........SUNRISE   624 AM EDT   SUNSET   804 PM EDT
APRIL 22 2015.........SUNRISE   623 AM EDT   SUNSET   805 PM EDT


-  INDICATES NEGATIVE NUMBERS.
R  INDICATES RECORD WAS SET OR TIED.
MM INDICATES DATA IS MISSING.
T  INDICATES TRACE AMOUNT.




$$
