000
CDUS41 KBUF 301021
CLIBUF


CLIMATE REPORT
NATIONAL WEATHER SERVICE BUFFALO NY
618 AM EDT THU APR 30 2015


...................................

...THE BUFFALO NY CLIMATE SUMMARY FOR APRIL 29 2015...

CLIMATE NORMAL PERIOD 1981 TO 2010
CLIMATE RECORD PERIOD 1871 TO 2015


WEATHER ITEM   OBSERVED TIME   RECORD YEAR NORMAL DEPARTURE LAST
                VALUE   (LST)  VALUE       VALUE  FROM      YEAR
                                                  NORMAL
..................................................................
TEMPERATURE (F)
 YESTERDAY
  MAXIMUM         58    102 PM  81    1990  61     -3       58
                                      1962
  MINIMUM         39    338 AM  28    2012  42     -3       48
  AVERAGE         49                        51     -2       53

PRECIPITATION (IN)
  YESTERDAY        0.00          1.22 1921   0.10  -0.10     0.94
  MONTH TO DATE    2.70                      2.91  -0.21     4.60
  SINCE MAR 1      4.14                      5.78  -1.64     7.15
  SINCE JAN 1      9.13                     11.45  -2.32    13.93

SNOWFALL (IN)
  YESTERDAY        0.0           1.9  1909   0.0    0.0      0.0
  MONTH TO DATE    0.3                       2.7   -2.4      1.2
  SINCE MAR 1      9.9                      15.6   -5.7     25.7
  SINCE JUL 1    112.9                      94.4   18.5    129.9
  SNOW DEPTH       0

DEGREE DAYS
 HEATING
  YESTERDAY       16                        14      2       12
  MONTH TO DATE  561                       561      0      558
  SINCE MAR 1   1663                      1522    141     1736
  SINCE JUL 1   6811                      6266    545     6842

 COOLING
  YESTERDAY        0                         0      0        0
  MONTH TO DATE    0                         0      0        0
  SINCE MAR 1      0                         0      0        0
  SINCE JAN 1      0                         0      0        0
..................................................................


WIND (MPH)
  HIGHEST WIND SPEED    16   HIGHEST WIND DIRECTION    SW (220)
  HIGHEST GUST SPEED    19   HIGHEST GUST DIRECTION    SW (220)
  AVERAGE WIND SPEED    10.1


SKY COVER
  AVERAGE SKY COVER 0.5


WEATHER CONDITIONS
 THE FOLLOWING WEATHER WAS RECORDED YESTERDAY.
  FOG


RELATIVE HUMIDITY (PERCENT)
 HIGHEST    92           300 AM
 LOWEST     50           500 PM
 AVERAGE    71

..........................................................


THE BUFFALO NY CLIMATE NORMALS FOR TODAY
                         NORMAL    RECORD    YEAR
 MAXIMUM TEMPERATURE (F)   61        84      1899
 MINIMUM TEMPERATURE (F)   42        28      1978
                                             1931
                                             1876


SUNRISE AND SUNSET
APRIL 30 2015.........SUNRISE   611 AM EDT   SUNSET   814 PM EDT
MAY  1 2015...........SUNRISE   609 AM EDT   SUNSET   816 PM EDT


-  INDICATES NEGATIVE NUMBERS.
R  INDICATES RECORD WAS SET OR TIED.
MM INDICATES DATA IS MISSING.
T  INDICATES TRACE AMOUNT.




$$
