000
CDUS41 KBUF 022036
CLIBUF


CLIMATE REPORT
NATIONAL WEATHER SERVICE BUFFALO NY
434 PM EDT SAT MAY 2 2015


...................................

...THE BUFFALO NY CLIMATE SUMMARY FOR MAY 2 2015...
VALID TODAY AS OF 0400 PM LOCAL TIME.

CLIMATE NORMAL PERIOD 1981 TO 2010
CLIMATE RECORD PERIOD 1871 TO 2015


WEATHER ITEM   OBSERVED TIME   RECORD YEAR NORMAL DEPARTURE LAST
                VALUE   (LST)  VALUE       VALUE  FROM      YEAR
                                                  NORMAL
..................................................................
TEMPERATURE (F)
 TODAY
  MAXIMUM         68   1227 PM  84    1954  62      6       49
                                      1887
  MINIMUM         44    552 AM  30    1903  43      1       42
                                      1882
  AVERAGE         56                        52      4       46

PRECIPITATION (IN)
  TODAY            0.00          1.22 1929   0.10  -0.10      T
  MONTH TO DATE    0.00                      0.20  -0.20      T
  SINCE MAR 1      4.14                      6.08  -1.94     7.63
  SINCE JAN 1      9.13                     11.75  -2.62    14.41

SNOWFALL (IN)
  TODAY            0.0           5.1  1909   0.0    0.0      0.0
  MONTH TO DATE    0.0                       0.0    0.0      0.0
  SINCE MAR 1      9.9                      15.6   -5.7     25.7
  SINCE JUL 1    112.9                      94.4   18.5    129.9
  SNOW DEPTH       0

DEGREE DAYS
 HEATING
  TODAY            9                        13     -4       19
  MONTH TO DATE   18                        26     -8       35
  SINCE MAR 1   1690                      1563    127     1784
  SINCE JUL 1   6838                      6307    531     6890

 COOLING
  TODAY            0                         0      0        0
  MONTH TO DATE    0                         0      0        0
  SINCE MAR 1      0                         3     -3        0
  SINCE JAN 1      0                         3     -3        0
..................................................................


WIND (MPH)
  HIGHEST WIND SPEED    15   HIGHEST WIND DIRECTION    SW (220)
  HIGHEST GUST SPEED    19   HIGHEST GUST DIRECTION    SW (220)
  AVERAGE WIND SPEED     8.8


SKY COVER
  AVERAGE SKY COVER 0.5


WEATHER CONDITIONS
 THE FOLLOWING WEATHER WAS RECORDED TODAY.
  NO SIGNIFICANT WEATHER WAS OBSERVED.


RELATIVE HUMIDITY (PERCENT)
 HIGHEST    83           600 AM
 LOWEST     39          1200 PM
 AVERAGE    61

..........................................................


THE BUFFALO NY CLIMATE NORMALS FOR TOMORROW
                         NORMAL    RECORD    YEAR
 MAXIMUM TEMPERATURE (F)   62        85      1944
 MINIMUM TEMPERATURE (F)   43        29      1926
                                             1911


SUNRISE AND SUNSET
MAY  2 2015...........SUNRISE   608 AM EDT   SUNSET   817 PM EDT
MAY  3 2015...........SUNRISE   607 AM EDT   SUNSET   818 PM EDT


-  INDICATES NEGATIVE NUMBERS.
R  INDICATES RECORD WAS SET OR TIED.
MM INDICATES DATA IS MISSING.
T  INDICATES TRACE AMOUNT.

$$
