000
CDUS41 KBUF 270705
CLIBUF


CLIMATE REPORT
NATIONAL WEATHER SERVICE BUFFALO NY
305 AM EDT MON APR 27 2015


...................................

...THE BUFFALO NY CLIMATE SUMMARY FOR APRIL 26 2015...

CLIMATE NORMAL PERIOD 1981 TO 2010
CLIMATE RECORD PERIOD 1871 TO 2015


WEATHER ITEM   OBSERVED TIME   RECORD YEAR NORMAL DEPARTURE LAST
                VALUE   (LST)  VALUE       VALUE  FROM      YEAR
                                                  NORMAL
..................................................................
TEMPERATURE (F)
 YESTERDAY
  MAXIMUM         52    151 PM  84    1921  60     -8       47
  MINIMUM         33    438 AM  23    1919  41     -8       37
  AVERAGE         43                        50     -7       42

PRECIPITATION (IN)
  YESTERDAY        0.00          1.71 1885   0.10  -0.10     0.15
  MONTH TO DATE    2.67                      2.62   0.05     3.66
  SINCE MAR 1      4.11                      5.49  -1.38     6.21
  SINCE JAN 1      9.10                     11.16  -2.06    12.99

SNOWFALL (IN)
  YESTERDAY        0.0           2.4  1919   0.0    0.0       T
  MONTH TO DATE    0.3                       2.6   -2.3      1.2
  SINCE MAR 1      9.9                      15.5   -5.6     25.7
  SINCE JUL 1    112.9                      94.3   18.6    129.9
  SNOW DEPTH       0

DEGREE DAYS
 HEATING
  YESTERDAY       22                        15      7       23
  MONTH TO DATE  503                       518    -15      510
  SINCE MAR 1   1605                      1479    126     1688
  SINCE JUL 1   6753                      6223    530     6794

 COOLING
  YESTERDAY        0                         0      0        0
  MONTH TO DATE    0                         0      0        0
  SINCE MAR 1      0                         0      0        0
  SINCE JAN 1      0                         0      0        0
..................................................................


WIND (MPH)
  HIGHEST WIND SPEED    16   HIGHEST WIND DIRECTION     W (250)
  HIGHEST GUST SPEED    21   HIGHEST GUST DIRECTION     N (340)
  AVERAGE WIND SPEED     6.2


SKY COVER
  AVERAGE SKY COVER 0.6


WEATHER CONDITIONS
 THE FOLLOWING WEATHER WAS RECORDED YESTERDAY.
  NO SIGNIFICANT WEATHER WAS OBSERVED.


RELATIVE HUMIDITY (PERCENT)
 HIGHEST    82           600 AM
 LOWEST     44           300 PM
 AVERAGE    63

..........................................................


THE BUFFALO NY CLIMATE NORMALS FOR TODAY
                         NORMAL    RECORD    YEAR
 MAXIMUM TEMPERATURE (F)   60        84      1984
 MINIMUM TEMPERATURE (F)   41        25      1993


SUNRISE AND SUNSET
APRIL 27 2015.........SUNRISE   615 AM EDT   SUNSET   811 PM EDT
APRIL 28 2015.........SUNRISE   614 AM EDT   SUNSET   812 PM EDT


-  INDICATES NEGATIVE NUMBERS.
R  INDICATES RECORD WAS SET OR TIED.
MM INDICATES DATA IS MISSING.
T  INDICATES TRACE AMOUNT.




$$
