000
CDUS41 KBUF 251020
CLIBUF


CLIMATE REPORT
NATIONAL WEATHER SERVICE BUFFALO NY
619 AM EDT SAT APR 25 2015


...................................

...THE BUFFALO NY CLIMATE SUMMARY FOR APRIL 24 2015...

CLIMATE NORMAL PERIOD 1981 TO 2010
CLIMATE RECORD PERIOD 1871 TO 2015


WEATHER ITEM   OBSERVED TIME   RECORD YEAR NORMAL DEPARTURE LAST
                VALUE   (LST)  VALUE       VALUE  FROM      YEAR
                                                  NORMAL
..................................................................
TEMPERATURE (F)
 YESTERDAY
  MAXIMUM         40    658 PM  87    1957  59    -19       54
  MINIMUM         31   1156 PM  23    1919  40     -9       32
  AVERAGE         36                        49    -13       43

PRECIPITATION (IN)
  YESTERDAY        T             0.66 1992   0.09  -0.09     0.00
  MONTH TO DATE    2.67                      2.43   0.24     3.23
  SINCE MAR 1      4.11                      5.30  -1.19     5.78
  SINCE JAN 1      9.10                     10.97  -1.87    12.56

SNOWFALL (IN)
  YESTERDAY        T             1.2  2005   0.1   -0.1      0.0
  MONTH TO DATE    0.3                       2.6   -2.3      1.2
  SINCE MAR 1      9.9                      15.5   -5.6     25.7
  SINCE JUL 1    112.9                      94.3   18.6    129.9
  SNOW DEPTH       0

DEGREE DAYS
 HEATING
  YESTERDAY       29                        16     13       22
  MONTH TO DATE  455                       488    -33      474
  SINCE MAR 1   1557                      1449    108     1652
  SINCE JUL 1   6705                      6193    512     6758

 COOLING
  YESTERDAY        0                         0      0        0
  MONTH TO DATE    0                         0      0        0
  SINCE MAR 1      0                         0      0        0
  SINCE JAN 1      0                         0      0        0
..................................................................


WIND (MPH)
  HIGHEST WIND SPEED    26   HIGHEST WIND DIRECTION    SW (240)
  HIGHEST GUST SPEED    31   HIGHEST GUST DIRECTION    SW (230)
  AVERAGE WIND SPEED    13.0


SKY COVER
  AVERAGE SKY COVER 0.6


WEATHER CONDITIONS
 THE FOLLOWING WEATHER WAS RECORDED YESTERDAY.
  LIGHT RAIN
  LIGHT SNOW


RELATIVE HUMIDITY (PERCENT)
 HIGHEST    72           500 AM
 LOWEST     40          1100 AM
 AVERAGE    56

..........................................................


THE BUFFALO NY CLIMATE NORMALS FOR TODAY
                         NORMAL    RECORD    YEAR
 MAXIMUM TEMPERATURE (F)   59        87      1957
 MINIMUM TEMPERATURE (F)   40        21      1919


SUNRISE AND SUNSET
APRIL 25 2015.........SUNRISE   618 AM EDT   SUNSET   809 PM EDT
APRIL 26 2015.........SUNRISE   616 AM EDT   SUNSET   810 PM EDT


-  INDICATES NEGATIVE NUMBERS.
R  INDICATES RECORD WAS SET OR TIED.
MM INDICATES DATA IS MISSING.
T  INDICATES TRACE AMOUNT.




$$
