000
CDUS41 KBUF 121020
CLIBUF


CLIMATE REPORT
NATIONAL WEATHER SERVICE BUFFALO NY
616 AM EDT SUN APR 12 2015


...................................

...THE BUFFALO NY CLIMATE SUMMARY FOR APRIL 11 2015...

CLIMATE NORMAL PERIOD 1981 TO 2010
CLIMATE RECORD PERIOD 1871 TO 2015


WEATHER ITEM   OBSERVED TIME   RECORD YEAR NORMAL DEPARTURE LAST
                VALUE   (LST)  VALUE       VALUE  FROM      YEAR
                                                  NORMAL
..................................................................
TEMPERATURE (F)
 YESTERDAY
  MAXIMUM         44    257 PM  86    1945  53     -9       60
  MINIMUM         34   1159 PM  16    1909  35     -1       37
  AVERAGE         39                        44     -5       49

PRECIPITATION (IN)
  YESTERDAY        0.01          1.20 1894   0.11  -0.10     0.01
  MONTH TO DATE    1.56                      1.17   0.39     2.02
  SINCE MAR 1      3.00                      4.04  -1.04     4.57
  SINCE JAN 1      7.99                      9.71  -1.72    11.35

SNOWFALL (IN)
  YESTERDAY        0.0           8.9  1894   0.1   -0.1      0.0
  MONTH TO DATE    0.3                       1.7   -1.4      0.2
  SINCE MAR 1      9.9                      14.6   -4.7     24.7
  SINCE JUL 1    112.9                      93.4   19.5    128.9
  SNOW DEPTH       0

DEGREE DAYS
 HEATING
  YESTERDAY       26                        21      5       16
  MONTH TO DATE  243                       253    -10      254
  SINCE MAR 1   1345                      1214    131     1432
  SINCE JUL 1   6493                      5958    535     6538

 COOLING
  YESTERDAY        0                         0      0        0
  MONTH TO DATE    0                         0      0        0
  SINCE MAR 1      0                         0      0        0
  SINCE JAN 1      0                         0      0        0
..................................................................


WIND (MPH)
  HIGHEST WIND SPEED    23   HIGHEST WIND DIRECTION    SW (240)
  HIGHEST GUST SPEED    30   HIGHEST GUST DIRECTION    SW (240)
  AVERAGE WIND SPEED    13.8


SKY COVER
  AVERAGE SKY COVER 0.5


WEATHER CONDITIONS
 THE FOLLOWING WEATHER WAS RECORDED YESTERDAY.
  LIGHT RAIN


RELATIVE HUMIDITY (PERCENT)
 HIGHEST    82           900 AM
 LOWEST     64           700 PM
 AVERAGE    73

..........................................................


THE BUFFALO NY CLIMATE NORMALS FOR TODAY
                         NORMAL    RECORD    YEAR
 MAXIMUM TEMPERATURE (F)   54        80      2001
 MINIMUM TEMPERATURE (F)   36        20      1874


SUNRISE AND SUNSET
APRIL 12 2015.........SUNRISE   639 AM EDT   SUNSET   754 PM EDT
APRIL 13 2015.........SUNRISE   637 AM EDT   SUNSET   755 PM EDT


-  INDICATES NEGATIVE NUMBERS.
R  INDICATES RECORD WAS SET OR TIED.
MM INDICATES DATA IS MISSING.
T  INDICATES TRACE AMOUNT.




$$
