000
CDUS41 KBUF 031018
CLIROC


CLIMATE REPORT
NATIONAL WEATHER SERVICE BUFFALO NY
613 AM EDT SUN MAY 3 2015


...................................

...THE ROCHESTER NY CLIMATE SUMMARY FOR MAY 2 2015...

CLIMATE NORMAL PERIOD 1981 TO 2010
CLIMATE RECORD PERIOD 1871 TO 2015


WEATHER ITEM   OBSERVED TIME   RECORD YEAR NORMAL DEPARTURE LAST
                VALUE   (LST)  VALUE       VALUE  FROM      YEAR
                                                  NORMAL
..................................................................
TEMPERATURE (F)
 YESTERDAY
  MAXIMUM         73    425 PM  85    2001  63     10       56
                                      1942
                                      1887
  MINIMUM         45    506 AM  26    1979  42      3       47
  AVERAGE         59                        52      7       52

PRECIPITATION (IN)
  YESTERDAY        0.00          1.07 1992   0.09  -0.09     0.01
  MONTH TO DATE    0.00                      0.18  -0.18     0.02
  SINCE MAR 1      4.04                      5.41  -1.37     6.23
  SINCE JAN 1      8.29                      9.77  -1.48     9.85

SNOWFALL (IN)
  YESTERDAY        0.0           3.0  1909   0.1   -0.1      0.0
  MONTH TO DATE    0.0                       0.1   -0.1      0.0
  SINCE MAR 1     13.3                      20.3   -7.0     29.6
  SINCE JUL 1    101.9                      99.2    2.7    112.7
  SNOW DEPTH       0

DEGREE DAYS
 HEATING
  YESTERDAY        6                        13     -7       13
  MONTH TO DATE   16                        26    -10       22
  SINCE MAR 1   1608                      1543     65     1732
  SINCE JUL 1   6702                      6329    373     6817

 COOLING
  YESTERDAY        0                         0      0        0
  MONTH TO DATE    0                         0      0        0
  SINCE MAR 1      0                         4     -4        1
  SINCE JAN 1      0                         4     -4        1
..................................................................


WIND (MPH)
  HIGHEST WIND SPEED    16   HIGHEST WIND DIRECTION     N (360)
  HIGHEST GUST SPEED    23   HIGHEST GUST DIRECTION     N (10)
  AVERAGE WIND SPEED     7.0


SKY COVER
  AVERAGE SKY COVER 0.2


WEATHER CONDITIONS
 THE FOLLOWING WEATHER WAS RECORDED YESTERDAY.
  NO SIGNIFICANT WEATHER WAS OBSERVED.


RELATIVE HUMIDITY (PERCENT)
 HIGHEST    76           500 AM
 LOWEST     25           500 PM
 AVERAGE    51

..........................................................


THE ROCHESTER NY CLIMATE NORMALS FOR TODAY
                         NORMAL    RECORD    YEAR
 MAXIMUM TEMPERATURE (F)   63        91      1944
 MINIMUM TEMPERATURE (F)   42        27      1911


SUNRISE AND SUNSET
MAY  3 2015...........SUNRISE   602 AM EDT   SUNSET   814 PM EDT
MAY  4 2015...........SUNRISE   601 AM EDT   SUNSET   815 PM EDT


-  INDICATES NEGATIVE NUMBERS.
R  INDICATES RECORD WAS SET OR TIED.
MM INDICATES DATA IS MISSING.
T  INDICATES TRACE AMOUNT.




$$
