000
CDUS41 KBUF 050706
CLIROC


CLIMATE REPORT
NATIONAL WEATHER SERVICE BUFFALO NY
305 AM EDT TUE MAY 5 2015


...................................

...THE ROCHESTER NY CLIMATE SUMMARY FOR MAY 4 2015...

CLIMATE NORMAL PERIOD 1981 TO 2010
CLIMATE RECORD PERIOD 1871 TO 2015


WEATHER ITEM   OBSERVED TIME   RECORD YEAR NORMAL DEPARTURE LAST
                VALUE   (LST)  VALUE       VALUE  FROM      YEAR
                                                  NORMAL
..................................................................
TEMPERATURE (F)
 YESTERDAY
  MAXIMUM         83   1229 PM  91    1949  64     19       57
  MINIMUM         54   1222 AM  30    1926  43     11       44
                                      1911
  AVERAGE         69                        53     16       51

PRECIPITATION (IN)
  YESTERDAY        T             2.47 1893   0.10  -0.10      T
  MONTH TO DATE    T                         0.37  -0.37     0.07
  SINCE MAR 1      4.04                      5.60  -1.56     6.28
  SINCE JAN 1      8.29                      9.96  -1.67     9.90

SNOWFALL (IN)
  YESTERDAY        0.0           T    1966   0.0    0.0      0.0
  MONTH TO DATE    0.0                       0.1   -0.1       T
  SINCE MAR 1     13.3                      20.3   -7.0     29.6
  SINCE JUL 1    101.9                      99.2    2.7    112.7
  SNOW DEPTH       0

DEGREE DAYS
 HEATING
  YESTERDAY        0                        12    -12       14
  MONTH TO DATE   17                        51    -34       48
  SINCE MAR 1   1609                      1568     41     1758
  SINCE JUL 1   6703                      6354    349     6843

 COOLING
  YESTERDAY        4                         0      4        0
  MONTH TO DATE    4                         0      4        0
  SINCE MAR 1      4                         4      0        1
  SINCE JAN 1      4                         4      0        1
..................................................................


WIND (MPH)
  HIGHEST WIND SPEED    28   HIGHEST WIND DIRECTION    SW (230)
  HIGHEST GUST SPEED    37   HIGHEST GUST DIRECTION    SW (220)
  AVERAGE WIND SPEED    11.8


SKY COVER
  AVERAGE SKY COVER 0.6


WEATHER CONDITIONS
 THE FOLLOWING WEATHER WAS RECORDED YESTERDAY.
  NO SIGNIFICANT WEATHER WAS OBSERVED.


RELATIVE HUMIDITY (PERCENT)
 HIGHEST    78          1100 PM
 LOWEST     24          1200 PM
 AVERAGE    51

..........................................................


THE ROCHESTER NY CLIMATE NORMALS FOR TODAY
                         NORMAL    RECORD    YEAR
 MAXIMUM TEMPERATURE (F)   64        88      1949
 MINIMUM TEMPERATURE (F)   43        29      1974


SUNRISE AND SUNSET
MAY  5 2015...........SUNRISE   559 AM EDT   SUNSET   816 PM EDT
MAY  6 2015...........SUNRISE   558 AM EDT   SUNSET   817 PM EDT


-  INDICATES NEGATIVE NUMBERS.
R  INDICATES RECORD WAS SET OR TIED.
MM INDICATES DATA IS MISSING.
T  INDICATES TRACE AMOUNT.




$$
