000
CDUS41 KBUF 211006
CLIROC


CLIMATE REPORT
NATIONAL WEATHER SERVICE BUFFALO NY
604 AM EDT TUE APR 21 2015


...................................

...THE ROCHESTER NY CLIMATE SUMMARY FOR APRIL 20 2015...

CLIMATE NORMAL PERIOD 1981 TO 2010
CLIMATE RECORD PERIOD 1871 TO 2015


WEATHER ITEM   OBSERVED TIME   RECORD YEAR NORMAL DEPARTURE LAST
                VALUE   (LST)  VALUE       VALUE  FROM      YEAR
                                                  NORMAL
..................................................................
TEMPERATURE (F)
 YESTERDAY
  MAXIMUM         71    208 PM  86    1941  58     13       69
  MINIMUM         45    458 AM  20    1904  38      7       31
                                      1897
  AVERAGE         58                        48     10       50

PRECIPITATION (IN)
  YESTERDAY        0.90          1.41 2011   0.08   0.82     0.00
  MONTH TO DATE    2.60                      1.87   0.73     2.04
  SINCE MAR 1      3.94                      4.37  -0.43     4.40
  SINCE JAN 1      8.19                      8.73  -0.54     8.02

SNOWFALL (IN)
  YESTERDAY        0.0           5.6  1901   0.1   -0.1      0.0
  MONTH TO DATE    T                         3.4   -3.4      0.3
  SINCE MAR 1     12.8                      19.7   -6.9     29.6
  SINCE JUL 1    101.4                      98.6    2.8    112.7
  SNOW DEPTH       0

DEGREE DAYS
 HEATING
  YESTERDAY        7                        17    -10       15
  MONTH TO DATE  325                       415    -90      401
  SINCE MAR 1   1403                      1367     36     1549
  SINCE JUL 1   6497                      6153    344     6634

 COOLING
  YESTERDAY        0                         0      0        0
  MONTH TO DATE    0                         0      0        1
  SINCE MAR 1      0                         0      0        1
  SINCE JAN 1      0                         0      0        1
..................................................................


WIND (MPH)
  HIGHEST WIND SPEED    26   HIGHEST WIND DIRECTION     S (160)
  HIGHEST GUST SPEED    38   HIGHEST GUST DIRECTION    SE (150)
  AVERAGE WIND SPEED    16.2


SKY COVER
  AVERAGE SKY COVER 0.9


WEATHER CONDITIONS
 THE FOLLOWING WEATHER WAS RECORDED YESTERDAY.
  THUNDERSTORM
  HEAVY RAIN
  RAIN
  LIGHT RAIN
  FOG


RELATIVE HUMIDITY (PERCENT)
 HIGHEST    86           200 AM
 LOWEST     53           100 PM
 AVERAGE    70

..........................................................


THE ROCHESTER NY CLIMATE NORMALS FOR TODAY
                         NORMAL    RECORD    YEAR
 MAXIMUM TEMPERATURE (F)   59        87      1973
 MINIMUM TEMPERATURE (F)   39        20      1875


SUNRISE AND SUNSET
APRIL 21 2015.........SUNRISE   619 AM EDT   SUNSET   800 PM EDT
APRIL 22 2015.........SUNRISE   618 AM EDT   SUNSET   801 PM EDT


-  INDICATES NEGATIVE NUMBERS.
R  INDICATES RECORD WAS SET OR TIED.
MM INDICATES DATA IS MISSING.
T  INDICATES TRACE AMOUNT.




$$
