000
CDUS41 KBUF 121020
CLIROC


CLIMATE REPORT
NATIONAL WEATHER SERVICE BUFFALO NY
616 AM EDT SUN APR 12 2015


...................................

...THE ROCHESTER NY CLIMATE SUMMARY FOR APRIL 11 2015...

CLIMATE NORMAL PERIOD 1981 TO 2010
CLIMATE RECORD PERIOD 1871 TO 2015


WEATHER ITEM   OBSERVED TIME   RECORD YEAR NORMAL DEPARTURE LAST
                VALUE   (LST)  VALUE       VALUE  FROM      YEAR
                                                  NORMAL
..................................................................
TEMPERATURE (F)
 YESTERDAY
  MAXIMUM         50    453 PM  85    1945  54     -4       58
  MINIMUM         36   1159 PM  14    1970  35      1       39
  AVERAGE         43                        45     -2       49

PRECIPITATION (IN)
  YESTERDAY        0.00          0.80 1922   0.10  -0.10     0.02
  MONTH TO DATE    1.26                      1.05   0.21     1.40
  SINCE MAR 1      2.60                      3.55  -0.95     3.76
  SINCE JAN 1      6.85                      7.91  -1.06     7.38

SNOWFALL (IN)
  YESTERDAY        0.0           9.0  1894   0.2   -0.2      0.0
  MONTH TO DATE    T                         2.3   -2.3      0.1
  SINCE MAR 1     12.8                      18.6   -5.8     29.4
  SINCE JUL 1    101.4                      97.5    3.9    112.5
  SNOW DEPTH       0

DEGREE DAYS
 HEATING
  YESTERDAY       22                        21      1       16
  MONTH TO DATE  231                       249    -18      253
  SINCE MAR 1   1309                      1201    108     1401
  SINCE JUL 1   6403                      5987    416     6486

 COOLING
  YESTERDAY        0                         0      0        0
  MONTH TO DATE    0                         0      0        0
  SINCE MAR 1      0                         0      0        0
  SINCE JAN 1      0                         0      0        0
..................................................................


WIND (MPH)
  HIGHEST WIND SPEED    26   HIGHEST WIND DIRECTION     W (270)
  HIGHEST GUST SPEED    34   HIGHEST GUST DIRECTION     W (270)
  AVERAGE WIND SPEED    14.9


SKY COVER
  AVERAGE SKY COVER 0.6


WEATHER CONDITIONS
 THE FOLLOWING WEATHER WAS RECORDED YESTERDAY.
  NO SIGNIFICANT WEATHER WAS OBSERVED.


RELATIVE HUMIDITY (PERCENT)
 HIGHEST    76          1100 PM
 LOWEST     42           300 PM
 AVERAGE    59

..........................................................


THE ROCHESTER NY CLIMATE NORMALS FOR TODAY
                         NORMAL    RECORD    YEAR
 MAXIMUM TEMPERATURE (F)   55        85      1945
 MINIMUM TEMPERATURE (F)   36        20      1882
                                             1880
                                             1874


SUNRISE AND SUNSET
APRIL 12 2015.........SUNRISE   634 AM EDT   SUNSET   750 PM EDT
APRIL 13 2015.........SUNRISE   632 AM EDT   SUNSET   751 PM EDT


-  INDICATES NEGATIVE NUMBERS.
R  INDICATES RECORD WAS SET OR TIED.
MM INDICATES DATA IS MISSING.
T  INDICATES TRACE AMOUNT.




$$
