000
CDUS41 KBUF 312050
CLIROC


CLIMATE REPORT
NATIONAL WEATHER SERVICE BUFFALO NY
449 PM EDT TUE MAR 31 2015


...................................

...THE ROCHESTER NY CLIMATE SUMMARY FOR MARCH 31 2015...
VALID TODAY AS OF 0400 PM LOCAL TIME.

CLIMATE NORMAL PERIOD 1981 TO 2010
CLIMATE RECORD PERIOD 1871 TO 2015


WEATHER ITEM   OBSERVED TIME   RECORD YEAR NORMAL DEPARTURE LAST
                VALUE   (LST)  VALUE       VALUE  FROM      YEAR
                                                  NORMAL
..................................................................
TEMPERATURE (F)
 TODAY
  MAXIMUM         42    323 PM  83    1998  49     -7       48
  MINIMUM         27    518 AM   8    1923  31     -4       22
  AVERAGE         35                        40     -5       35

PRECIPITATION (IN)
  TODAY            0.00          1.09 1932   0.09  -0.09     0.00
  MONTH TO DATE    1.34                      2.50  -1.16     2.36
  SINCE MAR 1      1.34                      2.50  -1.16     2.36
  SINCE JAN 1      5.59                      6.86  -1.27     5.98

SNOWFALL (IN)
  TODAY            0.0           5.2  1989   0.3   -0.3      0.0
  MONTH TO DATE   12.8                      16.3   -3.5     29.3
  SINCE MAR 1     12.8                      16.3   -3.5     29.3
  SINCE JUL 1    101.4                      95.2    6.2    112.4
  SNOW DEPTH       0

DEGREE DAYS
 HEATING
  TODAY           30                        25      5       30
  MONTH TO DATE 1078                       952    126     1148
  SINCE MAR 1   1078                       952    126     1148
  SINCE JUL 1   6172                      5738    434     6233

 COOLING
  TODAY            0                         0      0        0
  MONTH TO DATE    0                         0      0        0
  SINCE MAR 1      0                         0      0        0
  SINCE JAN 1      0                         0      0        0
..................................................................


WIND (MPH)
  HIGHEST WIND SPEED    12   HIGHEST WIND DIRECTION    NE (40)
  HIGHEST GUST SPEED    15   HIGHEST GUST DIRECTION    NE (40)
  AVERAGE WIND SPEED     4.5


SKY COVER
  AVERAGE SKY COVER 0.7


WEATHER CONDITIONS
 THE FOLLOWING WEATHER WAS RECORDED TODAY.
  NO SIGNIFICANT WEATHER WAS OBSERVED.


RELATIVE HUMIDITY (PERCENT)
 HIGHEST    84           500 AM
 LOWEST     55           300 PM
 AVERAGE    70

..........................................................


THE ROCHESTER NY CLIMATE NORMALS FOR TOMORROW
                         NORMAL    RECORD    YEAR
 MAXIMUM TEMPERATURE (F)   49        85      1986
 MINIMUM TEMPERATURE (F)   31         7      1923


SUNRISE AND SUNSET
MARCH 31 2015.........SUNRISE   655 AM EDT   SUNSET   736 PM EDT
APRIL  1 2015.........SUNRISE   653 AM EDT   SUNSET   737 PM EDT


-  INDICATES NEGATIVE NUMBERS.
R  INDICATES RECORD WAS SET OR TIED.
MM INDICATES DATA IS MISSING.
T  INDICATES TRACE AMOUNT.




$$
