000
CDUS41 KBUF 242031
CLIROC


CLIMATE REPORT
NATIONAL WEATHER SERVICE BUFFALO NY
430 PM EDT FRI APR 24 2015


...................................

...THE ROCHESTER NY CLIMATE SUMMARY FOR APRIL 24 2015...
VALID TODAY AS OF 0400 PM LOCAL TIME.

CLIMATE NORMAL PERIOD 1981 TO 2010
CLIMATE RECORD PERIOD 1871 TO 2015


WEATHER ITEM   OBSERVED TIME   RECORD YEAR NORMAL DEPARTURE LAST
                VALUE   (LST)  VALUE       VALUE  FROM      YEAR
                                                  NORMAL
..................................................................
TEMPERATURE (F)
 TODAY
  MAXIMUM         42    324 PM  83    1960  60    -18       54
  MINIMUM         32    632 AM  23    1919  40     -8       33
  AVERAGE         37                        50    -13       44

PRECIPITATION (IN)
  TODAY            T             1.07 1984   0.09  -0.09     0.00
  MONTH TO DATE    2.70                      2.20   0.50     2.57
  SINCE MAR 1      4.04                      4.70  -0.66     4.93
  SINCE JAN 1      8.29                      9.06  -0.77     8.55

SNOWFALL (IN)
  TODAY            0.1           3.9  1875   0.1    0.0      0.0
  MONTH TO DATE    0.5                       3.7   -3.2      0.3
  SINCE MAR 1     13.3                      20.0   -6.7     29.6
  SINCE JUL 1    101.9                      98.9    3.0    112.7
  SNOW DEPTH       T
SNOWFALL THROUGH 0200 PM

DEGREE DAYS
 HEATING
  TODAY           28                        16     12       21
  MONTH TO DATE  420                       480    -60      462
  SINCE MAR 1   1498                      1432     66     1610
  SINCE JUL 1   6592                      6218    374     6695

 COOLING
  TODAY            0                         0      0        0
  MONTH TO DATE    0                         0      0        1
  SINCE MAR 1      0                         0      0        1
  SINCE JAN 1      0                         0      0        1
..................................................................


WIND (MPH)
  HIGHEST WIND SPEED    22   HIGHEST WIND DIRECTION    NW (320)
  HIGHEST GUST SPEED    28   HIGHEST GUST DIRECTION    NW (320)
  AVERAGE WIND SPEED    13.5


SKY COVER
  AVERAGE SKY COVER 1.0


WEATHER CONDITIONS
 THE FOLLOWING WEATHER WAS RECORDED TODAY.
  LIGHT SNOW


RELATIVE HUMIDITY (PERCENT)
 HIGHEST    75           900 AM
 LOWEST     41           300 PM
 AVERAGE    58

..........................................................


THE ROCHESTER NY CLIMATE NORMALS FOR TOMORROW
                         NORMAL    RECORD    YEAR
 MAXIMUM TEMPERATURE (F)   60        86      1915
 MINIMUM TEMPERATURE (F)   40        21      1919


SUNRISE AND SUNSET
APRIL 24 2015.........SUNRISE   615 AM EDT   SUNSET   804 PM EDT
APRIL 25 2015.........SUNRISE   613 AM EDT   SUNSET   805 PM EDT


-  INDICATES NEGATIVE NUMBERS.
R  INDICATES RECORD WAS SET OR TIED.
MM INDICATES DATA IS MISSING.
T  INDICATES TRACE AMOUNT.

$$
