000
CDUS41 KBUF 020706
CLIROC


CLIMATE REPORT
NATIONAL WEATHER SERVICE BUFFALO NY
305 AM EDT THU APR 2 2015


...................................

...THE ROCHESTER NY CLIMATE SUMMARY FOR APRIL 1 2015...

CLIMATE NORMAL PERIOD 1981 TO 2010
CLIMATE RECORD PERIOD 1871 TO 2015


WEATHER ITEM   OBSERVED TIME   RECORD YEAR NORMAL DEPARTURE LAST
                VALUE   (LST)  VALUE       VALUE  FROM      YEAR
                                                  NORMAL
..................................................................
TEMPERATURE (F)
 YESTERDAY
  MAXIMUM         45    402 PM  85    1986  49     -4       54
  MINIMUM         27    200 AM   7    1923  31     -4       26
  AVERAGE         36                        40     -4       40

PRECIPITATION (IN)
  YESTERDAY        0.00          0.73 1993   0.09  -0.09     0.00
  MONTH TO DATE    0.00                      0.09  -0.09     0.00
  SINCE MAR 1      1.34                      2.59  -1.25     2.36
  SINCE JAN 1      5.59                      6.95  -1.36     5.98

SNOWFALL (IN)
  YESTERDAY        0.0           5.0  1962   0.2   -0.2      0.0
  MONTH TO DATE    0.0                       0.2   -0.2      0.0
  SINCE MAR 1     12.8                      16.5   -3.7     29.3
  SINCE JUL 1    101.4                      95.4    6.0    112.4
  SNOW DEPTH       0

DEGREE DAYS
 HEATING
  YESTERDAY       29                        25      4       25
  MONTH TO DATE   29                        25      4       25
  SINCE MAR 1   1107                       977    130     1173
  SINCE JUL 1   6201                      5763    438     6258

 COOLING
  YESTERDAY        0                         0      0        0
  MONTH TO DATE    0                         0      0        0
  SINCE MAR 1      0                         0      0        0
  SINCE JAN 1      0                         0      0        0
..................................................................


WIND (MPH)
  HIGHEST WIND SPEED    13   HIGHEST WIND DIRECTION    NW (320)
  HIGHEST GUST SPEED    19   HIGHEST GUST DIRECTION     N (10)
  AVERAGE WIND SPEED     5.8


SKY COVER
  AVERAGE SKY COVER 0.3


WEATHER CONDITIONS
 THE FOLLOWING WEATHER WAS RECORDED YESTERDAY.
  NO SIGNIFICANT WEATHER WAS OBSERVED.


RELATIVE HUMIDITY (PERCENT)
 HIGHEST    85           600 AM
 LOWEST     27           100 PM
 AVERAGE    56

..........................................................


THE ROCHESTER NY CLIMATE NORMALS FOR TODAY
                         NORMAL    RECORD    YEAR
 MAXIMUM TEMPERATURE (F)   50        86      2010
 MINIMUM TEMPERATURE (F)   32        19      1911
                                             1883


SUNRISE AND SUNSET
APRIL  2 2015.........SUNRISE   651 AM EDT   SUNSET   738 PM EDT
APRIL  3 2015.........SUNRISE   650 AM EDT   SUNSET   739 PM EDT


-  INDICATES NEGATIVE NUMBERS.
R  INDICATES RECORD WAS SET OR TIED.
MM INDICATES DATA IS MISSING.
T  INDICATES TRACE AMOUNT.




$$
