000
CDUS41 KBUF 231026
CLIROC


CLIMATE REPORT
NATIONAL WEATHER SERVICE BUFFALO NY
621 AM EDT THU APR 23 2015


...................................

...THE ROCHESTER NY CLIMATE SUMMARY FOR APRIL 22 2015...

CLIMATE NORMAL PERIOD 1981 TO 2010
CLIMATE RECORD PERIOD 1871 TO 2015


WEATHER ITEM   OBSERVED TIME   RECORD YEAR NORMAL DEPARTURE LAST
                VALUE   (LST)  VALUE       VALUE  FROM      YEAR
                                                  NORMAL
..................................................................
TEMPERATURE (F)
 YESTERDAY
  MAXIMUM         51    141 PM  84    1985  59     -8       62
                                      1902
  MINIMUM         35   1159 PM  26    1975  39     -4       42
                                      1875
  AVERAGE         43                        49     -6       52

PRECIPITATION (IN)
  YESTERDAY        0.05          0.87 1977   0.08  -0.03     0.30
  MONTH TO DATE    2.65                      2.03   0.62     2.34
  SINCE MAR 1      3.99                      4.53  -0.54     4.70
  SINCE JAN 1      8.24                      8.89  -0.65     8.32

SNOWFALL (IN)
  YESTERDAY        T             1.4  1993   0.0    0.0      0.0
  MONTH TO DATE    T                         3.5   -3.5      0.3
  SINCE MAR 1     12.8                      19.8   -7.0     29.6
  SINCE JUL 1    101.4                      98.7    2.7    112.7
  SNOW DEPTH       0

DEGREE DAYS
 HEATING
  YESTERDAY       22                        16      6       13
  MONTH TO DATE  362                       448    -86      419
  SINCE MAR 1   1440                      1400     40     1567
  SINCE JUL 1   6534                      6186    348     6652

 COOLING
  YESTERDAY        0                         0      0        0
  MONTH TO DATE    0                         0      0        1
  SINCE MAR 1      0                         0      0        1
  SINCE JAN 1      0                         0      0        1
..................................................................


WIND (MPH)
  HIGHEST WIND SPEED    30   HIGHEST WIND DIRECTION     W (250)
  HIGHEST GUST SPEED    38   HIGHEST GUST DIRECTION    SW (240)
  AVERAGE WIND SPEED    14.2


SKY COVER
  AVERAGE SKY COVER 0.9


WEATHER CONDITIONS
 THE FOLLOWING WEATHER WAS RECORDED YESTERDAY.
  LIGHT RAIN
  SNOW
  LIGHT SNOW


RELATIVE HUMIDITY (PERCENT)
 HIGHEST    89          1000 PM
 LOWEST     36           400 PM
 AVERAGE    63

..........................................................


THE ROCHESTER NY CLIMATE NORMALS FOR TODAY
                         NORMAL    RECORD    YEAR
 MAXIMUM TEMPERATURE (F)   60        90      1885
 MINIMUM TEMPERATURE (F)   39        24      1989
                                             1930


SUNRISE AND SUNSET
APRIL 23 2015.........SUNRISE   616 AM EDT   SUNSET   802 PM EDT
APRIL 24 2015.........SUNRISE   615 AM EDT   SUNSET   804 PM EDT


-  INDICATES NEGATIVE NUMBERS.
R  INDICATES RECORD WAS SET OR TIED.
MM INDICATES DATA IS MISSING.
T  INDICATES TRACE AMOUNT.




$$
