000
CDUS41 KBUF 290706
CLIROC


CLIMATE REPORT
NATIONAL WEATHER SERVICE BUFFALO NY
305 AM EDT WED APR 29 2015


...................................

...THE ROCHESTER NY CLIMATE SUMMARY FOR APRIL 28 2015...

CLIMATE NORMAL PERIOD 1981 TO 2010
CLIMATE RECORD PERIOD 1871 TO 2015


WEATHER ITEM   OBSERVED TIME   RECORD YEAR NORMAL DEPARTURE LAST
                VALUE   (LST)  VALUE       VALUE  FROM      YEAR
                                                  NORMAL
..................................................................
TEMPERATURE (F)
 YESTERDAY
  MAXIMUM         66    443 PM  93    1990  62      4       57
  MINIMUM         41    424 AM  25    1947  41      0       32
  AVERAGE         54                        51      3       45

PRECIPITATION (IN)
  YESTERDAY        T             1.18 1889   0.09  -0.09     0.00
  MONTH TO DATE    2.70                      2.55   0.15     2.77
  SINCE MAR 1      4.04                      5.05  -1.01     5.13
  SINCE JAN 1      8.29                      9.41  -1.12     8.75

SNOWFALL (IN)
  YESTERDAY       MM             0.5  1885   0.0   MM        0.0
  MONTH TO DATE    0.5                       3.8   -3.3      0.3
  SINCE MAR 1     13.3                      20.1   -6.8     29.6
  SINCE JUL 1    101.9                      99.0    2.9    112.7
  SNOW DEPTH       0

DEGREE DAYS
 HEATING
  YESTERDAY       11                        14     -3       20
  MONTH TO DATE  495                       538    -43      534
  SINCE MAR 1   1573                      1490     83     1682
  SINCE JUL 1   6667                      6276    391     6767

 COOLING
  YESTERDAY        0                         0      0        0
  MONTH TO DATE    0                         0      0        1
  SINCE MAR 1      0                         0      0        1
  SINCE JAN 1      0                         0      0        1
..................................................................


WIND (MPH)
  HIGHEST WIND SPEED    20   HIGHEST WIND DIRECTION     W (290)
  HIGHEST GUST SPEED    27   HIGHEST GUST DIRECTION    NW (300)
  AVERAGE WIND SPEED    10.9


SKY COVER
  AVERAGE SKY COVER 0.5


WEATHER CONDITIONS
 THE FOLLOWING WEATHER WAS RECORDED YESTERDAY.
  LIGHT RAIN


RELATIVE HUMIDITY (PERCENT)
 HIGHEST    82           500 AM
 LOWEST     37           400 PM
 AVERAGE    60

..........................................................


THE ROCHESTER NY CLIMATE NORMALS FOR TODAY
                         NORMAL    RECORD    YEAR
 MAXIMUM TEMPERATURE (F)   62        86      1899
 MINIMUM TEMPERATURE (F)   41        27      2012
                                             1977


SUNRISE AND SUNSET
APRIL 29 2015.........SUNRISE   607 AM EDT   SUNSET   809 PM EDT
APRIL 30 2015.........SUNRISE   606 AM EDT   SUNSET   810 PM EDT


-  INDICATES NEGATIVE NUMBERS.
R  INDICATES RECORD WAS SET OR TIED.
MM INDICATES DATA IS MISSING.
T  INDICATES TRACE AMOUNT.




$$
