000
CDUS41 KBUF 262028
CLIROC


CLIMATE REPORT
NATIONAL WEATHER SERVICE BUFFALO NY
427 PM EDT SUN APR 26 2015


...................................

...THE ROCHESTER NY CLIMATE SUMMARY FOR APRIL 26 2015...
VALID TODAY AS OF 0400 PM LOCAL TIME.

CLIMATE NORMAL PERIOD 1981 TO 2010
CLIMATE RECORD PERIOD 1871 TO 2015


WEATHER ITEM   OBSERVED TIME   RECORD YEAR NORMAL DEPARTURE LAST
                VALUE   (LST)  VALUE       VALUE  FROM      YEAR
                                                  NORMAL
..................................................................
TEMPERATURE (F)
 TODAY
  MAXIMUM         54    130 PM  86    1990  61     -7       50
                                      1915
  MINIMUM         33    305 AM  23    1919  40     -7       40
  AVERAGE         44                        50     -6       45

PRECIPITATION (IN)
  TODAY            0.00          1.31 1874   0.09  -0.09     0.03
  MONTH TO DATE    2.70                      2.37   0.33     2.77
  SINCE MAR 1      4.04                      4.87  -0.83     5.13
  SINCE JAN 1      8.29                      9.23  -0.94     8.75

SNOWFALL (IN)
  TODAY            0.0           4.2  1874   0.0    0.0      0.0
  MONTH TO DATE    0.5                       3.7   -3.2      0.3
  SINCE MAR 1     13.3                      20.0   -6.7     29.6
  SINCE JUL 1    101.9                      98.9    3.0    112.7
  SNOW DEPTH       0

DEGREE DAYS
 HEATING
  TODAY           21                        15      6       20
  MONTH TO DATE  466                       510    -44      496
  SINCE MAR 1   1544                      1462     82     1644
  SINCE JUL 1   6638                      6248    390     6729

 COOLING
  TODAY            0                         0      0        0
  MONTH TO DATE    0                         0      0        1
  SINCE MAR 1      0                         0      0        1
  SINCE JAN 1      0                         0      0        1
..................................................................


WIND (MPH)
  HIGHEST WIND SPEED    17   HIGHEST WIND DIRECTION     N (360)
  HIGHEST GUST SPEED    20   HIGHEST GUST DIRECTION     N (350)
  AVERAGE WIND SPEED     5.8


SKY COVER
  AVERAGE SKY COVER 0.8


WEATHER CONDITIONS
 THE FOLLOWING WEATHER WAS RECORDED TODAY.
  NO SIGNIFICANT WEATHER WAS OBSERVED.


RELATIVE HUMIDITY (PERCENT)
 HIGHEST    89           200 AM
 LOWEST     41           200 PM
 AVERAGE    65

..........................................................


THE ROCHESTER NY CLIMATE NORMALS FOR TOMORROW
                         NORMAL    RECORD    YEAR
 MAXIMUM TEMPERATURE (F)   61        86      1990
                                             1962
 MINIMUM TEMPERATURE (F)   41        26      1993


SUNRISE AND SUNSET
APRIL 26 2015.........SUNRISE   612 AM EDT   SUNSET   806 PM EDT
APRIL 27 2015.........SUNRISE   610 AM EDT   SUNSET   807 PM EDT


-  INDICATES NEGATIVE NUMBERS.
R  INDICATES RECORD WAS SET OR TIED.
MM INDICATES DATA IS MISSING.
T  INDICATES TRACE AMOUNT.

$$
