000
CDUS41 KBUF 241019
CLIROC


CLIMATE REPORT
NATIONAL WEATHER SERVICE BUFFALO NY
615 AM EDT FRI APR 24 2015


...................................

...THE ROCHESTER NY CLIMATE SUMMARY FOR APRIL 23 2015...

CLIMATE NORMAL PERIOD 1981 TO 2010
CLIMATE RECORD PERIOD 1871 TO 2015


WEATHER ITEM   OBSERVED TIME   RECORD YEAR NORMAL DEPARTURE LAST
                VALUE   (LST)  VALUE       VALUE  FROM      YEAR
                                                  NORMAL
..................................................................
TEMPERATURE (F)
 YESTERDAY
  MAXIMUM         38    506 PM  90    1885  60    -22       47
  MINIMUM         31    345 AM  24    1989  39     -8       38
                                      1930
  AVERAGE         35                        49    -14       43

PRECIPITATION (IN)
  YESTERDAY        0.05          1.58 2012   0.08  -0.03     0.23
  MONTH TO DATE    2.70                      2.11   0.59     2.57
  SINCE MAR 1      4.04                      4.61  -0.57     4.93
  SINCE JAN 1      8.29                      8.97  -0.68     8.55

SNOWFALL (IN)
  YESTERDAY        0.4           2.8  2012   0.1    0.3      0.0
  MONTH TO DATE    0.4                       3.6   -3.2      0.3
  SINCE MAR 1     13.2                      19.9   -6.7     29.6
  SINCE JUL 1    101.8                      98.8    3.0    112.7
  SNOW DEPTH       0

DEGREE DAYS
 HEATING
  YESTERDAY       30                        16     14       22
  MONTH TO DATE  392                       464    -72      441
  SINCE MAR 1   1470                      1416     54     1589
  SINCE JUL 1   6564                      6202    362     6674

 COOLING
  YESTERDAY        0                         0      0        0
  MONTH TO DATE    0                         0      0        1
  SINCE MAR 1      0                         0      0        1
  SINCE JAN 1      0                         0      0        1
..................................................................


WIND (MPH)
  HIGHEST WIND SPEED    25   HIGHEST WIND DIRECTION     W (280)
  HIGHEST GUST SPEED    32   HIGHEST GUST DIRECTION     W (280)
  AVERAGE WIND SPEED    13.6


SKY COVER
  AVERAGE SKY COVER 0.9


WEATHER CONDITIONS
 THE FOLLOWING WEATHER WAS RECORDED YESTERDAY.
  LIGHT SNOW
  FOG


RELATIVE HUMIDITY (PERCENT)
 HIGHEST    89           100 AM
 LOWEST     52          1200 PM
 AVERAGE    71

..........................................................


THE ROCHESTER NY CLIMATE NORMALS FOR TODAY
                         NORMAL    RECORD    YEAR
 MAXIMUM TEMPERATURE (F)   60        83      1960
 MINIMUM TEMPERATURE (F)   40        23      1919


SUNRISE AND SUNSET
APRIL 24 2015.........SUNRISE   615 AM EDT   SUNSET   804 PM EDT
APRIL 25 2015.........SUNRISE   613 AM EDT   SUNSET   805 PM EDT


-  INDICATES NEGATIVE NUMBERS.
R  INDICATES RECORD WAS SET OR TIED.
MM INDICATES DATA IS MISSING.
T  INDICATES TRACE AMOUNT.




$$
