000
CDUS41 KBUF 180705
CLIROC


CLIMATE REPORT
NATIONAL WEATHER SERVICE BUFFALO NY
305 AM EDT SAT APR 18 2015


...................................

...THE ROCHESTER NY CLIMATE SUMMARY FOR APRIL 17 2015...

CLIMATE NORMAL PERIOD 1981 TO 2010
CLIMATE RECORD PERIOD 1871 TO 2015


WEATHER ITEM   OBSERVED TIME   RECORD YEAR NORMAL DEPARTURE LAST
                VALUE   (LST)  VALUE       VALUE  FROM      YEAR
                                                  NORMAL
..................................................................
TEMPERATURE (F)
 YESTERDAY
  MAXIMUM         67    437 PM  85    2002  57     10       58
  MINIMUM         49   1159 PM  19    1875  37     12       27
  AVERAGE         58                        47     11       43

PRECIPITATION (IN)
  YESTERDAY        0.12          0.97 1918   0.09   0.03     0.00
  MONTH TO DATE    1.70                      1.61   0.09     2.04
  SINCE MAR 1      3.04                      4.11  -1.07     4.40
  SINCE JAN 1      7.29                      8.47  -1.18     8.02

SNOWFALL (IN)
  YESTERDAY       MM             5.1  1874   0.1   MM        0.0
  MONTH TO DATE    T                         3.1   -3.1      0.3
  SINCE MAR 1     12.8                      19.4   -6.6     29.6
  SINCE JUL 1    101.4                      98.3    3.1    112.7
  SNOW DEPTH       0

DEGREE DAYS
 HEATING
  YESTERDAY        7                        18    -11       22
  MONTH TO DATE  295                       363    -68      351
  SINCE MAR 1   1373                      1315     58     1499
  SINCE JUL 1   6467                      6101    366     6584

 COOLING
  YESTERDAY        0                         0      0        0
  MONTH TO DATE    0                         0      0        1
  SINCE MAR 1      0                         0      0        1
  SINCE JAN 1      0                         0      0        1
..................................................................


WIND (MPH)
  HIGHEST WIND SPEED    16   HIGHEST WIND DIRECTION     W (250)
  HIGHEST GUST SPEED    21   HIGHEST GUST DIRECTION     W (270)
  AVERAGE WIND SPEED     7.6


SKY COVER
  AVERAGE SKY COVER 0.7


WEATHER CONDITIONS
 THE FOLLOWING WEATHER WAS RECORDED YESTERDAY.
  LIGHT RAIN
  FOG


RELATIVE HUMIDITY (PERCENT)
 HIGHEST    96           200 AM
 LOWEST     48           400 PM
 AVERAGE    72

..........................................................


THE ROCHESTER NY CLIMATE NORMALS FOR TODAY
                         NORMAL    RECORD    YEAR
 MAXIMUM TEMPERATURE (F)   57        85      1976
 MINIMUM TEMPERATURE (F)   38        15      1875


SUNRISE AND SUNSET
APRIL 18 2015.........SUNRISE   624 AM EDT   SUNSET   757 PM EDT
APRIL 19 2015.........SUNRISE   623 AM EDT   SUNSET   758 PM EDT


-  INDICATES NEGATIVE NUMBERS.
R  INDICATES RECORD WAS SET OR TIED.
MM INDICATES DATA IS MISSING.
T  INDICATES TRACE AMOUNT.




$$
