000
CDUS41 KBUF 040706
CLIROC


CLIMATE REPORT
NATIONAL WEATHER SERVICE BUFFALO NY
305 AM EDT MON MAY 4 2015


...................................

...THE ROCHESTER NY CLIMATE SUMMARY FOR MAY 3 2015...

CLIMATE NORMAL PERIOD 1981 TO 2010
CLIMATE RECORD PERIOD 1871 TO 2015


WEATHER ITEM   OBSERVED TIME   RECORD YEAR NORMAL DEPARTURE LAST
                VALUE   (LST)  VALUE       VALUE  FROM      YEAR
                                                  NORMAL
..................................................................
TEMPERATURE (F)
 YESTERDAY
  MAXIMUM         79    343 PM  91    1944  63     16       59
  MINIMUM         49    533 AM  27    1911  42      7       47
  AVERAGE         64                        53     11       53

PRECIPITATION (IN)
  YESTERDAY        0.00          0.78 1945   0.09  -0.09     0.05
  MONTH TO DATE    0.00                      0.27  -0.27     0.07
  SINCE MAR 1      4.04                      5.50  -1.46     6.28
  SINCE JAN 1      8.29                      9.86  -1.57     9.90

SNOWFALL (IN)
  YESTERDAY        0.0           2.0  1911   0.0    0.0       T
  MONTH TO DATE    0.0                       0.1   -0.1       T
  SINCE MAR 1     13.3                      20.3   -7.0     29.6
  SINCE JUL 1    101.9                      99.2    2.7    112.7
  SNOW DEPTH       0

DEGREE DAYS
 HEATING
  YESTERDAY        1                        13    -12       12
  MONTH TO DATE   17                        39    -22       34
  SINCE MAR 1   1609                      1556     53     1744
  SINCE JUL 1   6703                      6342    361     6829

 COOLING
  YESTERDAY        0                         0      0        0
  MONTH TO DATE    0                         0      0        0
  SINCE MAR 1      0                         4     -4        1
  SINCE JAN 1      0                         4     -4        1
..................................................................


WIND (MPH)
  HIGHEST WIND SPEED    23   HIGHEST WIND DIRECTION    NW (310)
  HIGHEST GUST SPEED    28   HIGHEST GUST DIRECTION    NW (320)
  AVERAGE WIND SPEED     7.6


SKY COVER
  AVERAGE SKY COVER 0.4


WEATHER CONDITIONS
 THE FOLLOWING WEATHER WAS RECORDED YESTERDAY.
  NO SIGNIFICANT WEATHER WAS OBSERVED.


RELATIVE HUMIDITY (PERCENT)
 HIGHEST    61           400 AM
 LOWEST     22           500 PM
 AVERAGE    42

..........................................................


THE ROCHESTER NY CLIMATE NORMALS FOR TODAY
                         NORMAL    RECORD    YEAR
 MAXIMUM TEMPERATURE (F)   64        91      1949
 MINIMUM TEMPERATURE (F)   43        30      1926
                                             1911


SUNRISE AND SUNSET
MAY  4 2015...........SUNRISE   601 AM EDT   SUNSET   815 PM EDT
MAY  5 2015...........SUNRISE   559 AM EDT   SUNSET   816 PM EDT


-  INDICATES NEGATIVE NUMBERS.
R  INDICATES RECORD WAS SET OR TIED.
MM INDICATES DATA IS MISSING.
T  INDICATES TRACE AMOUNT.




$$
