000
CDUS41 KBUF 201016
CLIROC


CLIMATE REPORT
NATIONAL WEATHER SERVICE BUFFALO NY
616 AM EDT MON APR 20 2015


...................................

...THE ROCHESTER NY CLIMATE SUMMARY FOR APRIL 19 2015...

CLIMATE NORMAL PERIOD 1981 TO 2010
CLIMATE RECORD PERIOD 1871 TO 2015


WEATHER ITEM   OBSERVED TIME   RECORD YEAR NORMAL DEPARTURE LAST
                VALUE   (LST)  VALUE       VALUE  FROM      YEAR
                                                  NORMAL
..................................................................
TEMPERATURE (F)
 YESTERDAY
  MAXIMUM         62   1055 PM  86    2008  58      4       50
  MINIMUM         37    516 AM  20    1904  38     -1       34
  AVERAGE         50                        48      2       42

PRECIPITATION (IN)
  YESTERDAY        T             1.91 1943   0.09  -0.09     0.00
  MONTH TO DATE    1.70                      1.79  -0.09     2.04
  SINCE MAR 1      3.04                      4.29  -1.25     4.40
  SINCE JAN 1      7.29                      8.65  -1.36     8.02

SNOWFALL (IN)
  YESTERDAY        0.0           3.5  1983   0.0    0.0      0.0
  MONTH TO DATE    T                         3.3   -3.3      0.3
  SINCE MAR 1     12.8                      19.6   -6.8     29.6
  SINCE JUL 1    101.4                      98.5    2.9    112.7
  SNOW DEPTH       0

DEGREE DAYS
 HEATING
  YESTERDAY       15                        17     -2       23
  MONTH TO DATE  318                       398    -80      386
  SINCE MAR 1   1396                      1350     46     1534
  SINCE JUL 1   6490                      6136    354     6619

 COOLING
  YESTERDAY        0                         0      0        0
  MONTH TO DATE    0                         0      0        1
  SINCE MAR 1      0                         0      0        1
  SINCE JAN 1      0                         0      0        1
..................................................................


WIND (MPH)
  HIGHEST WIND SPEED    20   HIGHEST WIND DIRECTION    NE (60)
  HIGHEST GUST SPEED    26   HIGHEST GUST DIRECTION     E (70)
  AVERAGE WIND SPEED    11.7


SKY COVER
  AVERAGE SKY COVER 0.7


WEATHER CONDITIONS
 THE FOLLOWING WEATHER WAS RECORDED YESTERDAY.
  LIGHT RAIN


RELATIVE HUMIDITY (PERCENT)
 HIGHEST    70           500 AM
 LOWEST     40           400 PM
 AVERAGE    55

..........................................................


THE ROCHESTER NY CLIMATE NORMALS FOR TODAY
                         NORMAL    RECORD    YEAR
 MAXIMUM TEMPERATURE (F)   58        86      1941
 MINIMUM TEMPERATURE (F)   38        20      1904
                                             1897


SUNRISE AND SUNSET
APRIL 20 2015.........SUNRISE   621 AM EDT   SUNSET   759 PM EDT
APRIL 21 2015.........SUNRISE   619 AM EDT   SUNSET   800 PM EDT


-  INDICATES NEGATIVE NUMBERS.
R  INDICATES RECORD WAS SET OR TIED.
MM INDICATES DATA IS MISSING.
T  INDICATES TRACE AMOUNT.

$$
