000
CDUS41 KBUF 021028
CLIROC


CLIMATE REPORT
NATIONAL WEATHER SERVICE BUFFALO NY
623 AM EDT SAT MAY 2 2015


...................................

...THE ROCHESTER NY CLIMATE SUMMARY FOR MAY 1 2015...

CLIMATE NORMAL PERIOD 1981 TO 2010
CLIMATE RECORD PERIOD 1871 TO 2015


WEATHER ITEM   OBSERVED TIME   RECORD YEAR NORMAL DEPARTURE LAST
                VALUE   (LST)  VALUE       VALUE  FROM      YEAR
                                                  NORMAL
..................................................................
TEMPERATURE (F)
 YESTERDAY
  MAXIMUM         66    558 PM  90    1970  63      3       60
  MINIMUM         44    510 AM  26    1978  42      2       51
  AVERAGE         55                        52      3       56

PRECIPITATION (IN)
  YESTERDAY        0.00          0.77 1953   0.09  -0.09     0.01
  MONTH TO DATE    0.00                      0.09  -0.09     0.01
  SINCE MAR 1      4.04                      5.32  -1.28     6.22
  SINCE JAN 1      8.29                      9.68  -1.39     9.84

SNOWFALL (IN)
  YESTERDAY        0.0           3.0  1908   0.0    0.0      0.0
  MONTH TO DATE    0.0                       0.0    0.0      0.0
  SINCE MAR 1     13.3                      20.2   -6.9     29.6
  SINCE JUL 1    101.9                      99.1    2.8    112.7
  SNOW DEPTH       0

DEGREE DAYS
 HEATING
  YESTERDAY       10                        13     -3        9
  MONTH TO DATE   10                        13     -3        9
  SINCE MAR 1   1602                      1530     72     1719
  SINCE JUL 1   6696                      6316    380     6804

 COOLING
  YESTERDAY        0                         0      0        0
  MONTH TO DATE    0                         0      0        0
  SINCE MAR 1      0                         4     -4        1
  SINCE JAN 1      0                         4     -4        1
..................................................................


WIND (MPH)
  HIGHEST WIND SPEED    15   HIGHEST WIND DIRECTION     N (20)
  HIGHEST GUST SPEED    22   HIGHEST GUST DIRECTION    NE (40)
  AVERAGE WIND SPEED     6.9


SKY COVER
  AVERAGE SKY COVER 0.5


WEATHER CONDITIONS
 THE FOLLOWING WEATHER WAS RECORDED YESTERDAY.
  NO SIGNIFICANT WEATHER WAS OBSERVED.


RELATIVE HUMIDITY (PERCENT)
 HIGHEST    76           500 AM
 LOWEST     34           400 PM
 AVERAGE    55

..........................................................


THE ROCHESTER NY CLIMATE NORMALS FOR TODAY
                         NORMAL    RECORD    YEAR
 MAXIMUM TEMPERATURE (F)   63        85      2001
                                             1942
                                             1887
 MINIMUM TEMPERATURE (F)   42        26      1979


SUNRISE AND SUNSET
MAY  2 2015...........SUNRISE   603 AM EDT   SUNSET   813 PM EDT
MAY  3 2015...........SUNRISE   602 AM EDT   SUNSET   814 PM EDT


-  INDICATES NEGATIVE NUMBERS.
R  INDICATES RECORD WAS SET OR TIED.
MM INDICATES DATA IS MISSING.
T  INDICATES TRACE AMOUNT.




$$
