000
CXUS56 KMFR 271000
CF6AAT
PRELIMINARY LOCAL CLIMATOLOGICAL DATA (WS FORM: F-6)

                                          STATION:   ALTURAS CA
                                          MONTH:     APRIL
                                          YEAR:      2015
                                          LATITUDE:   41 29 N
                                          LONGITUDE: 120 34 W

  TEMPERATURE IN F:       :PCPN:    SNOW:  WIND      :SUNSHINE: SKY     :PK WND
================================================================================
1   2   3   4   5  6A  6B    7    8   9   10  11  12  13   14  15   16   17  18
                                     12Z  AVG MX 2MIN
DY MAX MIN AVG DEP HDD CDD  WTR  SNW DPTH SPD SPD DIR MIN PSBL S-S WX    SPD DR
================================================================================

 1  51  13  32  -8  33   0 0.00    M    M  4.3 22 330   M    M   3 1      26 330
 2  52  19  36  -4  29   0 0.00    M    M  2.6 12  10   M    M   0 18     18  10
 3  62  15  39  -1  26   0 0.00    M    M  6.6 23 260   M    M   0 18     28 230
 4  56  23  40  -1  25   0 0.00    M    M  5.7 22 250   M    M   4 8      27 200
 5  45  26  36  -5  29   0 0.02    M    M  9.5 26 240   M    M   9 18     31 240
 6  50  22  36  -5  29   0 0.00    M    M  9.8 23 190   M    M   4        28 190
 7  46  28  37  -4  28   0 0.08    M    M  9.3 26 170   M    M   8 1      31 170
 8  48  23  36  -5  29   0    T    M    M  4.7 14 250   M    M   7 18     17 250
 9  63  16  40  -2  25   0 0.00    M    M  4.8 20 280   M    M   0 18     25 270
10  65  21  43   1  22   0 0.00    M    M  8.7 25 260   M    M   0 8      36 230
11  61  31  46   4  19   0 0.01    M    M  7.8 26 240   M    M   7        33 240
12  67  18  43   1  22   0 0.00    M    M  1.7 10 290   M    M   0        15 280
13  71  23  47   5  18   0    T    M    M 12.9 36 310   M    M   1 18     45 320
14  47  24  36  -7  29   0 0.12    M    M 11.8 22 330   M    M   7 1      32 310
15  56  18  37  -6  28   0 0.00    M    M  4.8 14  20   M    M   0 18     19  10
16  69  19  44   1  21   0 0.00    M    M  2.9 13  70   M    M   0 8      17  10
17  75  21  48   5  17   0 0.00    M    M  3.5 15 320   M    M   0        19 340
18  73  34  54  10  11   0 0.00    M    M  7.0 16  30   M    M   0        21  30
19  75  27  51   7  14   0 0.00    M    M  3.3 10 140   M    M   0        14  40
20  77  27  52   8  13   0 0.00    M    M  3.8 18 320   M    M   0 8      23 330
21  75  30  53   9  12   0    T    M    M  4.3 31 250   M    M   1        41 260
22  69  36  53   8  12   0 0.00    M    M  6.4 18 290   M    M   1        22 290
23  68  25  47   2  18   0 0.07    M    M  4.9 29 330   M    M   2 1      35 320
24  52  33  43  -2  22   0 0.18    M    M  6.8 22 240   M    M   7 1      26 230
25  53  31  42  -4  23   0 0.07    M    M  6.8 21 290   M    M   7 1      31 330
26  64  26  45  -1  20   0 0.00    M    M  5.1 20 330   M    M   2 1      24 330
================================================================================
SM 1590  629       574   0  0.55    M    159.8          M       70
================================================================================
AV 61.2 24.2                               6.1 FASTST   M    M   3    MAX(MPH)
                                 MISC ---->  # 36 310               # 45  320
================================================================================
NOTES:
# LAST OF SEVERAL OCCURRENCES

COLUMN 17 PEAK WIND IN M.P.H.

PRELIMINARY LOCAL CLIMATOLOGICAL DATA (WS FORM: F-6) , PAGE 2

                                          STATION:  ALTURAS CA
                                          MONTH:    APRIL
                                          YEAR:     2015
                                          LATITUDE:   41 29 N
                                          LONGITUDE: 120 34 W

[TEMPERATURE DATA]      [PRECIPITATION DATA]       SYMBOLS USED IN COLUMN 16

AVERAGE MONTHLY: 42.7   TOTAL FOR MONTH:   0.55    1 = FOG OR MIST
DPTR FM NORMAL:  -0.0   DPTR FM NORMAL:   -0.79    2 = FOG REDUCING VISIBILITY
HIGHEST:    77 ON 20    GRTST 24HR  0.24 ON 24-25      TO 1/4 MILE OR LESS
LOWEST:     13 ON  1                               3 = THUNDER
                        SNOW, ICE PELLETS, HAIL    4 = ICE PELLETS
                        TOTAL MONTH:    M          5 = HAIL
                        GRTST 24HR    M  ON   M    6 = FREEZING RAIN OR DRIZZLE
                        GRTST DEPTH:  M  ON   M    7 = DUSTSTORM OR SANDSTORM:
                                                       VSBY 1/2 MILE OR LESS
                                                   8 = SMOKE OR HAZE
[NO. OF DAYS WITH]      [WEATHER - DAYS WITH]      9 = BLOWING SNOW
                                                   X = TORNADO
MAX 32 OR BELOW:   0    0.01 INCH OR MORE:   7
MAX 90 OR ABOVE:   0    0.10 INCH OR MORE:   2
MIN 32 OR BELOW:  23    0.50 INCH OR MORE:   0
MIN  0 OR BELOW:   0    1.00 INCH OR MORE:   0

[HDD (BASE 65) ]
TOTAL THIS MO.   574    CLEAR  (SCALE 0-3)  17
DPTR FM NORMAL    -5    PTCLDY (SCALE 4-7)   8
TOTAL FM JUL 1  4813    CLOUDY (SCALE 8-10)  1
DPTR FM NORMAL -1458

[CDD (BASE 65) ]
TOTAL THIS MO.     0
DPTR FM NORMAL     0    [PRESSURE DATA]
TOTAL FM JAN 1     0    HIGHEST SLP M ON M
DPTR FM NORMAL     0    LOWEST  SLP 29.68 ON  7

[REMARKS]
