000
CXUS55 KABQ 181000
CF6CAO
PRELIMINARY LOCAL CLIMATOLOGICAL DATA (WS FORM: F-6)

                                          STATION:   CLAYTON  NM
                                          MONTH:     APRIL
                                          YEAR:      2015
                                          LATITUDE:   36 27 N
                                          LONGITUDE: 103  9 W

  TEMPERATURE IN F:       :PCPN:    SNOW:  WIND      :SUNSHINE: SKY     :PK WND
================================================================================
1   2   3   4   5  6A  6B    7    8   9   10  11  12  13   14  15   16   17  18
                                     12Z  AVG MX 2MIN
DY MAX MIN AVG DEP HDD CDD  WTR  SNW DPTH SPD SPD DIR MIN PSBL S-S WX    SPD DR
================================================================================

 1  80  47  64  16   1   0 0.00  0.0    0 16.1 29 250   M    M   0 8      38 240
 2  79  37  58  10   7   0 0.00  0.0    0 17.4 46 350   M    M   2 8      55 360
 3  52  31  42  -7  23   0 0.00  0.0    0 15.0 38 360   M    M   6 8      45 360
 4  63  30  47  -2  18   0 0.00  0.0    0 20.6 36 200   M    M   0        44 200
 5  79  43  61  12   4   0 0.00  0.0    0 15.8 29 260   M    M   0        38 260
 6  80  47  64  14   1   0 0.00  0.0    0 14.3 23 220   M    M   0        38 210
 7  78  44  61  11   4   0 0.00  0.0    0 13.2 29 200   M    M   0 8      37 190
 8  79  46  63  13   2   0 0.00  0.0    0 17.3 37 200   M    M   0        50 210
 9  64  32  48  -2  17   0 0.00  0.0    0 12.9 22 320   M    M   0        30 320
10  64  27  46  -5  19   0 0.00  0.0    0 14.2 32 200   M    M   0        38 190
11  77  42  60   9   5   0 0.00  0.0    0 13.7 28 200   M    M   1 12     35 210
12  76  42  59   8   6   0 0.00  0.0    0 11.2 33  20   M    M   1 12     42  20
13  61  42  52   0  13   0 0.00  0.0    0 14.7 28  40   M    M   0        34  20
14  69  35  52   0  13   0 0.00  0.0    0 15.0 26 160   M    M   0        36 180
15  77  38  58   6   7   0    T  0.0    0 14.6 37 170   M    M   1        48 170
16  66  42  54   2  11   0 0.05  0.0    0 13.8 24 260   M    M   7 3      34 240
17  65  40  53   0  12   0 0.00  0.0    0 11.8 28 200   M    M   2 1      40 200
================================================================================
SM 1209  665       163   0  0.05     0.0 251.6          M       20
================================================================================
AV 71.1 39.1                              14.8 FASTST   M    M   1    MAX(MPH)
                                 MISC ---->  # 46 350               # 55  360
================================================================================
NOTES:
# LAST OF SEVERAL OCCURRENCES

COLUMN 17 PEAK WIND IN M.P.H.

PRELIMINARY LOCAL CLIMATOLOGICAL DATA (WS FORM: F-6) , PAGE 2

                                          STATION:  CLAYTON  NM
                                          MONTH:    APRIL
                                          YEAR:     2015
                                          LATITUDE:   36 27 N
                                          LONGITUDE: 103  9 W

[TEMPERATURE DATA]      [PRECIPITATION DATA]       SYMBOLS USED IN COLUMN 16

AVERAGE MONTHLY: 55.1   TOTAL FOR MONTH:   0.05    1 = FOG OR MIST
DPTR FM NORMAL:   4.7   DPTR FM NORMAL:   -0.41    2 = FOG REDUCING VISIBILITY
HIGHEST:    80 ON  6, 1 GRTST 24HR  0.05 ON 16-16      TO 1/4 MILE OR LESS
LOWEST:     27 ON 10                               3 = THUNDER
                        SNOW, ICE PELLETS, HAIL    4 = ICE PELLETS
                        TOTAL MONTH:   0.0 INCH    5 = HAIL
                        GRTST 24HR     0.0         6 = FREEZING RAIN OR DRIZZLE
                        GRTST DEPTH:   0           7 = DUSTSTORM OR SANDSTORM:
                                                       VSBY 1/2 MILE OR LESS
                                                   8 = SMOKE OR HAZE
[NO. OF DAYS WITH]      [WEATHER - DAYS WITH]      9 = BLOWING SNOW
                                                   X = TORNADO
MAX 32 OR BELOW:   0    0.01 INCH OR MORE:   1
MAX 90 OR ABOVE:   0    0.10 INCH OR MORE:   0
MIN 32 OR BELOW:   4    0.50 INCH OR MORE:   0
MIN  0 OR BELOW:   0    1.00 INCH OR MORE:   0

[HDD (BASE 65) ]
TOTAL THIS MO.   163    CLEAR  (SCALE 0-3)  15
DPTR FM NORMAL   -86    PTCLDY (SCALE 4-7)   2
TOTAL FM JUL 1  4113    CLOUDY (SCALE 8-10)  0
DPTR FM NORMAL  -457

[CDD (BASE 65) ]
TOTAL THIS MO.     0
DPTR FM NORMAL     0    [PRESSURE DATA]
TOTAL FM JAN 1     0    HIGHEST SLP M ON M
DPTR FM NORMAL    -1    LOWEST  SLP 29.51 ON  8

[REMARKS]
