000
CXUS55 KRIW 190903
CF6COD
PRELIMINARY LOCAL CLIMATOLOGICAL DATA (WS FORM: F-6)

                                          STATION:   CODY WY
                                          MONTH:     APRIL
                                          YEAR:      2015
                                          LATITUDE:   44 31 N
                                          LONGITUDE: 109  1 W

  TEMPERATURE IN F:       :PCPN:    SNOW:  WIND      :SUNSHINE: SKY     :PK WND
================================================================================
1   2   3   4   5  6A  6B    7    8   9   10  11  12  13   14  15   16   17  18
                                     12Z  AVG MX 2MIN
DY MAX MIN AVG DEP HDD CDD  WTR  SNW DPTH SPD SPD DIR MIN PSBL S-S WX    SPD DR
================================================================================

 1  48  32  40  -2  25   0 0.00  0.0    M 12.8 20 250   M    M   3        32 250
 2  37  25  31 -11  34   0 0.00  0.0    M  8.8 17 360   M    M   5        24 330
 3  48  18  33  -9  32   0 0.00  0.0    M  7.6 14 260   M    M   0        23 260
 4  55  25  40  -2  25   0 0.00  0.0    M  7.8 18 240   M    M   0        28 240
 5  52  30  41  -1  24   0 0.00  0.0    M  8.2 21  20   M    M   5        25  20
 6  48  30  39  -4  26   0    M    M    M  6.3 15  10   M    M   7        21  10
 7  52  25  39  -4  26   0    M    M    M  7.4 17 200   M    M   4        23 200
 8  43  28  36  -7  29   0    M    M    M 10.4 22 350   M    M   5        31 350
 9  54  27  41  -2  24   0    M    M    M  6.7 13  70   M    M   2        20 110
10  61  37  49   5  16   0    M    M    M  9.6 16 260   M    M   0        27 250
11  63  39  51   7  14   0    M    M    M  9.3 23 260   M    M   2        33 260
12  50  30  40  -4  25   0    M    M    M 13.7 21 240   M    M   3        32  10
13  64  32  48   4  17   0    M    M    M  8.2 16 120   M    M   0        23 120
14  73  34  54  10  11   0    M    M    M  9.3 18 250   M    M   1        28 250
15  36  30  33 -12  32   0    M    M    M 11.7 21  10   M    M  10        25 360
16  46  30  38  -7  27   0    M    M    M  3.7 10 230   M    M   4         M  M
17  57  30  44  -1  21   0    M    M    M  5.8 14 220   M    M   0         M  M
18  61  36  49   3  16   0 0.01    M    M 11.5 28 350   M    M   5        38 350
================================================================================
SM  948  538       424   0  0.01     0.0 158.8          M       56
================================================================================
AV 52.7 29.9                               8.8 FASTST   M    M   3    MAX(MPH)
                                 MISC ---->    28   M               # 38  350
================================================================================
NOTES:
# LAST OF SEVERAL OCCURRENCES

COLUMN 17 PEAK WIND IN M.P.H.

PRELIMINARY LOCAL CLIMATOLOGICAL DATA (WS FORM: F-6) , PAGE 2

                                          STATION:  CODY WY
                                          MONTH:    APRIL
                                          YEAR:     2015
                                          LATITUDE:   44 31 N
                                          LONGITUDE: 109  1 W

[TEMPERATURE DATA]      [PRECIPITATION DATA]       SYMBOLS USED IN COLUMN 16

AVERAGE MONTHLY: 41.3   TOTAL FOR MONTH:   0.01    1 = FOG OR MIST
DPTR FM NORMAL:  -2.2   DPTR FM NORMAL:   -0.53    2 = FOG REDUCING VISIBILITY
HIGHEST:    73 ON 14    GRTST 24HR  0.01 ON 18-18      TO 1/4 MILE OR LESS
LOWEST:     18 ON  3                               3 = THUNDER
                        SNOW, ICE PELLETS, HAIL    4 = ICE PELLETS
                        TOTAL MONTH:   0.0 INCH    5 = HAIL
                        GRTST 24HR     0.0         6 = FREEZING RAIN OR DRIZZLE
                        GRTST DEPTH:  M  ON   M    7 = DUSTSTORM OR SANDSTORM:
                                                       VSBY 1/2 MILE OR LESS
                                                   8 = SMOKE OR HAZE
[NO. OF DAYS WITH]      [WEATHER - DAYS WITH]      9 = BLOWING SNOW
                                                   X = TORNADO
MAX 32 OR BELOW:   0    0.01 INCH OR MORE:   1
MAX 90 OR ABOVE:   0    0.10 INCH OR MORE:   0
MIN 32 OR BELOW:  14    0.50 INCH OR MORE:   0
MIN  0 OR BELOW:   0    1.00 INCH OR MORE:   0

[HDD (BASE 65) ]
TOTAL THIS MO.   424    CLEAR  (SCALE 0-3)  10
DPTR FM NORMAL     M    PTCLDY (SCALE 4-7)   7
TOTAL FM JUL 1  5761    CLOUDY (SCALE 8-10)  1
DPTR FM NORMAL     M

[CDD (BASE 65) ]
TOTAL THIS MO.     0
DPTR FM NORMAL     0    [PRESSURE DATA]
TOTAL FM JAN 1     0    HIGHEST SLP M ON M
DPTR FM NORMAL     0    LOWEST  SLP M ON M

[REMARKS]
