000
CXUS55 KALY 190710
CF6DDH
PRELIMINARY LOCAL CLIMATOLOGICAL DATA (WS FORM: F-6)

                                          STATION:   BENNINGTON VT
                                          MONTH:     APRIL
                                          YEAR:      2015
                                          LATITUDE:   42 53 N
                                          LONGITUDE:  73 15 W

  TEMPERATURE IN F:       :PCPN:    SNOW:  WIND      :SUNSHINE: SKY     :PK WND
================================================================================
1   2   3   4   5  6A  6B    7    8   9   10  11  12  13   14  15   16   17  18
                                     12Z  AVG MX 2MIN
DY MAX MIN AVG DEP HDD CDD  WTR  SNW DPTH SPD SPD DIR MIN PSBL S-S WX    SPD DR
================================================================================

 1  43  20  32  -8  33   0 0.00    M    M  4.7 13 250   M    M   0        25 220
 2  63  21  42   2  23   0 0.03    M    M  7.0 21 190   M    M   5        31 190
 3  61  43  52  12  13   0 0.04    M    M  3.8 15 280   M    M   6 1      18 280
 4  43  31  37  -4  28   0 0.29    M    M 10.1 24 270   M    M   7 1      40 260
 5  37  31  34  -7  31   0 0.00    M    M  7.1 22 280   M    M   8        31 290
 6  59  28  44   2  21   0    T    M    M  3.3 16 190   M    M   8        20 150
 7  48  34  41  -1  24   0 0.01    M    M  2.6  7  20   M    M   9 1      10  30
 8  41  32  37  -6  28   0 0.09    M    M  8.6 18 120   M    M   8 16     25 110
 9  40  33  37  -6  28   0 0.01    M    M 10.8 21 120   M    M  10        30 110
10  58  38  48   4  17   0 0.29    M    M  8.2 21 120   M    M   9 13     31 120
11  48  30  39  -5  26   0 0.00    M    M 10.9 26 280   M    M   7        37 280
12  65  24  45   1  20   0 0.00    M    M  4.1 13 260   M    M   0        19 320
13  75  31  53   8  12   0 0.00    M    M  8.6 26 180   M    M   0        37 190
14  64  38  51   6  14   0    T    M    M  8.7 22 270   M    M   3        31 260
15  64  28  46   0  19   0 0.00    M    M  5.7 20 340   M    M   0        28 310
16  70  25  48   2  17   0 0.00    M    M  5.0 15 170   M    M   0        20 170
17  63  41  52   6  13   0 0.10    M    M  5.2 15 270   M    M   6 1      23 270
18  72  35  54   7  11   0 0.00    M    M  6.3 24 300   M    M   3 12     37 280
================================================================================
SM 1014  563       378   0  0.86    M    120.7          M       89
================================================================================
AV 56.3 31.3                               6.7 FASTST   M    M   5    MAX(MPH)
                                 MISC ---->  # 26 280               # 40  260
================================================================================
NOTES:
# LAST OF SEVERAL OCCURRENCES

COLUMN 17 PEAK WIND IN M.P.H.

PRELIMINARY LOCAL CLIMATOLOGICAL DATA (WS FORM: F-6) , PAGE 2

                                          STATION:  BENNINGTON VT
                                          MONTH:    APRIL
                                          YEAR:     2015
                                          LATITUDE:   42 53 N
                                          LONGITUDE:  73 15 W

[TEMPERATURE DATA]      [PRECIPITATION DATA]       SYMBOLS USED IN COLUMN 16

AVERAGE MONTHLY: 43.8   TOTAL FOR MONTH:   0.86    1 = FOG OR MIST
DPTR FM NORMAL:   0.5   DPTR FM NORMAL:   -1.21    2 = FOG REDUCING VISIBILITY
HIGHEST:    75 ON 13    GRTST 24HR  0.30 ON  9-10      TO 1/4 MILE OR LESS
LOWEST:     20 ON  1                               3 = THUNDER
                        SNOW, ICE PELLETS, HAIL    4 = ICE PELLETS
                        TOTAL MONTH:    M          5 = HAIL
                        GRTST 24HR    M  ON   M    6 = FREEZING RAIN OR DRIZZLE
                        GRTST DEPTH:  M  ON   M    7 = DUSTSTORM OR SANDSTORM:
                                                       VSBY 1/2 MILE OR LESS
                                                   8 = SMOKE OR HAZE
[NO. OF DAYS WITH]      [WEATHER - DAYS WITH]      9 = BLOWING SNOW
                                                   X = TORNADO
MAX 32 OR BELOW:   0    0.01 INCH OR MORE:   8
MAX 90 OR ABOVE:   0    0.10 INCH OR MORE:   3
MIN 32 OR BELOW:  11    0.50 INCH OR MORE:   0
MIN  0 OR BELOW:   0    1.00 INCH OR MORE:   0

[HDD (BASE 65) ]
TOTAL THIS MO.   378    CLEAR  (SCALE 0-3)   7
DPTR FM NORMAL   -15    PTCLDY (SCALE 4-7)   8
TOTAL FM JUL 1  7051    CLOUDY (SCALE 8-10)  3
DPTR FM NORMAL   423

[CDD (BASE 65) ]
TOTAL THIS MO.     0
DPTR FM NORMAL     0    [PRESSURE DATA]
TOTAL FM JAN 1     0    HIGHEST SLP M ON M
DPTR FM NORMAL     0    LOWEST  SLP 29.54 ON  4

[REMARKS]
