000
CXUS55 KALY 010710
CF6DDH
PRELIMINARY LOCAL CLIMATOLOGICAL DATA (WS FORM: F-6)

                                          STATION:   BENNINGTON VT
                                          MONTH:     MARCH
                                          YEAR:      2015
                                          LATITUDE:   42 53 N
                                          LONGITUDE:  73 15 W

  TEMPERATURE IN F:       :PCPN:    SNOW:  WIND      :SUNSHINE: SKY     :PK WND
================================================================================
1   2   3   4   5  6A  6B    7    8   9   10  11  12  13   14  15   16   17  18
                                     12Z  AVG MX 2MIN
DY MAX MIN AVG DEP HDD CDD  WTR  SNW DPTH SPD SPD DIR MIN PSBL S-S WX    SPD DR
================================================================================

 1  26  -4  11 -17  54   0 0.05    M    M  2.6 13 180   M    M   7 18     17 190
 2  29  20  25  -4  40   0    T    M    M  9.0 25 290   M    M   9 18     37 310
 3  34   1  18 -11  47   0 0.11    M    M  7.1 22 180   M    M   5 68     30 200
 4  37  31  34   5  31   0 0.00    M    M  6.8 14 280   M    M  10        20 290
 5  31   6  19 -10  46   0    T    M    M  8.1 16 340   M    M   5        23 300
 6  22 -11   6 -24  59   0 0.00    M    M  1.8  9 310   M    M   0        12 300
 7  31  -3  14 -16  51   0 0.00    M    M  2.8 13 300   M    M   6 8      21 300
 8  36  16  26  -4  39   0 0.02    M    M  5.3 23 260   M    M   7 18     39 230
 9  41  16  29  -2  36   0 0.00    M    M  5.7 17 290   M    M   4        27 280
10  50  16  33   2  32   0 0.01    M    M  3.6 17 190   M    M   3 1      25 150
11  47  35  41  10  24   0    T    M    M  8.4 20 250   M    M   4 12     27 250
12  38  22  30  -2  35   0 0.00    M    M 11.5 23 330   M    M   3        38 340
13  40  11  26  -6  39   0 0.00    M    M  1.6  9 190   M    M   3        12 220
14  43  31  37   5  28   0 0.08    M    M  5.2 14 120   M    M   9 12     20 120
15  38  28  33   0  32   0 0.01    M    M 11.8 23 360   M    M  10 18     33 360
16  42  23  33   0  32   0 0.00    M    M  2.2 13 340   M    M   5        17 330
17  42  26  34   1  31   0 0.20    M    M  8.9 29 340   M    M   8 12     40 310
18  26  18  22 -12  43   0 0.00    M    M 12.1 25 310   M    M   3        39 280
19  32   9  21 -13  44   0 0.00    M    M  6.3 21 360   M    M   0        32  10
20  34  15  25  -9  40   0 0.01    M    M  2.7 14 130   M    M   6 18     27 330
21  43  26  35   0  30   0    T    M    M  4.1 16 260   M    M   9 18     28 220
22  32  14  23 -12  42   0 0.00    M    M 12.1 23 270   M    M   4        34 280
23  26  11  19 -17  46   0 0.00    M    M  8.4 17 270   M    M   2 8      23 280
24  37   8  23 -13  42   0 0.00    M    M  2.8 10 320   M    M   0        14 270
25  50  14  32  -4  33   0 0.10    M    M  5.7 20 180   M    M   4        26 170
26  50  31  41   4  24   0 0.43    M    M  2.9 12 280   M    M   8 128    17 270
27  40  31  36  -1  29   0 0.09    M    M  2.8 10 300   M    M  10 12     16 310
28  31  21  26 -12  39   0    T    M    M  8.6 18 340   M    M   9 18     26 340
29  38   7  23 -15  42   0 0.00    M    M  3.3 12 280   M    M   0        21 120
30  41  29  35  -4  30   0 0.03    M    M  7.4 20 200   M    M   8 1      29 190
31  43  24  34  -5  31   0 0.00    M    M  5.8 15 290   M    M   6        23 300
================================================================================
SM 1150  522      1171   0  1.14    M    187.4          M      167
================================================================================
AV 37.1 16.8                               6.0 FASTST   M    M   5    MAX(MPH)
                                 MISC ---->  # 29 340               # 40  310
================================================================================
NOTES:
# LAST OF SEVERAL OCCURRENCES

COLUMN 17 PEAK WIND IN M.P.H.

PRELIMINARY LOCAL CLIMATOLOGICAL DATA (WS FORM: F-6) , PAGE 2

                                          STATION:  BENNINGTON VT
                                          MONTH:    MARCH
                                          YEAR:     2015
                                          LATITUDE:   42 53 N
                                          LONGITUDE:  73 15 W

[TEMPERATURE DATA]      [PRECIPITATION DATA]       SYMBOLS USED IN COLUMN 16

AVERAGE MONTHLY: 27.0   TOTAL FOR MONTH:   1.14    1 = FOG OR MIST
DPTR FM NORMAL:  -6.3   DPTR FM NORMAL:   -2.01    2 = FOG REDUCING VISIBILITY
HIGHEST:    50 ON 26,25 GRTST 24HR  0.43 ON 26-26      TO 1/4 MILE OR LESS
LOWEST:    -11 ON  6                               3 = THUNDER
                        SNOW, ICE PELLETS, HAIL    4 = ICE PELLETS
                        TOTAL MONTH:    M          5 = HAIL
                        GRTST 24HR    M  ON   M    6 = FREEZING RAIN OR DRIZZLE
                        GRTST DEPTH:  M  ON   M    7 = DUSTSTORM OR SANDSTORM:
                                                       VSBY 1/2 MILE OR LESS
                                                   8 = SMOKE OR HAZE
[NO. OF DAYS WITH]      [WEATHER - DAYS WITH]      9 = BLOWING SNOW
                                                   X = TORNADO
MAX 32 OR BELOW:  10    0.01 INCH OR MORE:  12
MAX 90 OR ABOVE:   0    0.10 INCH OR MORE:   4
MIN 32 OR BELOW:  30    0.50 INCH OR MORE:   0
MIN  0 OR BELOW:   3    1.00 INCH OR MORE:   0

[HDD (BASE 65) ]
TOTAL THIS MO.  1171    CLEAR  (SCALE 0-3)   8
DPTR FM NORMAL   187    PTCLDY (SCALE 4-7)  14
TOTAL FM JUL 1  6673    CLOUDY (SCALE 8-10)  9
DPTR FM NORMAL   438

[CDD (BASE 65) ]
TOTAL THIS MO.     0
DPTR FM NORMAL     0    [PRESSURE DATA]
TOTAL FM JAN 1     0    HIGHEST SLP M ON M
DPTR FM NORMAL     0    LOWEST  SLP 29.47 ON 31

[REMARKS]
#FINAL-03-15#
