000
CXUS55 KVEF 260940
CF6DRA
PRELIMINARY LOCAL CLIMATOLOGICAL DATA (WS FORM: F-6)

                                          STATION:   DESERT ROCK-MERCURY NV
                                          MONTH:     APRIL
                                          YEAR:      2015
                                          LATITUDE:   36 37 N
                                          LONGITUDE: 116  1 W

  TEMPERATURE IN F:       :PCPN:    SNOW:  WIND      :SUNSHINE: SKY     :PK WND
================================================================================
1   2   3   4   5  6A  6B    7    8   9   10  11  12  13   14  15   16   17  18
                                     12Z  AVG MX 2MIN
DY MAX MIN AVG DEP HDD CDD  WTR  SNW DPTH SPD SPD DIR MIN PSBL S-S WX    SPD DR
================================================================================

 1  75  51  63   7   2   0 0.00  0.0    0 12.7 24 200   M    M   0        32 200
 2  68  45  57   1   8   0 0.00  0.0    0 10.1 22  40   M    M   0        28  20
 3  70  43  57   1   8   0 0.00  0.0    0  9.6 18  20   M    M   0        22 100
 4  75  36  56  -1   9   0 0.00  0.0    0  7.5 24 220   M    M   0        29 220
 5  73  57  65   8   0   0 0.00  0.0    0 25.8 41 210   M    M   0        54 210
 6  66  51  59   2   6   0 0.00  0.0    0 19.1 39 200   M    M   0        55 200
 7  65  47  56  -1   9   0 0.00  0.0    0 20.0 32 210   M    M   1        44 190
 8  64  39  52  -6  13   0 0.00  0.0    0  7.9 23 290   M    M   0        30 200
 9  69  44  57  -1   8   0 0.00  0.0    0  8.1 16  30   M    M   0        19 230
10  74  36  55  -3  10   0 0.00  0.0    0  5.3 17 260   M    M   0        23 260
11  76  40  58   0   7   0 0.00  0.0    0  5.6 18 240   M    M   0        24 250
12  82  42  62   4   3   0 0.00  0.0    0  5.4 18  20   M    M   0        23  20
13  85  46  66   7   0   1 0.00  0.0    0  9.9 23 230   M    M   0        34 220
14  81  47  64   5   1   0 0.00  0.0    0 22.9 39  50   M    M   2 8      50  50
15  64  40  52  -7  13   0 0.00  0.0    0 15.5 30  20   M    M   0        37  20
16  71  39  55  -5  10   0 0.00  0.0    0 11.3 21  20   M    M   2        29  30
17  77  44  61   1   4   0 0.00  0.0    0  8.6 18  40   M    M   0        23  40
18  83  45  64   4   1   0 0.00  0.0    0  6.1 17 250   M    M   0        24 240
19  86  51  69   9   0   4 0.00  0.0    0  7.3 18  40   M    M   0        23 260
20  85  48  67   6   0   2 0.00  0.0    0  6.7 23 200   M    M   0        29 210
21  79  55  67   6   0   2 0.00  0.0    0  9.5 29 240   M    M   1        42 220
22  75  47  61  -1   4   0    T    M    0  6.7 35 140   M    M   2        41 150
23  76  45  61  -1   4   0 0.00  0.0    0  9.0 23 190   M    M   3        29 200
24  75  51  63   1   2   0 0.00  0.0    0 12.3 28 210   M    M   1        38 200
25  69  43  56  -6   9   0 0.10    M    0  9.7 32  30   M    M   2        43  10
================================================================================
SM 1863 1132       131   9  0.10     0.0 272.6          M       14
================================================================================
AV 74.5 45.3                              10.9 FASTST   M    M   1    MAX(MPH)
                                 MISC ---->  # 41 210               # 55  200
================================================================================
NOTES:
# LAST OF SEVERAL OCCURRENCES

COLUMN 17 PEAK WIND IN M.P.H.

PRELIMINARY LOCAL CLIMATOLOGICAL DATA (WS FORM: F-6) , PAGE 2

                                          STATION:  DESERT ROCK-MERCURY NV
                                          MONTH:    APRIL
                                          YEAR:     2015
                                          LATITUDE:   36 37 N
                                          LONGITUDE: 116  1 W

[TEMPERATURE DATA]      [PRECIPITATION DATA]       SYMBOLS USED IN COLUMN 16

AVERAGE MONTHLY: 59.9   TOTAL FOR MONTH:   0.10    1 = FOG OR MIST
DPTR FM NORMAL:   1.0   DPTR FM NORMAL:   -0.19    2 = FOG REDUCING VISIBILITY
HIGHEST:    86 ON 19    GRTST 24HR  0.10 ON 25-25      TO 1/4 MILE OR LESS
LOWEST:     36 ON 10, 4                            3 = THUNDER
                        SNOW, ICE PELLETS, HAIL    4 = ICE PELLETS
                        TOTAL MONTH:   0.0 INCH    5 = HAIL
                        GRTST 24HR     0.0         6 = FREEZING RAIN OR DRIZZLE
                        GRTST DEPTH:   0           7 = DUSTSTORM OR SANDSTORM:
                                                       VSBY 1/2 MILE OR LESS
                                                   8 = SMOKE OR HAZE
[NO. OF DAYS WITH]      [WEATHER - DAYS WITH]      9 = BLOWING SNOW
                                                   X = TORNADO
MAX 32 OR BELOW:   0    0.01 INCH OR MORE:   1
MAX 90 OR ABOVE:   0    0.10 INCH OR MORE:   1
MIN 32 OR BELOW:   0    0.50 INCH OR MORE:   0
MIN  0 OR BELOW:   0    1.00 INCH OR MORE:   0

[HDD (BASE 65) ]
TOTAL THIS MO.   131    CLEAR  (SCALE 0-3)  25
DPTR FM NORMAL   -42    PTCLDY (SCALE 4-7)   0
TOTAL FM JUL 1  2046    CLOUDY (SCALE 8-10)  0
DPTR FM NORMAL  -880

[CDD (BASE 65) ]
TOTAL THIS MO.     9
DPTR FM NORMAL   -12    [PRESSURE DATA]
TOTAL FM JAN 1    19    HIGHEST SLP M ON M
DPTR FM NORMAL    -4    LOWEST  SLP 29.49 ON  5

[REMARKS]
