000
CXUS52 KRAH 281345
CF6FAY
PRELIMINARY LOCAL CLIMATOLOGICAL DATA (WS FORM: F-6)

                                          STATION:   FAYETTEVILLE REGL AIRPORT NC
                                          MONTH:     APRIL
                                          YEAR:      2015
                                          LATITUDE:   35  0 N
                                          LONGITUDE:  78 53 W

  TEMPERATURE IN F:       :PCPN:    SNOW:  WIND      :SUNSHINE: SKY     :PK WND
================================================================================
1   2   3   4   5  6A  6B    7    8   9   10  11  12  13   14  15   16   17  18
                                     12Z  AVG MX 2MIN
DY MAX MIN AVG DEP HDD CDD  WTR  SNW DPTH SPD SPD DIR MIN PSBL S-S WX    SPD DR
================================================================================

 1  69  48  59   0   6   0 0.00    M    M  8.0 21 360   M    M   0        24 360
 2  76  38  57  -2   8   0 0.00    M    M  9.1 21 180   M    M   1        25 180
 3  84  58  71  11   0   6 0.00    M    M 14.4 25 210   M    M   3        33 210
 4  72  47  60   0   5   0    T    M    M 12.7 25 330   M    M   2        33 350
 5  70  36  53  -7  12   0 0.00    M    M  6.8 16 140   M    M   1        22 130
 6  77  51  64   4   1   0 0.00    M    M  7.3 16 190   M    M   3        20 190
 7  77  60  69   8   0   4 0.08    M    M  6.0 15 200   M    M   5 1      18 170
 8  87  62  75  14   0  10    T    M    M  4.9 15 270   M    M   5 1      20 320
 9  86  65  76  15   0  11 0.35    M    M  8.1 28 170   M    M   3 13     36 190
10  87  67  77  16   0  12 0.02    M    M 12.7 24 230   M    M   4        33 230
11  80  56  68   6   0   3 0.01    M    M  6.9 20 350   M    M   3        24  10
12  75  49  62   0   3   0 0.00    M    M  7.1 15  70   M    M   0        20  60
13  78  50  64   2   1   0 0.00    M    M  7.3 17 110   M    M   6        22 110
14  81  63  72  10   0   7 0.39    M    M  7.0 30 250   M    M   7 138    38 250
15  70  49  60  -3   5   0 0.20    M    M 11.4 21 100   M    M  10 1      27  80
16  65  50  58  -5   7   0 0.04    M    M  7.4 14  30   M    M   9 18     17  10
17  78  60  69   6   0   4 0.04    M    M  3.5  8  10   M    M   7 1       9  10
18  76  64  70   7   0   5 0.22    M    M  3.1 15 120   M    M   6 1      19 190
19  75  64  70   6   0   5 0.95    M    M  8.2 18 170   M    M  10 13     24 100
20  81  64  73   9   0   8 0.00    M    M 13.2 23 220   M    M   4        27 200
21  75  54  65   1   0   0 0.00    M    M 10.4 21 250   M    M   1        26 330
22  81  48  65   1   0   0 0.00    M    M 10.9 30 250   M    M   0        37 250
23  73  54  64  -1   1   0 0.00    M    M 10.0 22  20   M    M   0        28  30
24  72  45  59  -6   6   0 0.00    M    M  7.2 17 350   M    M   0        22 330
25  63  52  58  -7   7   0 0.16    M    M  5.8 14 230   M    M   8 1      17 230
26  58  49  54 -11  11   0 0.09    M    M  8.9 16  30   M    M  10 12     20  10
27  72  46  59  -7   6   0    T    M    M  6.5 17 320   M    M   3 1      23 310
================================================================================
SM 2038 1449        79  75  2.55    M    224.8          M      111
================================================================================
AV 75.5 53.7                               8.3 FASTST   M    M   4    MAX(MPH)
                                 MISC ---->  # 30 250               # 38  250
================================================================================
NOTES:
# LAST OF SEVERAL OCCURRENCES

COLUMN 17 PEAK WIND IN M.P.H.

PRELIMINARY LOCAL CLIMATOLOGICAL DATA (WS FORM: F-6) , PAGE 2

                                          STATION:  FAYETTEVILLE REGL AIRPORT NC
                                          MONTH:    APRIL
                                          YEAR:     2015
                                          LATITUDE:   35  0 N
                                          LONGITUDE:  78 53 W

[TEMPERATURE DATA]      [PRECIPITATION DATA]       SYMBOLS USED IN COLUMN 16

AVERAGE MONTHLY: 64.6   TOTAL FOR MONTH:   2.55    1 = FOG OR MIST
DPTR FM NORMAL:   2.2   DPTR FM NORMAL:   -0.08    2 = FOG REDUCING VISIBILITY
HIGHEST:    87 ON 10, 8 GRTST 24HR  0.95 ON 19-19      TO 1/4 MILE OR LESS
LOWEST:     36 ON  5                               3 = THUNDER
                        SNOW, ICE PELLETS, HAIL    4 = ICE PELLETS
                        TOTAL MONTH:    M          5 = HAIL
                        GRTST 24HR    M  ON   M    6 = FREEZING RAIN OR DRIZZLE
                        GRTST DEPTH:  M  ON   M    7 = DUSTSTORM OR SANDSTORM:
                                                       VSBY 1/2 MILE OR LESS
                                                   8 = SMOKE OR HAZE
[NO. OF DAYS WITH]      [WEATHER - DAYS WITH]      9 = BLOWING SNOW
                                                   X = TORNADO
MAX 32 OR BELOW:   0    0.01 INCH OR MORE:  12
MAX 90 OR ABOVE:   0    0.10 INCH OR MORE:   6
MIN 32 OR BELOW:   0    0.50 INCH OR MORE:   1
MIN  0 OR BELOW:   0    1.00 INCH OR MORE:   0

[HDD (BASE 65) ]
TOTAL THIS MO.    79    CLEAR  (SCALE 0-3)  12
DPTR FM NORMAL   -52    PTCLDY (SCALE 4-7)  11
TOTAL FM JUL 1  2916    CLOUDY (SCALE 8-10)  4
DPTR FM NORMAL   216

[CDD (BASE 65) ]
TOTAL THIS MO.    75
DPTR FM NORMAL    19    [PRESSURE DATA]
TOTAL FM JAN 1    92    HIGHEST SLP  0.00 ON 22
DPTR FM NORMAL    20    LOWEST  SLP  0.00 ON 22

[REMARKS]
