000
CXUS55 KGGW 240800
CF6GGW
PRELIMINARY LOCAL CLIMATOLOGICAL DATA (WS FORM: F-6)

                                          STATION:   GLASGOW MT
                                          MONTH:     APRIL
                                          YEAR:      2015
                                          LATITUDE:   48 13 N
                                          LONGITUDE: 106 37 W

  TEMPERATURE IN F:       :PCPN:    SNOW:  WIND      :SUNSHINE: SKY     :PK WND
================================================================================
1   2   3   4   5  6A  6B    7    8   9   10  11  12  13   14  15   16   17  18
                                     12Z  AVG MX 2MIN
DY MAX MIN AVG DEP HDD CDD  WTR  SNW DPTH SPD SPD DIR MIN PSBL S-S WX    SPD DR
================================================================================

 1  56  37  47   8  18   0 0.01  0.0    0 21.7 35 300   M    M   3        42 300
 2  44  24  34  -6  31   0    T    T    0 19.0 37 320   M    M   5        49 310
 3  49  23  36  -4  29   0    T    T    0  9.7 28 310   M    M   5        37 300
 4  56  24  40  -1  25   0 0.00  0.0    0  9.6 25  70   M    M   2        31  70
 5  40  28  34  -7  31   0    T  0.1    0 16.0 24  90   M    M  10 18     29  90
 6  30  28  29 -12  36   0 0.29  4.2    0 21.4 30 100   M    M  10 146    36 110
 7  51  27  39  -3  26   0 0.05  1.0    4  9.1 22 110   M    M   5 1      25 110
 8  57  28  43   1  22   0 0.00  0.0    0 11.4 22 120   M    M   2        26 140
 9  63  28  46   3  19   0 0.00  0.0    0  7.8 21 300   M    M   1        28 330
10  69  29  49   6  16   0 0.00  0.0    0 11.1 29 230   M    M   1        39 220
11  72  37  55  12  10   0 0.00  0.0    0 15.3 32 290   M    M   4        42 290
12  56  35  46   2  19   0 0.00  0.0    0 19.0 35 280   M    M   3        44 280
13  62  29  46   2  19   0 0.00  0.0    0  9.6 20 260   M    M   0        24 240
14  79  41  60  15   5   0 0.00  0.0    0 16.7 32 290   M    M   0        41 290
15  58  38  48   3  17   0 0.00  0.0    0 19.6 32 330   M    M   2        41 290
16  64  26  45   0  20   0 0.00  0.0    0  8.3 13 260   M    M   0        17 220
17  71  33  52   6  13   0 0.00  0.0    0  7.1 15 120   M    M   0        18 130
18  60  34  47   1  18   0 0.00  0.0    0 18.3 33 340   M    M   2        41 320
19  56  32  44  -2  21   0 0.00  0.0    0 16.5 30 350   M    M   4        39 310
20  59  25  42  -5  23   0 0.00  0.0    0  9.2 22 340   M    M   4        27 350
21  56  28  42  -5  23   0 0.00  0.0    0 11.3 18  90   M    M   0        23  90
22  63  31  47   0  18   0 0.00  0.0    0 17.5 25 110   M    M   0        31 110
23  61  36  49   1  16   0 0.04  0.0    0 10.2 25 110   M    M   5        30 110
================================================================================
SM 1332  701       475   0  0.39     5.3 315.4          M       68
================================================================================
AV 57.9 30.5                              13.7 FASTST   M    M   3    MAX(MPH)
                                 MISC ---->  # 37 320               # 49  310
================================================================================
NOTES:
# LAST OF SEVERAL OCCURRENCES

COLUMN 17 PEAK WIND IN M.P.H.

PRELIMINARY LOCAL CLIMATOLOGICAL DATA (WS FORM: F-6) , PAGE 2

                                          STATION:  GLASGOW MT
                                          MONTH:    APRIL
                                          YEAR:     2015
                                          LATITUDE:   48 13 N
                                          LONGITUDE: 106 37 W

[TEMPERATURE DATA]      [PRECIPITATION DATA]       SYMBOLS USED IN COLUMN 16

AVERAGE MONTHLY: 44.2   TOTAL FOR MONTH:   0.39    1 = FOG OR MIST
DPTR FM NORMAL:   0.5   DPTR FM NORMAL:   -0.20    2 = FOG REDUCING VISIBILITY
HIGHEST:    79 ON 14    GRTST 24HR  0.29 ON  6- 6      TO 1/4 MILE OR LESS
LOWEST:     23 ON  3                               3 = THUNDER
                        SNOW, ICE PELLETS, HAIL    4 = ICE PELLETS
                        TOTAL MONTH:   5.3 INCHES  5 = HAIL
                        GRTST 24HR   4.2 ON   M    6 = FREEZING RAIN OR DRIZZLE
                        GRTST DEPTH:   4 ON  7     7 = DUSTSTORM OR SANDSTORM:
                                                       VSBY 1/2 MILE OR LESS
                                                   8 = SMOKE OR HAZE
[NO. OF DAYS WITH]      [WEATHER - DAYS WITH]      9 = BLOWING SNOW
                                                   X = TORNADO
MAX 32 OR BELOW:   1    0.01 INCH OR MORE:   4
MAX 90 OR ABOVE:   0    0.10 INCH OR MORE:   1
MIN 32 OR BELOW:  15    0.50 INCH OR MORE:   0
MIN  0 OR BELOW:   0    1.00 INCH OR MORE:   0

[HDD (BASE 65) ]
TOTAL THIS MO.   475    CLEAR  (SCALE 0-3)  13
DPTR FM NORMAL   -15    PTCLDY (SCALE 4-7)   8
TOTAL FM JUL 1  7330    CLOUDY (SCALE 8-10)  2
DPTR FM NORMAL  -564

[CDD (BASE 65) ]
TOTAL THIS MO.     0
DPTR FM NORMAL     0    [PRESSURE DATA]
TOTAL FM JAN 1     0    HIGHEST SLP M ON M
DPTR FM NORMAL     0    LOWEST  SLP 29.42 ON 14

[REMARKS]
