000
CXUS53 KGLD 270800
CF6GLD
PRELIMINARY LOCAL CLIMATOLOGICAL DATA (WS FORM: F-6)

                                          STATION:   GOODLAND KS
                                          MONTH:     APRIL
                                          YEAR:      2015
                                          LATITUDE:   39 22 N
                                          LONGITUDE: 101 42 W

  TEMPERATURE IN F:       :PCPN:    SNOW:  WIND      :SUNSHINE: SKY     :PK WND
================================================================================
1   2   3   4   5  6A  6B    7    8   9   10  11  12  13   14  15   16   17  18
                                     12Z  AVG MX 2MIN
DY MAX MIN AVG DEP HDD CDD  WTR  SNW DPTH SPD SPD DIR MIN PSBL S-S WX    SPD DR
================================================================================

 1  84  44  64  19   1   0 0.00  0.0    0 16.2 46 320   M    M   1 8      59 320
 2  64  32  48   3  17   0 0.54  1.6    0 12.6 32  20   M    M   8 135    42  30
 3  50  27  39  -6  26   0 0.03  0.4    2  9.9 17 210   M    M   3 1      24 210
 4  67  35  51   5  14   0 0.00  0.0    0 16.5 29 200   M    M   2        37 200
 5  76  32  54   8  11   0 0.00  0.0    0 10.4 16 170   M    M   0        21 170
 6  75  44  60  14   5   0 0.00  0.0    0 13.4 22  80   M    M   1 12     26  90
 7  65  44  55   9  10   0 0.00  0.0    0 11.5 21  90   M    M   6 12     26  90
 8  65  40  53   6  12   0    T  0.0    0 14.2 26  10   M    M   7 12     34  20
 9  45  28  37 -10  28   0 0.05    T    0 17.8 38 350   M    M   7 1      47 350
10  65  28  47   0  18   0 0.00  0.0    0 13.0 24 160   M    M   2        36 140
11  75  30  53   5  12   0 0.00  0.0    0 14.1 33 160   M    M   0        39 170
12  78  37  58  10   7   0 0.00  0.0    0 15.2 39 340   M    M   3        50 340
13  64  28  46  -2  19   0 0.00  0.0    0  7.8 17 180   M    M   0        22 180
14  69  38  54   6  11   0 0.00  0.0    0 20.7 33 160   M    M   0        41 160
15  69  41  55   6  10   0 0.55  0.0    0 20.6 38 170   M    M   3 13     45 180
16  58  44  51   2  14   0 2.08  0.0    0 12.8 22  30   M    M  10 13     27  60
17  66  46  56   6   9   0 0.44  0.0    0 11.7 25 120   M    M   7 13     31 120
18  62  37  50   0  15   0 0.18  0.0    0  9.2 21 300   M    M   6 123    31 230
19  52  32  42  -8  23   0 0.90  0.0    0 18.4 40 350   M    M   7 1      50 360
20  59  29  44  -6  21   0 0.00  0.0    0  8.5 20 280   M    M   3        25 280
21  71  35  53   2  12   0 0.00  0.0    0  9.7 22 300   M    M   1        27  60
22  62  32  47  -4  18   0 0.00  0.0    0 12.2 25 160   M    M   0        34 150
23  70  40  55   3  10   0 0.00  0.0    0 17.3 29 170   M    M   4 1      35 170
24  72  49  61   9   4   0    T  0.0    0 10.5 36 240   M    M   4 13     45 260
25  72  44  58   6   7   0 0.00  0.0    0 11.9 23 110   M    M   2 12     28 120
26  48  42  45  -8  20   0 0.07  0.0    0 15.1 23  80   M    M  10 12     27  80
================================================================================
SM 1703  958       354   0  4.84     2.0 351.2          M       97
================================================================================
AV 65.5 36.8                              13.5 FASTST   M    M   4    MAX(MPH)
                                 MISC ---->  # 46 320               # 59  320
================================================================================
NOTES:
# LAST OF SEVERAL OCCURRENCES

COLUMN 17 PEAK WIND IN M.P.H.

PRELIMINARY LOCAL CLIMATOLOGICAL DATA (WS FORM: F-6) , PAGE 2

                                          STATION:  GOODLAND KS
                                          MONTH:    APRIL
                                          YEAR:     2015
                                          LATITUDE:   39 22 N
                                          LONGITUDE: 101 42 W

[TEMPERATURE DATA]      [PRECIPITATION DATA]       SYMBOLS USED IN COLUMN 16

AVERAGE MONTHLY: 51.2   TOTAL FOR MONTH:   4.84    1 = FOG OR MIST
DPTR FM NORMAL:   2.7   DPTR FM NORMAL:    3.50    2 = FOG REDUCING VISIBILITY
HIGHEST:    84 ON  1    GRTST 24HR  2.10 ON 16-17      TO 1/4 MILE OR LESS
LOWEST:     27 ON  3                               3 = THUNDER
                        SNOW, ICE PELLETS, HAIL    4 = ICE PELLETS
                        TOTAL MONTH:   2.0 INCHES  5 = HAIL
                        GRTST 24HR   1.6 ON   M    6 = FREEZING RAIN OR DRIZZLE
                        GRTST DEPTH:   2 ON  3     7 = DUSTSTORM OR SANDSTORM:
                                                       VSBY 1/2 MILE OR LESS
                                                   8 = SMOKE OR HAZE
[NO. OF DAYS WITH]      [WEATHER - DAYS WITH]      9 = BLOWING SNOW
                                                   X = TORNADO
MAX 32 OR BELOW:   0    0.01 INCH OR MORE:   9
MAX 90 OR ABOVE:   0    0.10 INCH OR MORE:   6
MIN 32 OR BELOW:  10    0.50 INCH OR MORE:   4
MIN  0 OR BELOW:   0    1.00 INCH OR MORE:   1

[HDD (BASE 65) ]
TOTAL THIS MO.   354    CLEAR  (SCALE 0-3)  15
DPTR FM NORMAL   -78    PTCLDY (SCALE 4-7)   9
TOTAL FM JUL 1  5134    CLOUDY (SCALE 8-10)  2
DPTR FM NORMAL  -473

[CDD (BASE 65) ]
TOTAL THIS MO.     0
DPTR FM NORMAL     0    [PRESSURE DATA]
TOTAL FM JAN 1     0    HIGHEST SLP M ON M
DPTR FM NORMAL     0    LOWEST  SLP 29.42 ON 24

[REMARKS]
