000
CXUS53 KIND 250730
CF6IND
PRELIMINARY LOCAL CLIMATOLOGICAL DATA (WS FORM: F-6)

                                          STATION:   INDIANAPOLIS IN
                                          MONTH:     APRIL
                                          YEAR:      2015
                                          LATITUDE:   39 43 N
                                          LONGITUDE:  86 17 W

  TEMPERATURE IN F:       :PCPN:    SNOW:  WIND      :SUNSHINE: SKY     :PK WND
================================================================================
1   2   3   4   5  6A  6B    7    8   9   10  11  12  13   14  15   16   17  18
                                     12Z  AVG MX 2MIN
DY MAX MIN AVG DEP HDD CDD  WTR  SNW DPTH SPD SPD DIR MIN PSBL S-S WX    SPD DR
================================================================================

 1  69  37  53   5  12   0 0.00  0.0    0  9.5 17 130   M    M   3        24 160
 2  72  52  62  14   3   0 0.29  0.0    0 12.1 25 210   M    M   8 13     31 220
 3  61  39  50   1  15   0 0.11  0.0    0  9.9 28 340   M    M   9 18     33 340
 4  55  30  43  -6  22   0 0.00  0.0    0 10.5 22 240   M    M   2        26 240
 5  64  34  49  -1  16   0 0.00  0.0    0 10.3 23 250   M    M   4        26 240
 6  62  47  55   5  10   0    T  0.0    0 10.4 18 180   M    M  10        22 190
 7  66  56  61  11   4   0 0.32  0.0    0  5.5 15 150   M    M  10 138    21 170
 8  72  55  64  14   1   0 0.74    T    0  9.4 28  10   M    M   8 135    35 250
 9  80  61  71  20   0   6 0.24  0.0    0 16.4 36 210   M    M   9 13     45 210
10  69  42  56   5   9   0 0.04  0.0    0 19.8 33 280   M    M   5 3      41 280
11  62  38  50  -2  15   0 0.00  0.0    0  3.7 10 210   M    M   2        14 140
12  70  43  57   5   8   0 0.00  0.0    0  9.3 16 160   M    M   6        22 160
13  71  56  64  12   1   0 0.04  0.0    0 12.3 29 230   M    M   8        38 200
14  64  51  58   5   7   0 0.00  0.0    0  9.9 20  70   M    M   9        25  70
15  69  46  58   5   7   0 0.07  0.0    0 13.8 25  80   M    M   8        33  70
16  68  53  61   8   4   0 0.20  0.0    0  7.1 16  90   M    M   9 13     23 100
17  76  46  61   7   4   0 0.00  0.0    0  1.9 12 110   M    M   6 128    14 100
18  76  51  64  10   1   0 0.00  0.0    0  5.1 13  60   M    M   6 8      17  50
19  67  56  62   8   3   0 0.93  0.0    0 12.3 29 230   M    M  10 1      37 230
20  58  45  52  -3  13   0 0.30  0.0    0 18.6 30 260   M    M   9 1      36 260
21  62  41  52  -3  13   0 0.00  0.0    0 18.4 38 250   M    M   3        49 250
22  50  37  44 -11  21   0 0.10  0.0    0 16.8 30 280   M    M   6 1      36 270
23  57  32  45 -11  20   0 0.00  0.0    0 10.8 24 270   M    M   1        32 260
24  62  32  47  -9  18   0    T  0.0    0  6.2 15 130   M    M   6        18 130
================================================================================
SM 1582 1080       227   6  3.38    T    260.0          M      157
================================================================================
AV 65.9 45.0                              10.8 FASTST   M    M   7    MAX(MPH)
                                 MISC ---->  # 38 250               # 49  250
================================================================================
NOTES:
# LAST OF SEVERAL OCCURRENCES

COLUMN 17 PEAK WIND IN M.P.H.

PRELIMINARY LOCAL CLIMATOLOGICAL DATA (WS FORM: F-6) , PAGE 2

                                          STATION:  INDIANAPOLIS IN
                                          MONTH:    APRIL
                                          YEAR:     2015
                                          LATITUDE:   39 43 N
                                          LONGITUDE:  86 17 W

[TEMPERATURE DATA]      [PRECIPITATION DATA]       SYMBOLS USED IN COLUMN 16

AVERAGE MONTHLY: 55.5   TOTAL FOR MONTH:   3.38    1 = FOG OR MIST
DPTR FM NORMAL:   3.4   DPTR FM NORMAL:    0.39    2 = FOG REDUCING VISIBILITY
HIGHEST:    80 ON  9    GRTST 24HR  1.22 ON 19-20      TO 1/4 MILE OR LESS
LOWEST:     30 ON  4                               3 = THUNDER
                        SNOW, ICE PELLETS, HAIL    4 = ICE PELLETS
                        TOTAL MONTH:    T          5 = HAIL
                        GRTST 24HR    T  ON  8- 8  6 = FREEZING RAIN OR DRIZZLE
                        GRTST DEPTH:   0           7 = DUSTSTORM OR SANDSTORM:
                                                       VSBY 1/2 MILE OR LESS
                                                   8 = SMOKE OR HAZE
[NO. OF DAYS WITH]      [WEATHER - DAYS WITH]      9 = BLOWING SNOW
                                                   X = TORNADO
MAX 32 OR BELOW:   0    0.01 INCH OR MORE:  12
MAX 90 OR ABOVE:   0    0.10 INCH OR MORE:   9
MIN 32 OR BELOW:   3    0.50 INCH OR MORE:   2
MIN  0 OR BELOW:   0    1.00 INCH OR MORE:   0

[HDD (BASE 65) ]
TOTAL THIS MO.   227    CLEAR  (SCALE 0-3)   5
DPTR FM NORMAL   -92    PTCLDY (SCALE 4-7)  11
TOTAL FM JUL 1  5743    CLOUDY (SCALE 8-10)  8
DPTR FM NORMAL   574

[CDD (BASE 65) ]
TOTAL THIS MO.     6
DPTR FM NORMAL    -1    [PRESSURE DATA]
TOTAL FM JAN 1     6    HIGHEST SLP M ON M
DPTR FM NORMAL    -3    LOWEST  SLP 29.33 ON 19

[REMARKS]
