000
CXUS54 KMAF 261100
CF6MDD
PRELIMINARY LOCAL CLIMATOLOGICAL DATA (WS FORM: F-6)

                                          STATION:   Midland Airpark
                                          MONTH:     APRIL
                                          YEAR:      2015
                                          LATITUDE:   32  2 N
                                          LONGITUDE: 102  6 W

  TEMPERATURE IN F:       :PCPN:    SNOW:  WIND      :SUNSHINE: SKY     :PK WND
================================================================================
1   2   3   4   5  6A  6B    7    8   9   10  11  12  13   14  15   16   17  18
                                     12Z  AVG MX 2MIN
DY MAX MIN AVG DEP HDD CDD  WTR  SNW DPTH SPD SPD DIR MIN PSBL S-S WX    SPD DR
================================================================================

 1  86  62  74   M   0   9 0.03  0.0    0 11.2 16 190   M    M   1        23 230
 2  89  61  75   M   0  10 0.00  0.0    0 11.7 20 220   M    M   0        33 220
 3  74  50  62   M   3   0 0.00  0.0    0 14.5 22  20   M    M   0 8      31  20
 4  60  47  54   M  11   0 0.00  0.0    0 11.9 16  70   M    M   6        24  70
 5  85  52  69   M   0   4 0.00  0.0    0  8.4 13 170   M    M   1        17 210
 6  88  61  75   M   0  10 0.00  0.0    0 12.7 17 190   M    M   0        25 160
 7  92  60  76   M   0  11 0.00  0.0    0 10.9 20 240   M    M   3 1      27 240
 8  89  65  77   M   0  12 0.03  0.0    0 12.8 23 180   M    M   1 3      31 180
 9  81  64  73   M   0   8 0.00  0.0    0  9.8 17 180   M    M   0 1      25 190
10  75  51  63   M   2   0 0.00  0.0    0 12.8 20  70   M    M   0        25  80
11  83  61  72   M   0   7 0.00  0.0    0 10.0 18 160   M    M   1        23 150
12  86  61  74   M   0   9 0.32  0.0    0 11.4 18 220   M    M   2 13     27 220
13  70  51  61   M   4   0 0.01  0.0    0 11.4 23  10   M    M   7 13     33  10
14  65  49  57   M   8   0 0.00  0.0    0  6.6 17  30   M    M   7 1      24  30
15  82  49  66   M   0   1 0.00  0.0    0  9.4 14 170   M    M   0        21 200
16  83  59  71   M   0   6 0.00  0.0    0 10.9 18 190   M    M   1        25 190
17  80  56  68   M   0   3 0.00  0.0    0  6.4 16 350   M    M   2        21 350
18  81  54  68   M   0   3 0.00  0.0    0  9.4 20 240   M    M   1 1      27 240
19  76  51  64   M   1   0 0.00  0.0    0 11.6 20 340   M    M   0 8      27 340
20  74  46  60   M   5   0 0.00  0.0    0  8.0 14 150   M    M   0        18 110
21  87  50  69   M   0   4 0.00  0.0    0  7.4 17 170   M    M   0        24 170
22  88  63  76   M   0  11 0.00  0.0    0 11.1 20 170   M    M   4        24 170
23  82  58  70   M   0   5 0.00  0.0    0  9.5 25 260   M    M   1 8      40 260
24  82  59  71   M   0   6 0.08  0.0    0 13.8 24 260   M    M   2 3      38 190
25  84  57  71   M   0   6 0.00  0.0    0 12.0 22 270   M    M   0        35 240
================================================================================
SM 2022 1397        34 125  0.47     0.0 265.6          M       40
================================================================================
AV 80.9 55.9                              10.6 FASTST   M    M   2    MAX(MPH)
                                 MISC ---->    25   M                 40    M
================================================================================
NOTES:
# LAST OF SEVERAL OCCURRENCES

COLUMN 17 PEAK WIND IN M.P.H.

PRELIMINARY LOCAL CLIMATOLOGICAL DATA (WS FORM: F-6) , PAGE 2

                                          STATION:  Midland Airpark
                                          MONTH:    APRIL
                                          YEAR:     2015
                                          LATITUDE:   32  2 N
                                          LONGITUDE: 102  6 W

[TEMPERATURE DATA]      [PRECIPITATION DATA]       SYMBOLS USED IN COLUMN 16

AVERAGE MONTHLY: 68.4   TOTAL FOR MONTH:   0.47    1 = FOG OR MIST
DPTR FM NORMAL:     M   DPTR FM NORMAL:       M    2 = FOG REDUCING VISIBILITY
HIGHEST:    92 ON  7    GRTST 24HR  0.32 ON 12-12      TO 1/4 MILE OR LESS
LOWEST:     46 ON 20                               3 = THUNDER
                        SNOW, ICE PELLETS, HAIL    4 = ICE PELLETS
                        TOTAL MONTH:   0.0 INCH    5 = HAIL
                        GRTST 24HR     0.0         6 = FREEZING RAIN OR DRIZZLE
                        GRTST DEPTH:   0           7 = DUSTSTORM OR SANDSTORM:
                                                       VSBY 1/2 MILE OR LESS
                                                   8 = SMOKE OR HAZE
[NO. OF DAYS WITH]      [WEATHER - DAYS WITH]      9 = BLOWING SNOW
                                                   X = TORNADO
MAX 32 OR BELOW:   0    0.01 INCH OR MORE:   5
MAX 90 OR ABOVE:   1    0.10 INCH OR MORE:   1
MIN 32 OR BELOW:   0    0.50 INCH OR MORE:   0
MIN  0 OR BELOW:   0    1.00 INCH OR MORE:   0

[HDD (BASE 65) ]
TOTAL THIS MO.    34    CLEAR  (SCALE 0-3)  21
DPTR FM NORMAL     M    PTCLDY (SCALE 4-7)   4
TOTAL FM JUL 1  2343    CLOUDY (SCALE 8-10)  0
DPTR FM NORMAL     M

[CDD (BASE 65) ]
TOTAL THIS MO.   125
DPTR FM NORMAL     M    [PRESSURE DATA]
TOTAL FM JAN 1   162    HIGHEST SLP M ON M
DPTR FM NORMAL     M    LOWEST  SLP M ON M

[REMARKS]
