000
CXUS53 KBIS 250724
CF6MOT
PRELIMINARY LOCAL CLIMATOLOGICAL DATA (WS FORM: F-6)

                                          STATION:   MINOT ND
                                          MONTH:     APRIL
                                          YEAR:      2015
                                          LATITUDE:   48 15 N
                                          LONGITUDE: 101 16 W

  TEMPERATURE IN F:       :PCPN:    SNOW:  WIND      :SUNSHINE: SKY     :PK WND
================================================================================
1   2   3   4   5  6A  6B    7    8   9   10  11  12  13   14  15   16   17  18
                                     12Z  AVG MX 2MIN
DY MAX MIN AVG DEP HDD CDD  WTR  SNW DPTH SPD SPD DIR MIN PSBL S-S WX    SPD DR
================================================================================

 1  59  35  47  11  18   0 0.00    M    M 18.1 35 280   M    M   0        42 280
 2  40  21  31  -6  34   0    T    M    M 20.1 39 280   M    M   6 8      52 290
 3  47  18  33  -4  32   0 0.00    M    M 11.5 25 290   M    M   5        31 300
 4  48  20  34  -4  31   0    T    M    M  7.9 18  60   M    M   4        23  50
 5  29  24  27 -11  38   0 0.02    M    M 10.8 17  60   M    M  10 18     22  60
 6  38  23  31  -8  34   0 0.00    M    M 10.7 18  70   M    M   8        25  90
 7  40  24  32  -7  33   0 0.03    M    M 10.4 23 100   M    M   8 128    30 100
 8  44  25  35  -5  30   0 0.00    M    M  5.7 14 200   M    M   7 1      17 200
 9  62  26  44   4  21   0    T    M    M 16.1 32 300   M    M   0 1      39 310
10  62  21  42   1  23   0 0.00    M    M  6.5 14 180   M    M   0        19 180
11  75  39  57  16   8   0 0.00    M    M 11.6 23 170   M    M   0        29 190
12  59  38  49   7  16   0    T    M    M 18.4 31 290   M    M   5        37 290
13  59  35  47   5  18   0 0.00    M    M 15.6 35 270   M    M   0        44 270
14  77  28  53  10  12   0 0.00    M    M 15.8 32 110   M    M   0        41 120
15  71  48  60  17   5   0 0.00    M    M 21.3 36 180   M    M   0        45 170
16  65  35  50   6  15   0 0.00    M    M 11.1 21 350   M    M   1        25 320
17  71  38  55  11  10   0 0.00    M    M 11.6 22 340   M    M   0        27 340
18  74  29  52   7  13   0 0.14    M    M 11.5 32 310   M    M   3        40 310
19  47  32  40  -5  25   0 0.06    M    M 19.4 35 320   M    M   8 1      43 310
20  52  28  40  -6  25   0 0.00    M    M 19.9 37 310   M    M   1        50 310
21  48  27  38  -8  27   0 0.00    M    M 12.4 25 330   M    M   4        32 330
22  54  22  38  -8  27   0 0.00    M    M  6.6 14  20   M    M   0        19  20
23  56  22  39  -8  26   0 0.01    M    M 10.6 29 180   M    M   4 1      40 170
24  64  30  47   0  18   0 0.00    M    M  9.2 17 100   M    M   2        24 100
================================================================================
SM 1341  688       539   0  0.26    M    312.8          M       76
================================================================================
AV 55.9 28.7                              13.0 FASTST   M    M   3    MAX(MPH)
                                 MISC ---->  # 39 280               # 52  290
================================================================================
NOTES:
# LAST OF SEVERAL OCCURRENCES

COLUMN 17 PEAK WIND IN M.P.H.

PRELIMINARY LOCAL CLIMATOLOGICAL DATA (WS FORM: F-6) , PAGE 2

                                          STATION:  MINOT ND
                                          MONTH:    APRIL
                                          YEAR:     2015
                                          LATITUDE:   48 15 N
                                          LONGITUDE: 101 16 W

[TEMPERATURE DATA]      [PRECIPITATION DATA]       SYMBOLS USED IN COLUMN 16

AVERAGE MONTHLY: 42.3   TOTAL FOR MONTH:   0.26    1 = FOG OR MIST
DPTR FM NORMAL:   0.4   DPTR FM NORMAL:   -0.56    2 = FOG REDUCING VISIBILITY
HIGHEST:    77 ON 14    GRTST 24HR  0.20 ON 18-19      TO 1/4 MILE OR LESS
LOWEST:     18 ON  3                               3 = THUNDER
                        SNOW, ICE PELLETS, HAIL    4 = ICE PELLETS
                        TOTAL MONTH:    M          5 = HAIL
                        GRTST 24HR    M  ON   M    6 = FREEZING RAIN OR DRIZZLE
                        GRTST DEPTH:  M  ON   M    7 = DUSTSTORM OR SANDSTORM:
                                                       VSBY 1/2 MILE OR LESS
                                                   8 = SMOKE OR HAZE
[NO. OF DAYS WITH]      [WEATHER - DAYS WITH]      9 = BLOWING SNOW
                                                   X = TORNADO
MAX 32 OR BELOW:   1    0.01 INCH OR MORE:   5
MAX 90 OR ABOVE:   0    0.10 INCH OR MORE:   1
MIN 32 OR BELOW:  17    0.50 INCH OR MORE:   0
MIN  0 OR BELOW:   0    1.00 INCH OR MORE:   0

[HDD (BASE 65) ]
TOTAL THIS MO.   539    CLEAR  (SCALE 0-3)  12
DPTR FM NORMAL   -15    PTCLDY (SCALE 4-7)  10
TOTAL FM JUL 1  8188    CLOUDY (SCALE 8-10)  2
DPTR FM NORMAL   -81

[CDD (BASE 65) ]
TOTAL THIS MO.     0
DPTR FM NORMAL     0    [PRESSURE DATA]
TOTAL FM JAN 1     0    HIGHEST SLP M ON M
DPTR FM NORMAL     0    LOWEST  SLP 29.35 ON  1

[REMARKS]
