000
CXUS51 KLWX 180620
CF6MRB
PRELIMINARY LOCAL CLIMATOLOGICAL DATA (WS FORM: F-6)

                                          STATION:   MARTINSBURG WV
                                          MONTH:     APRIL
                                          YEAR:      2015
                                          LATITUDE:   39 24 N
                                          LONGITUDE:  77 59 W

  TEMPERATURE IN F:       :PCPN:    SNOW:  WIND      :SUNSHINE: SKY     :PK WND
================================================================================
1   2   3   4   5  6A  6B    7    8   9   10  11  12  13   14  15   16   17  18
                                     12Z  AVG MX 2MIN
DY MAX MIN AVG DEP HDD CDD  WTR  SNW DPTH SPD SPD DIR MIN PSBL S-S WX    SPD DR
================================================================================

 1  61  32  47  -1  18   0 0.00    M    M  5.4 15 290   M    M   1 8      21 360
 2  75  30  53   5  12   0    T    M    M  7.5 18 160   M    M   1        26 160
 3  71  59  65  17   0   0 0.15    M    M  8.0 16 220   M    M   5 1      25 220
 4  65  44  55   6  10   0    T    M    M 17.4 31 300   M    M   3        41 290
 5  67  36  52   3  13   0 0.00    M    M  8.6 18 190   M    M   0        26 180
 6  79  34  57   8   8   0 0.00    M    M  4.4 18 180   M    M   1        26 190
 7  76  55  66  16   0   1 0.03    M    M  3.8 12  10   M    M  10 18      M  99
 8  59  45  52   2  13   0 0.13    M    M  6.4 20  90   M    M  10 18     26 100
 9  49  43  46  -4  19   0 0.09    M    M  5.6 15 130   M    M  10 18     20 130
10  72  45  59   8   6   0 0.02    M    M  5.5 22 270   M    M   7 18     27 280
11  64  42  53   2  12   0 0.00    M    M  9.9 24 290   M    M   1        33 280
12  71  31  51   0  14   0 0.00    M    M  4.8 14 160   M    M   0        19 140
13  79  49  64  12   1   0 0.00    M    M  6.7 21 170   M    M   0        29 190
14  68  49  59   7   6   0 0.39    M    M  4.5 21  10   M    M   9 1      24 360
15  65  41  53   1  12   0 0.00    M    M  1.6  9  30   M    M   2 12     12  20
16  70  45  58   5   7   0 0.05    M    M  5.6 20 160   M    M   4        24 170
17  78  50  64  11   1   0 0.02    M    M  3.9 16 310   M    M   5 1      23 280
================================================================================
SM 1169  730       152   1  0.88    M    109.6          M       69
================================================================================
AV 68.8 42.9                               6.4 FASTST   M    M   4    MAX(MPH)
                                 MISC ---->  # 31 300               # 41  290
================================================================================
NOTES:
# LAST OF SEVERAL OCCURRENCES

COLUMN 17 PEAK WIND IN M.P.H.

PRELIMINARY LOCAL CLIMATOLOGICAL DATA (WS FORM: F-6) , PAGE 2

                                          STATION:  MARTINSBURG WV
                                          MONTH:    APRIL
                                          YEAR:     2015
                                          LATITUDE:   39 24 N
                                          LONGITUDE:  77 59 W

[TEMPERATURE DATA]      [PRECIPITATION DATA]       SYMBOLS USED IN COLUMN 16

AVERAGE MONTHLY: 55.9   TOTAL FOR MONTH:   0.88    1 = FOG OR MIST
DPTR FM NORMAL:   5.5   DPTR FM NORMAL:   -1.00    2 = FOG REDUCING VISIBILITY
HIGHEST:    79 ON 13, 6 GRTST 24HR  0.39 ON 14-14      TO 1/4 MILE OR LESS
LOWEST:     30 ON  2                               3 = THUNDER
                        SNOW, ICE PELLETS, HAIL    4 = ICE PELLETS
                        TOTAL MONTH:    M          5 = HAIL
                        GRTST 24HR    M  ON   M    6 = FREEZING RAIN OR DRIZZLE
                        GRTST DEPTH:  M  ON   M    7 = DUSTSTORM OR SANDSTORM:
                                                       VSBY 1/2 MILE OR LESS
                                                   8 = SMOKE OR HAZE
[NO. OF DAYS WITH]      [WEATHER - DAYS WITH]      9 = BLOWING SNOW
                                                   X = TORNADO
MAX 32 OR BELOW:   0    0.01 INCH OR MORE:   8
MAX 90 OR ABOVE:   0    0.10 INCH OR MORE:   3
MIN 32 OR BELOW:   3    0.50 INCH OR MORE:   0
MIN  0 OR BELOW:   0    1.00 INCH OR MORE:   0

[HDD (BASE 65) ]
TOTAL THIS MO.   152    CLEAR  (SCALE 0-3)   8
DPTR FM NORMAL   -99    PTCLDY (SCALE 4-7)   5
TOTAL FM JUL 1  4817    CLOUDY (SCALE 8-10)  4
DPTR FM NORMAL  -104

[CDD (BASE 65) ]
TOTAL THIS MO.     1
DPTR FM NORMAL     1    [PRESSURE DATA]
TOTAL FM JAN 1     1    HIGHEST SLP M ON M
DPTR FM NORMAL     0    LOWEST  SLP 29.60 ON  3

[REMARKS]
