000
CXUS55 KLIX 281000
CF6MSY
PRELIMINARY LOCAL CLIMATOLOGICAL DATA (WS FORM: F-6)

                                          STATION:   NEW ORLEANS
                                          MONTH:     APRIL
                                          YEAR:      2015
                                          LATITUDE:   29 58 N
                                          LONGITUDE:  90 15 W

  TEMPERATURE IN F:       :PCPN:    SNOW:  WIND      :SUNSHINE: SKY     :PK WND
================================================================================
1   2   3   4   5  6A  6B    7    8   9   10  11  12  13   14  15   16   17  18
                                     12Z  AVG MX 2MIN
DY MAX MIN AVG DEP HDD CDD  WTR  SNW DPTH SPD SPD DIR MIN PSBL S-S WX    SPD DR
================================================================================

 1  81  64  73   7   0   8 0.00  0.0    0  7.1 17 170   M    M   7 1      21 160
 2  84  69  77  11   0  12 0.00  0.0    0 11.3 23 170   M    M   5 1      28 170
 3  86  69  78  12   0  13 0.00  0.0    0  9.6 20 180   M    M   5 1      25 180
 4  73  59  66   0   0   1    T  0.0    0 12.3 23  20   M    M   5 18     29  10
 5  78  62  70   3   0   5 0.27  0.0    0  9.9 18  60   M    M   8 1      24  50
 6  84  68  76   9   0  11 0.00  0.0    0 11.4 20 200   M    M   8        25 170
 7  84  71  78  11   0  13 0.00  0.0    0  8.0 14 170   M    M   7 18     18 180
 8  85  69  77  10   0  12 0.00  0.0    0  8.4 17 180   M    M   6 1      21 170
 9  83  72  78  11   0  13 0.38  0.0    0 10.4 18 160   M    M   8 1      29 200
10  86  70  78  10   0  13 0.02  0.0    0  6.0 22 340   M    M   9 13     28 330
11  78  69  74   6   0   9 0.34  0.0    0  7.4 15 120   M    M   9 1      19  20
12  74  70  72   4   0   7 1.61  0.0    0  4.3 17 210   M    M   9 13     23  90
13  81  70  76   8   0  11 0.53  0.0    0  7.4 21 260   M    M   8 13     25 260
14  76  65  71   2   0   6 3.35  0.0    0  6.6 21  10   M    M   9 13     28 350
15  82  65  74   5   0   9 0.36  0.0    0  4.7 41 330   M    M   8 1358   60 330
16  78  69  74   5   0   9 0.72  0.0    0  5.9 15 170   M    M   9 13     19 170
17  83  67  75   6   0  10 0.07  0.0    0  5.6 16 130   M    M   8 1      20 130
18  79  70  75   5   0  10 1.16  0.0    0  7.6 18 150   M    M  10 13     23 140
19  85  70  78   8   0  13 0.00  0.0    0 10.6 18 270   M    M   5        27 110
20  80  66  73   3   0   8 0.00  0.0    0 10.0 17 310   M    M   8        22 310
21  78  63  71   1   0   6 0.00  0.0    0  9.3 18  30   M    M   4        26  60
22  84  59  72   1   0   7 0.00  0.0    0  5.8 13 180   M    M   5        17 190
23  84  69  77   6   0  12 0.04  0.0    0  4.9 18  50   M    M   7        25  30
24  83  71  77   6   0  12 0.25  0.0    0  9.9 37 120   M    M   8 13     50 130
25  85  69  77   5   0  12 0.56  0.0    0  9.7 33 300   M    M   7 138    42 290
26  84  67  76   4   0  11    T  0.0    0  4.1 13 160   M    M   7 128    14 150
27  76  64  70  -2   0   5 2.31  0.0    0 12.6 54 300   M    M  10 1358   70 290
================================================================================
SM 2194 1816         0 258 11.97     0.0 220.8          M      199
================================================================================
AV 81.3 67.3                               8.2 FASTST   M    M   7    MAX(MPH)
                                 MISC ---->  # 54 300               # 70  290
================================================================================
NOTES:
# LAST OF SEVERAL OCCURRENCES

COLUMN 17 PEAK WIND IN M.P.H.

PRELIMINARY LOCAL CLIMATOLOGICAL DATA (WS FORM: F-6) , PAGE 2

                                          STATION:  NEW ORLEANS
                                          MONTH:    APRIL
                                          YEAR:     2015
                                          LATITUDE:   29 58 N
                                          LONGITUDE:  90 15 W

[TEMPERATURE DATA]      [PRECIPITATION DATA]       SYMBOLS USED IN COLUMN 16

AVERAGE MONTHLY: 74.3   TOTAL FOR MONTH:  11.97    1 = FOG OR MIST
DPTR FM NORMAL:   5.5   DPTR FM NORMAL:    7.84    2 = FOG REDUCING VISIBILITY
HIGHEST:    86 ON 10, 3 GRTST 24HR  3.35 ON 14-14      TO 1/4 MILE OR LESS
LOWEST:     59 ON 22, 4                            3 = THUNDER
                        SNOW, ICE PELLETS, HAIL    4 = ICE PELLETS
                        TOTAL MONTH:   0.0 INCH    5 = HAIL
                        GRTST 24HR     0.0         6 = FREEZING RAIN OR DRIZZLE
                        GRTST DEPTH:   0           7 = DUSTSTORM OR SANDSTORM:
                                                       VSBY 1/2 MILE OR LESS
                                                   8 = SMOKE OR HAZE
[NO. OF DAYS WITH]      [WEATHER - DAYS WITH]      9 = BLOWING SNOW
                                                   X = TORNADO
MAX 32 OR BELOW:   0    0.01 INCH OR MORE:  15
MAX 90 OR ABOVE:   0    0.10 INCH OR MORE:  12
MIN 32 OR BELOW:   0    0.50 INCH OR MORE:   7
MIN  0 OR BELOW:   0    1.00 INCH OR MORE:   4

[HDD (BASE 65) ]
TOTAL THIS MO.     0    CLEAR  (SCALE 0-3)   0
DPTR FM NORMAL   -32    PTCLDY (SCALE 4-7)  18
TOTAL FM JUL 1  1274    CLOUDY (SCALE 8-10)  9
DPTR FM NORMAL    -3

[CDD (BASE 65) ]
TOTAL THIS MO.   258
DPTR FM NORMAL   124    [PRESSURE DATA]
TOTAL FM JAN 1   400    HIGHEST SLP M ON M
DPTR FM NORMAL   166    LOWEST  SLP 29.62 ON 27

[REMARKS]
